000
CXUS56 KHNX 271146
CF6BFL
PRELIMINARY LOCAL CLIMATOLOGICAL DATA (WS FORM: F-6)

                                          STATION:   BAKERSFIELD CA
                                          MONTH:     AUGUST
                                          YEAR:      2015
                                          LATITUDE:   35 25 N
                                          LONGITUDE: 119  3 W

  TEMPERATURE IN F:       :PCPN:    SNOW:  WIND      :SUNSHINE: SKY     :PK WND
================================================================================
1   2   3   4   5  6A  6B    7    8   9   10  11  12  13   14  15   16   17  18
                                     12Z  AVG MX 2MIN
DY MAX MIN AVG DEP HDD CDD  WTR  SNW DPTH SPD SPD DIR MIN PSBL S-S WX    SPD DR
================================================================================

 1 102  76  89   5   0  24 0.00  0.0    0  6.9 16 300   M    M   0        21 300
 2  99  74  87   3   0  22 0.00  0.0    0  6.7 15 300   M    M   0        23 300
 3  98  70  84   0   0  19 0.00  0.0    0  6.9 16 300   M    M   0        20 290
 4  91  68  80  -4   0  15 0.00  0.0    0  8.1 18 340   M    M   0        25 320
 5  87  64  76  -8   0  11 0.00  0.0    0  5.6 12 300   M    M   0        14 210
 6  93  72  83  -1   0  18 0.00  0.0    0  4.7 14 310   M    M   0        17 290
 7  96  70  83  -1   0  18 0.00  0.0    0  8.2 17 320   M    M   0        24 310
 8  95  69  82  -2   0  17 0.00  0.0    0  6.0 15 320   M    M   0        19 350
 9  97  70  84   1   0  19 0.00  0.0    0  6.2 15 310   M    M   0        21 310
10  96  72  84   1   0  19 0.00  0.0    0  7.5 15 320   M    M   0        20 310
11  93  68  81  -2   0  16 0.00  0.0    0  6.5 16 300   M    M   0        25 320
12  94  67  81  -2   0  16 0.00  0.0    0  5.3 15 300   M    M   0        18 270
13  96  67  82  -1   0  17 0.00  0.0    0  4.5 14 340   M    M   0        17 300
14  93  68  81  -2   0  16 0.00  0.0    0  5.3 16 350   M    M   0        20 350
15  98  68  83   0   0  18 0.00  0.0    0  4.8 12 300   M    M   0        15 310
16 105  76  91   9   0  26 0.00  0.0    0  5.4 15 310   M    M   0        18 290
17 109  76  93  11   0  28 0.00  0.0    0  7.2 16 300   M    M   0 8      20 300
18 105  76  91   9   0  26 0.00  0.0    0  7.3 16 320   M    M   0 8      21 310
19 101  72  87   5   0  22 0.00  0.0    0  5.3 13 310   M    M   0 8      17 320
20  99  69  84   2   0  19 0.00  0.0    0  6.3 16 300   M    M   0        21 280
21  97  68  83   1   0  18 0.00  0.0    0  5.6 14 280   M    M   0 8      18 290
22  98  70  84   2   0  19 0.00  0.0    0  5.5 15 300   M    M   0        18 300
23  98  69  84   3   0  19 0.00  0.0    0  4.6 12 300   M    M   0        14 310
24  98  71  85   4   0  20 0.00  0.0    0  6.3 15 310   M    M   0        20 290
25  99  70  85   4   0  20 0.00  0.0    0  5.0 10 300   M    M   0        14 300
26 101  73  87   6   0  22 0.00  0.0    0  6.7 15 320   M    M   0        19 320
================================================================================
SM 2538 1833         0 504  0.00     0.0 158.4          M        0
================================================================================
AV 97.6 70.5                               6.1 FASTST   M    M   0    MAX(MPH)
                                 MISC ---->  # 18 340               # 25  320
================================================================================
NOTES:
# LAST OF SEVERAL OCCURRENCES

COLUMN 17 PEAK WIND IN M.P.H.

PRELIMINARY LOCAL CLIMATOLOGICAL DATA (WS FORM: F-6) , PAGE 2

                                          STATION:  BAKERSFIELD CA
                                          MONTH:    AUGUST
                                          YEAR:     2015
                                          LATITUDE:   35 25 N
                                          LONGITUDE: 119  3 W

[TEMPERATURE DATA]      [PRECIPITATION DATA]       SYMBOLS USED IN COLUMN 16

AVERAGE MONTHLY: 84.1   TOTAL FOR MONTH:   0.00    1 = FOG OR MIST
DPTR FM NORMAL:   1.3   DPTR FM NORMAL:   -0.03    2 = FOG REDUCING VISIBILITY
HIGHEST:   109 ON 17    GRTST 24HR  0.00 ON 26-26      TO 1/4 MILE OR LESS
LOWEST:     64 ON  5                               3 = THUNDER
                        SNOW, ICE PELLETS, HAIL    4 = ICE PELLETS
                        TOTAL MONTH:   0.0 INCH    5 = HAIL
                        GRTST 24HR     0.0         6 = FREEZING RAIN OR DRIZZLE
                        GRTST DEPTH:   0           7 = DUSTSTORM OR SANDSTORM:
                                                       VSBY 1/2 MILE OR LESS
                                                   8 = SMOKE OR HAZE
[NO. OF DAYS WITH]      [WEATHER - DAYS WITH]      9 = BLOWING SNOW
                                                   X = TORNADO
MAX 32 OR BELOW:   0    0.01 INCH OR MORE:   0
MAX 90 OR ABOVE:  25    0.10 INCH OR MORE:   0
MIN 32 OR BELOW:   0    0.50 INCH OR MORE:   0
MIN  0 OR BELOW:   0    1.00 INCH OR MORE:   0

[HDD (BASE 65) ]
TOTAL THIS MO.     0    CLEAR  (SCALE 0-3)  26
DPTR FM NORMAL     0    PTCLDY (SCALE 4-7)   0
TOTAL FM JUL 1     0    CLOUDY (SCALE 8-10)  0
DPTR FM NORMAL     0

[CDD (BASE 65) ]
TOTAL THIS MO.   504
DPTR FM NORMAL    43    [PRESSURE DATA]
TOTAL FM JAN 1  2012    HIGHEST SLP M ON M
DPTR FM NORMAL   322    LOWEST  SLP 29.71 ON 17

[REMARKS]
