000
CXUS51 KCAR 240600
CF6BGR
PRELIMINARY LOCAL CLIMATOLOGICAL DATA (WS FORM: F-6)

                                          STATION:   BANGOR ME
                                          MONTH:     DECEMBER
                                          YEAR:      2014
                                          LATITUDE:   44 47 N
                                          LONGITUDE:  68 49 W

  TEMPERATURE IN F:       :PCPN:    SNOW:  WIND      :SUNSHINE: SKY     :PK WND
================================================================================
1   2   3   4   5  6A  6B    7    8   9   10  11  12  13   14  15   16   17  18
                                     12Z  AVG MX 2MIN
DY MAX MIN AVG DEP HDD CDD  WTR  SNW DPTH SPD SPD DIR MIN PSBL S-S WX    SPD DR
================================================================================

 1  55  27  41  10  24   0    T  0.0    4  9.3 23 310   M    M   8        31 320
 2  28  19  24  -6  41   0 0.00  0.0    1  8.9 21 340   M    M   6        24 330
 3  36  19  28  -2  37   0 0.31  1.4    2  6.3 14 300   M    M  10 1246   19 300
 4  36  14  25  -5  40   0    T    T    T  9.5 23 270   M    M   3        36 280
 5  23   7  15 -14  50   0 0.00  0.0    T  1.7 13 330   M    M   5        14 330
 6  34  22  28  -1  37   0 0.92  3.1    3  5.2 16 350   M    M  10 16     19 340
 7  34   6  20  -8  45   0 0.00  0.0    3 14.8 25 330   M    M   5        30 330
 8  16   3  10 -18  55   0 0.00  0.0    3  5.9 14  20   M    M   5        17  20
 9  36  15  26  -1  39   0 1.16    T    3 10.6 28  30   M    M  10 146    33  40
10  39  34  37  10  28   0 0.66  0.0    2 16.4 28  20   M    M  10 1      35  30
11  44  34  39  13  26   0 0.15    T    0  6.6 17 170   M    M   8 1      24 170
12  37  31  34   8  31   0 0.03  0.1    0  3.6 10 330   M    M   9 1      12 330
13  36  32  34   8  31   0 0.03    T    T  5.8 10 310   M    M  10 1      13 310
14  39  26  33   8  32   0    T  0.0    0  5.3 14  10   M    M   8        18 310
15  31  24  28   3  37   0 0.00  0.0    0  6.8 16  10   M    M   7        21  20
16  37  28  33   9  32   0 0.01    T    0  4.0 10 150   M    M  10 1      19  50
17  41  33  37  13  28   0 0.64    T    0  8.1 15  70   M    M  10 1      20  70
18  33  29  31   7  34   0 0.15  1.9    1 13.1 21 320   M    M  10 18     29 340
19  31  18  25   2  40   0 0.00  0.0    2  9.2 21 320   M    M   6        24 330
20  23  13  18  -5  47   0 0.00  0.0    2  7.5 15  10   M    M   6        17  10
21  30  20  25   3  40   0 0.00  0.0    2  4.1  8 360   M    M  10 1      10 340
22  35  20  28   6  37   0    T    T    2  2.2  6 310   M    M   9 1     154 210
23  36  29  33  11  32   0 0.04    T    2  5.3 12 110   M    M  10 1      16 110
================================================================================
SM  790  503       843   0  4.10     6.5 170.2          M      185
================================================================================
AV 34.3 21.9                               7.4 FASTST   M    M   8    MAX(MPH)
                                 MISC ---->  # 28  30               #154  210
================================================================================
NOTES:
# LAST OF SEVERAL OCCURRENCES

COLUMN 17 PEAK WIND IN M.P.H.

PRELIMINARY LOCAL CLIMATOLOGICAL DATA (WS FORM: F-6) , PAGE 2

                                          STATION:  BANGOR ME
                                          MONTH:    DECEMBER
                                          YEAR:     2014
                                          LATITUDE:   44 47 N
                                          LONGITUDE:  68 49 W

[TEMPERATURE DATA]      [PRECIPITATION DATA]       SYMBOLS USED IN COLUMN 16

AVERAGE MONTHLY: 28.1   TOTAL FOR MONTH:   4.10    1 = FOG OR MIST
DPTR FM NORMAL:   2.0   DPTR FM NORMAL:    1.38    2 = FOG REDUCING VISIBILITY
HIGHEST:    55 ON  1    GRTST 24HR  1.67 ON  9-10      TO 1/4 MILE OR LESS
LOWEST:      3 ON  8                               3 = THUNDER
                        SNOW, ICE PELLETS, HAIL    4 = ICE PELLETS
                        TOTAL MONTH:   6.5 INCHES  5 = HAIL
                        GRTST 24HR   3.1 ON   M    6 = FREEZING RAIN OR DRIZZLE
                        GRTST DEPTH:   4 ON  1     7 = DUSTSTORM OR SANDSTORM:
                                                       VSBY 1/2 MILE OR LESS
                                                   8 = SMOKE OR HAZE
[NO. OF DAYS WITH]      [WEATHER - DAYS WITH]      9 = BLOWING SNOW
                                                   X = TORNADO
MAX 32 OR BELOW:   7    0.01 INCH OR MORE:  11
MAX 90 OR ABOVE:   0    0.10 INCH OR MORE:   7
MIN 32 OR BELOW:  20    0.50 INCH OR MORE:   4
MIN  0 OR BELOW:   0    1.00 INCH OR MORE:   1

[HDD (BASE 65) ]
TOTAL THIS MO.   843    CLEAR  (SCALE 0-3)   0
DPTR FM NORMAL   -49    PTCLDY (SCALE 4-7)  11
TOTAL FM JUL 1  2427    CLOUDY (SCALE 8-10) 12
DPTR FM NORMAL  -134

[CDD (BASE 65) ]
TOTAL THIS MO.     0
DPTR FM NORMAL     0    [PRESSURE DATA]
TOTAL FM JAN 1   363    HIGHEST SLP M ON M
DPTR FM NORMAL    45    LOWEST  SLP 29.55 ON 18

[REMARKS]
