000
CXUS55 KBYZ 251055
CF6BHK
PRELIMINARY LOCAL CLIMATOLOGICAL DATA (WS FORM: F-6)

                                          STATION:   BAKER MT
                                          MONTH:     NOVEMBER
                                          YEAR:      2014
                                          LATITUDE:   46 20 N
                                          LONGITUDE: 104 15 W

  TEMPERATURE IN F:       :PCPN:    SNOW:  WIND      :SUNSHINE: SKY     :PK WND
================================================================================
1   2   3   4   5  6A  6B    7    8   9   10  11  12  13   14  15   16   17  18
                                     12Z  AVG MX 2MIN
DY MAX MIN AVG DEP HDD CDD  WTR  SNW DPTH SPD SPD DIR MIN PSBL S-S WX    SPD DR
================================================================================

 1  60  28  44   7  21   0 0.00    M    M  9.9 21 110   M    M   0        26 130
 2  59  35  47  10  18   0 0.00    M    M 12.2 22 290   M    M   1        27 300
 3  50  28  39   3  26   0 0.00    M    M 12.1 26 310   M    M   0        34 310
 4  58  25  42   6  23   0    T    M    M 10.2 28 280   M    M   3        37 270
 5  50  23  37   2  28   0 0.01    M    M 15.0 29 290   M    M   4        40 290
 6  62  23  43   8  22   0 0.00    M    M  7.3 21 170   0    0   0        24 170
 7  56  27  42   8  23   0 0.03    M    M 18.5 39 320   M    M   5        46 320
 8  55  24  40   6  25   0 0.00    M    M  9.8 26 290   M    M   2        33 280
 9  39  21  30  -3  35   0 0.49    M    M 12.6 25  80   M    M   9 16     32  80
10  20   5  13 -20  52   0 0.03    M    M 14.2 21 320   M    M  10 18     25 340
11   7  -2   3 -29  62   0    T    M    M 15.3 25 290   M    M   8 18     30 290
12   9  -4   3 -29  62   0    T    M    M 12.7 21 320   M    M   8 18     26 290
13  11 -13  -1 -32  66   0 0.00    M    M  6.2 13 290   M    M   2        16 310
14  11 -17  -3 -34  68   0 0.00    M    M  4.9 10 100   M    M   1        12 110
15   5  -8  -1 -31  66   0    T    M    M 15.5 26 260   M    M   8 18     32 290
16  20   4  12 -18  53   0    T    M    M 24.0 39 330   M    M   8 19     51 330
17  14   0   7 -22  58   0    T    M    M 13.8 24 320   M    M   8 1      31 320
18  34  -1  17 -12  48   0    T    M    M 17.2 36 310   M    M   6 1      47 310
19  22  15  19  -9  46   0    T    M    M 13.0 28 320   M    M  10 1      33 310
20  34  14  24  -4  41   0 0.00    M    M  5.8 12 150   M    M   4 1      14 150
21  45  14  30   3  35   0 0.00    M    M 10.2 18 260   M    M   0        22 260
22  47  25  36  10  29   0 0.04    M    M 11.0 29 300   M    M   7        37 290
23  36  15  26   0  39   0    T    M    M 22.0 40 310   M    M   7 1      49 310
24  32  11  22  -4  43   0 0.00    M    M  9.1 22 300   M    M   4        26 300
================================================================================
SM  836  292       989   0  0.60    M    302.5            0    115
================================================================================
AV 34.8 12.2                              12.6 FASTST    0   0   5    MAX(MPH)
                                 MISC ---->  # 40 310               # 51  330
================================================================================
NOTES:
# LAST OF SEVERAL OCCURRENCES

COLUMN 17 PEAK WIND IN M.P.H.

PRELIMINARY LOCAL CLIMATOLOGICAL DATA (WS FORM: F-6) , PAGE 2

                                          STATION:  BAKER MT
                                          MONTH:    NOVEMBER
                                          YEAR:     2014
                                          LATITUDE:   46 20 N
                                          LONGITUDE: 104 15 W

[TEMPERATURE DATA]      [PRECIPITATION DATA]       SYMBOLS USED IN COLUMN 16

AVERAGE MONTHLY: 23.5   TOTAL FOR MONTH:   0.60    1 = FOG OR MIST
DPTR FM NORMAL:  -8.0   DPTR FM NORMAL:    0.17    2 = FOG REDUCING VISIBILITY
HIGHEST:    62 ON  6    GRTST 24HR  0.50 ON  9-10      TO 1/4 MILE OR LESS
LOWEST:    -17 ON 14                               3 = THUNDER
                        SNOW, ICE PELLETS, HAIL    4 = ICE PELLETS
                        TOTAL MONTH:    M          5 = HAIL
                        GRTST 24HR    M  ON   M    6 = FREEZING RAIN OR DRIZZLE
                        GRTST DEPTH:  M  ON   M    7 = DUSTSTORM OR SANDSTORM:
                                                       VSBY 1/2 MILE OR LESS
                                                   8 = SMOKE OR HAZE
[NO. OF DAYS WITH]      [WEATHER - DAYS WITH]      9 = BLOWING SNOW
                                                   X = TORNADO
MAX 32 OR BELOW:  10    0.01 INCH OR MORE:   5
MAX 90 OR ABOVE:   0    0.10 INCH OR MORE:   1
MIN 32 OR BELOW:  23    0.50 INCH OR MORE:   0
MIN  0 OR BELOW:   7    1.00 INCH OR MORE:   0

[HDD (BASE 65) ]
TOTAL THIS MO.   989    CLEAR  (SCALE 0-3)   9
DPTR FM NORMAL   183    PTCLDY (SCALE 4-7)  11
TOTAL FM JUL 1  1846    CLOUDY (SCALE 8-10)  4
DPTR FM NORMAL    64

[CDD (BASE 65) ]
TOTAL THIS MO.     0
DPTR FM NORMAL     0    [PRESSURE DATA]
TOTAL FM JAN 1   351    HIGHEST SLP  0.00 ON M
DPTR FM NORMAL  -119    LOWEST  SLP 29.34 ON 22

[REMARKS]
