000
CXUS55 KBYZ 291055
CF6BIL
PRELIMINARY LOCAL CLIMATOLOGICAL DATA (WS FORM: F-6)

                                          STATION:   BILLINGS MT
                                          MONTH:     JULY
                                          YEAR:      2015
                                          LATITUDE:   45 47 N
                                          LONGITUDE: 108 32 W

  TEMPERATURE IN F:       :PCPN:    SNOW:  WIND      :SUNSHINE: SKY     :PK WND
================================================================================
1   2   3   4   5  6A  6B    7    8   9   10  11  12  13   14  15   16   17  18
                                     12Z  AVG MX 2MIN
DY MAX MIN AVG DEP HDD CDD  WTR  SNW DPTH SPD SPD DIR MIN PSBL S-S WX    SPD DR
================================================================================

 1  95  63  79   9   0  14 0.00  0.0    0  7.3 28  40   M    M   2        36  40
 2  85  63  74   4   0   9 0.00  0.0    0  7.5 18  50   M    M   2        23  80
 3  93  61  77   7   0  12 0.00  0.0    0  4.3 12 180   M    M   2 8      17 100
 4  99  65  82  12   0  17 0.00  0.0    0  8.8 20  40   M    M   3        25 270
 5  76  55  66  -5   0   1 0.04  0.0    0 11.8 29  20   M    M   9 38     37  20
 6  74  54  64  -7   1   0    T  0.0    0  7.0 16 120   M    M   6 8      22 110
 7  84  54  69  -2   0   4    T  0.0    0  9.0 28  10   M    M   4        36  10
 8  80  58  69  -3   0   4 0.01  0.0    0  7.6 16 120   M    M   6        24 130
 9  89  57  73   1   0   8 0.00  0.0    0  5.2 14 210   M    M   2        19  90
10  89  61  75   3   0  10 0.17  0.0    0 10.8 26 300   M    M   6 3      33 230
11  90  59  75   3   0  10 0.19  0.0    0 10.3 37 290   M    M   5 3      44 290
12  88  58  73   0   0   8 0.00  0.0    0 15.3 36 290   M    M   4        45 290
13  91  60  76   3   0  11 0.10  0.0    0  8.4 29 290   M    M   4 3      37 280
14  87  59  73   0   0   8 0.18  0.0    0  8.6 21 340   M    M   5 3      25 300
15  81  60  71  -2   0   6 0.15  0.0    0  9.4 29 270   M    M   5        35 270
16  87  56  72  -1   0   7 0.04  0.0    0 13.3 32 320   M    M   4 3      39 320
17  81  54  68  -5   0   3 0.02  0.0    0  9.2 25 350   M    M   6        32 340
18  75  54  65  -9   0   0    T  0.0    0  8.9 23 320   M    M   5        30 320
19  87  54  71  -3   0   6 0.00  0.0    0 11.7 22 350   M    M   4        27 320
20  91  65  78   4   0  13 0.00  0.0    0  4.3 18 330   M    M   5        21 330
21  92  60  76   2   0  11 0.00  0.0    0  9.5 33 270   M    M   4 3      43 260
22  95  58  77   3   0  12    T  0.0    0 11.1 43 310   M    M   4 3      54 320
23  80  61  71  -3   0   6 0.02  0.0    0 10.6 35 320   M    M   7        40 320
24  90  59  75   1   0  10    T  0.0    0  9.5 17 250   M    M   5        21 230
25  92  65  79   5   0  14 0.00  0.0    0  7.1 14 230   M    M   5        18 240
26  90  61  76   2   0  11 0.00  0.0    0  9.7 23 170   M    M   4        31 170
27  78  53  66  -8   0   1 0.74    T    0 13.8 43 320   M    M   6 1358   53 310
28  75  54  65  -9   0   0 0.00  0.0    0 21.9 33 270   M    M   5        40 280
================================================================================
SM 2414 1641         1 216  1.66    T    271.9          M      129
================================================================================
AV 86.2 58.6                               9.7 FASTST   M    M   5    MAX(MPH)
                                 MISC ---->  # 43 310               # 54  320
================================================================================
NOTES:
# LAST OF SEVERAL OCCURRENCES

COLUMN 17 PEAK WIND IN M.P.H.

PRELIMINARY LOCAL CLIMATOLOGICAL DATA (WS FORM: F-6) , PAGE 2

                                          STATION:  BILLINGS MT
                                          MONTH:    JULY
                                          YEAR:     2015
                                          LATITUDE:   45 47 N
                                          LONGITUDE: 108 32 W

[TEMPERATURE DATA]      [PRECIPITATION DATA]       SYMBOLS USED IN COLUMN 16

AVERAGE MONTHLY: 72.4   TOTAL FOR MONTH:   1.66    1 = FOG OR MIST
DPTR FM NORMAL:  -0.2   DPTR FM NORMAL:    0.45    2 = FOG REDUCING VISIBILITY
HIGHEST:    99 ON  4    GRTST 24HR  0.74 ON 27-27      TO 1/4 MILE OR LESS
LOWEST:     53 ON 27                               3 = THUNDER
                        SNOW, ICE PELLETS, HAIL    4 = ICE PELLETS
                        TOTAL MONTH:    T          5 = HAIL
                        GRTST 24HR    T  ON 27-27  6 = FREEZING RAIN OR DRIZZLE
                        GRTST DEPTH:   0           7 = DUSTSTORM OR SANDSTORM:
                                                       VSBY 1/2 MILE OR LESS
                                                   8 = SMOKE OR HAZE
[NO. OF DAYS WITH]      [WEATHER - DAYS WITH]      9 = BLOWING SNOW
                                                   X = TORNADO
MAX 32 OR BELOW:   0    0.01 INCH OR MORE:  11
MAX 90 OR ABOVE:  11    0.10 INCH OR MORE:   6
MIN 32 OR BELOW:   0    0.50 INCH OR MORE:   1
MIN  0 OR BELOW:   0    1.00 INCH OR MORE:   0

[HDD (BASE 65) ]
TOTAL THIS MO.     1    CLEAR  (SCALE 0-3)   5
DPTR FM NORMAL   -11    PTCLDY (SCALE 4-7)  22
TOTAL FM JUL 1     1    CLOUDY (SCALE 8-10)  1
DPTR FM NORMAL   -11

[CDD (BASE 65) ]
TOTAL THIS MO.   216
DPTR FM NORMAL   -12    [PRESSURE DATA]
TOTAL FM JAN 1   392    HIGHEST SLP M ON M
DPTR FM NORMAL    62    LOWEST  SLP 29.53 ON 27

[REMARKS]
