000
CXUS53 KBIS 190830
CF6BIS
PRELIMINARY LOCAL CLIMATOLOGICAL DATA (WS FORM: F-6)

                                          STATION:   BISMARCK ND
                                          MONTH:     AUGUST
                                          YEAR:      2017
                                          LATITUDE:   46 46 N
                                          LONGITUDE: 100 45 W

  TEMPERATURE IN F:       :PCPN:    SNOW:  WIND      :SUNSHINE: SKY     :PK WND
================================================================================
1   2   3   4   5  6A  6B    7    8   9   10  11  12  13   14  15   16   17  18
                                     12Z  AVG MX 2MIN
DY MAX MIN AVG DEP HDD CDD  WTR  SNW DPTH SPD SPD DIR MIN PSBL S-S WX    SPD DR
================================================================================

 1  87  62  75   3   0  10 0.00  0.0    0  7.9 17 360   M    M   1        21 360
 2  64  56  60 -12   5   0 0.78  0.0    0  6.9 18 310   M    M   7 13     29 320
 3  75  55  65  -7   0   0 0.04  0.0    0  7.5 21  60   M    M   6 1      25  70
 4  79  49  64  -8   1   0 0.00  0.0    0  4.2 14 150   M    M   1        18 140
 5  77  57  67  -5   0   2 0.23  0.0    0  7.1 20  40   M    M   7 13     24  40
 6  75  54  65  -7   0   0 0.22  0.0    0  4.1 21  90   M    M   6 13     28  90
 7  81  51  66  -6   0   1 0.00  0.0    0  4.0 12 250   M    M   0 1      14 280
 8  84  53  69  -2   0   4 0.00  0.0    0  6.2 15 160   M    M   1        21 130
 9  79  54  67  -4   0   2 0.02  0.0    0  8.8 29 320   M    M   4 1      34 320
10  78  53  66  -5   0   1    T  0.0    0  7.5 15  40   M    M   7 1      20 360
11  81  51  66  -5   0   1 0.00  0.0    0  6.7 17 160   M    M   1        21 150
12  77  59  68  -3   0   3 2.53  0.0    0 12.2 23 100   M    M   8 13     31 240
13  77  56  67  -4   0   2 0.29  0.0    0  7.6 16  70   M    M   6 1      20  60
14  76  50  63  -7   2   0 0.00  0.0    0  5.8 13 120   M    M   3 12     16 120
15  72  59  66  -4   0   1 0.86  0.0    0  7.6 14  30   M    M   9 1      16 150
16  80  57  69  -1   0   4 0.00  0.0    0  8.1 15  20   M    M   5 1      19  20
17  84  53  69  -1   0   4 0.00  0.0    0  5.2 16 140   M    M   1 1      21 150
18  83  58  71   1   0   6 0.00  0.0    0  6.3 16 320   M    M   0        22 320
================================================================================
SM 1409  987         8  41  4.97     0.0 123.7          M       73
================================================================================
AV 78.3 54.8                               6.9 FASTST   M    M   4    MAX(MPH)
                                 MISC ---->  # 29 320               # 34  320
================================================================================
NOTES:
# LAST OF SEVERAL OCCURRENCES

COLUMN 17 PEAK WIND IN M.P.H.

PRELIMINARY LOCAL CLIMATOLOGICAL DATA (WS FORM: F-6) , PAGE 2

                                          STATION:  BISMARCK ND
                                          MONTH:    AUGUST
                                          YEAR:     2017
                                          LATITUDE:   46 46 N
                                          LONGITUDE: 100 45 W

[TEMPERATURE DATA]      [PRECIPITATION DATA]       SYMBOLS USED IN COLUMN 16

AVERAGE MONTHLY: 66.6   TOTAL FOR MONTH:   4.97    1 = FOG OR MIST
DPTR FM NORMAL:  -4.6   DPTR FM NORMAL:    3.58    2 = FOG REDUCING VISIBILITY
HIGHEST:    87 ON  1    GRTST 24HR  2.53 ON 12-12      TO 1/4 MILE OR LESS
LOWEST:     49 ON  4                               3 = THUNDER
                        SNOW, ICE PELLETS, HAIL    4 = ICE PELLETS
                        TOTAL MONTH:   0.0 INCH    5 = HAIL
                        GRTST 24HR     0.0         6 = FREEZING RAIN OR DRIZZLE
                        GRTST DEPTH:   0           7 = DUSTSTORM OR SANDSTORM:
                                                       VSBY 1/2 MILE OR LESS
                                                   8 = SMOKE OR HAZE
[NO. OF DAYS WITH]      [WEATHER - DAYS WITH]      9 = BLOWING SNOW
                                                   X = TORNADO
MAX 32 OR BELOW:   0    0.01 INCH OR MORE:   8
MAX 90 OR ABOVE:   0    0.10 INCH OR MORE:   6
MIN 32 OR BELOW:   0    0.50 INCH OR MORE:   3
MIN  0 OR BELOW:   0    1.00 INCH OR MORE:   1

[HDD (BASE 65) ]
TOTAL THIS MO.     8    CLEAR  (SCALE 0-3)   8
DPTR FM NORMAL    -7    PTCLDY (SCALE 4-7)   8
TOTAL FM JUL 1     8    CLOUDY (SCALE 8-10)  2
DPTR FM NORMAL   -24

[CDD (BASE 65) ]
TOTAL THIS MO.    41
DPTR FM NORMAL   -79    [PRESSURE DATA]
TOTAL FM JAN 1   522    HIGHEST SLP M ON M
DPTR FM NORMAL    98    LOWEST  SLP 29.80 ON M

[REMARKS]
