000
CXUS53 KGRR 181017
CF6BIV
PRELIMINARY LOCAL CLIMATOLOGICAL DATA (WS FORM: F-6)

                                          STATION:   HOLLAND
                                          MONTH:     JANUARY
                                          YEAR:      2017
                                          LATITUDE:   42 49 N
                                          LONGITUDE:  86 10 W

  TEMPERATURE IN F:       :PCPN:    SNOW:  WIND      :SUNSHINE: SKY     :PK WND
================================================================================
1   2   3   4   5  6A  6B    7    8   9   10  11  12  13   14  15   16   17  18
                                     12Z  AVG MX 2MIN
DY MAX MIN AVG DEP HDD CDD  WTR  SNW DPTH SPD SPD DIR MIN PSBL S-S WX    SPD DR
================================================================================

 1  39  25  32   4  33   0 0.00    M    M  6.9 18 220   M    M   2        23 210
 2  43  26  35   8  30   0 0.11    M    M  7.6 18 110   M    M   6 1      23 110
 3  39  33  36   9  29   0 0.23    M    M  8.0 18 280   M    M  10 1      25 280
 4  33  17  25  -2  40   0    T    M    M 17.1 26 280   M    M  10        39 280
 5  17  11  14 -13  51   0 0.04    M    M 10.6 17 300   M    M  10 1      25 270
 6  13   9  11 -16  54   0 0.02    M    M  7.8 14 280   M    M  10 18     19 290
 7  16  12  14 -13  51   0 0.01    M    M 12.3 21 300   M    M   9 18     30 290
 8  19  13  16 -10  49   0 0.01    M    M  6.9 16 180   M    M   9 1      23 330
 9  28  14  21  -5  44   0 0.01    M    M 11.7 18 180   M    M  10 18     25 180
10  49  28  39  13  26   0 0.24    M    M 20.7 43 210   M    M  10 1      57 220
11  45  29  37  11  28   0 0.28    M    M 10.2 32 250   M    M   8 1      43 240
12  34  25  30   4  35   0 0.02    M    M  8.7 18 300   M    M   8 1      26 300
13  25  20  23  -3  42   0 0.00    M    M  6.2 16 310   M    M   4        23 300
14  31  20  26   0  39   0 0.00    M    M  4.1 10 100   M    M   3        13 310
15  36  17  27   1  38   0 0.00    M    M  3.2 13 250   M    M   0        15 250
16  35  23  29   3  36   0 0.51    M    M  6.6 16 100   M    M   7 16     20 100
17  39  35  37  11  28   0 0.47    M    M  7.9 16 260   M    M  10 123    20 260
================================================================================
SM  541  357       653   0  1.95    M    156.5          M      126
================================================================================
AV 31.8 21.0                               9.2 FASTST   M    M   7    MAX(MPH)
                                 MISC ---->  # 43 210               # 57  220
================================================================================
NOTES:
# LAST OF SEVERAL OCCURRENCES

COLUMN 17 PEAK WIND IN M.P.H.

PRELIMINARY LOCAL CLIMATOLOGICAL DATA (WS FORM: F-6) , PAGE 2

                                          STATION:  HOLLAND
                                          MONTH:    JANUARY
                                          YEAR:     2017
                                          LATITUDE:   42 49 N
                                          LONGITUDE:  86 10 W

[TEMPERATURE DATA]      [PRECIPITATION DATA]       SYMBOLS USED IN COLUMN 16

AVERAGE MONTHLY: 26.4   TOTAL FOR MONTH:   1.95    1 = FOG OR MIST
DPTR FM NORMAL:  -0.1   DPTR FM NORMAL:    0.80    2 = FOG REDUCING VISIBILITY
HIGHEST:    49 ON 10    GRTST 24HR  0.98 ON 16-17      TO 1/4 MILE OR LESS
LOWEST:      9 ON  6                               3 = THUNDER
                        SNOW, ICE PELLETS, HAIL    4 = ICE PELLETS
                        TOTAL MONTH:    M          5 = HAIL
                        GRTST 24HR    M  ON   M    6 = FREEZING RAIN OR DRIZZLE
                        GRTST DEPTH:  M  ON   M    7 = DUSTSTORM OR SANDSTORM:
                                                       VSBY 1/2 MILE OR LESS
                                                   8 = SMOKE OR HAZE
[NO. OF DAYS WITH]      [WEATHER - DAYS WITH]      9 = BLOWING SNOW
                                                   X = TORNADO
MAX 32 OR BELOW:   7    0.01 INCH OR MORE:  12
MAX 90 OR ABOVE:   0    0.10 INCH OR MORE:   6
MIN 32 OR BELOW:  15    0.50 INCH OR MORE:   1
MIN  0 OR BELOW:   0    1.00 INCH OR MORE:   0

[HDD (BASE 65) ]
TOTAL THIS MO.   653    CLEAR  (SCALE 0-3)   2
DPTR FM NORMAL    -1    PTCLDY (SCALE 4-7)   6
TOTAL FM JUL 1  2653    CLOUDY (SCALE 8-10)  9
DPTR FM NORMAL  -269

[CDD (BASE 65) ]
TOTAL THIS MO.     0
DPTR FM NORMAL     0    [PRESSURE DATA]
TOTAL FM JAN 1     0    HIGHEST SLP M ON M
DPTR FM NORMAL     0    LOWEST  SLP 29.23 ON 10

[REMARKS]
