000
CXUS55 KPSR 241005
CF6BLH
PRELIMINARY LOCAL CLIMATOLOGICAL DATA (WS FORM: F-6)

                                          STATION:   BLYTHE CA
                                          MONTH:     JUNE
                                          YEAR:      2017
                                          LATITUDE:   33 37 N
                                          LONGITUDE: 114 43 W

  TEMPERATURE IN F:       :PCPN:    SNOW:  WIND      :SUNSHINE: SKY     :PK WND
================================================================================
1   2   3   4   5  6A  6B    7    8   9   10  11  12  13   14  15   16   17  18
                                     12Z  AVG MX 2MIN
DY MAX MIN AVG DEP HDD CDD  WTR  SNW DPTH SPD SPD DIR MIN PSBL S-S WX    SPD DR
================================================================================

 1  96  65  81  -3   0  16 0.00  0.0    0  8.3 18 210   M    M   0        27 170
 2 101  66  84  -1   0  19    T  0.0    0  5.1 17 240   M    M   0        22 230
 3 108  71  90   5   0  25    T  0.0    0  6.7 18 220   M    M   0        21 230
 4 108  79  94   9   0  29 0.00  0.0    0  9.5 20 170   M    M   0        26 170
 5 107  76  92   7   0  27 0.00  0.0    0  8.3 20 150   M    M   0        23 160
 6 104  78  91   5   0  26 0.00  0.0    0 10.7 21 170   M    M   0        24 180
 7 103  71  87   1   0  22 0.00  0.0    0  8.6 18 170   M    M   0        23 180
 8 105  76  91   5   0  26 0.00  0.0    0 10.4 18 230   M    M   0        28 200
 9 106  77  92   5   0  27 0.00  0.0    0 11.2 26 220   M    M   0        34 220
10 100  72  86  -1   0  21 0.00  0.0    0 14.0 26 210   M    M   0        32 210
11  95  69  82  -5   0  17 0.00  0.0    0 17.2 29 240   M    M   0        35 240
12  89  66  78  -9   0  13 0.00  0.0    0  7.9 22 360   M    M   0        26 360
13  96  66  81  -7   0  16 0.00  0.0    0  7.9 17 350   M    M   0        16  90
14 103  64  84  -4   0  19 0.00  0.0    0  4.1 12 210   M    M   0        13 220
15 109  69  89   1   0  24 0.00  0.0    0  5.1 13 170   M    M   0        16 150
16 111  74  93   4   0  28 0.00  0.0    0  5.6 18 150   M    M   0        22 190
17 112  75  94   5   0  29 0.00  0.0    0  5.8 13 150   M    M   0        17 140
18 115  78  97   8   0  32 0.00  0.0    0  6.5 16 240   M    M   1        20 240
19 118  80  99   9   0  34 0.00  0.0    0  6.5 17 250   M    M   2        22 240
20 122  83 103  13   0  38 0.00  0.0    0  6.9 17 230   M    M   3        22 190
21 119  84 102  12   0  37 0.00  0.0    0  8.7 16 230   M    M   2        20 160
22 112  87 100  10   0  35 0.00  0.0    0 14.8 23 170   M    M   0        27 160
23 114  81  98   7   0  33 0.00  0.0    0 12.3 22 170   M    M   0        27 160
================================================================================
SM 2453 1707         0 593    T      0.0 202.1          M        8
================================================================================
AV106.7 74.2                               8.8 FASTST   M    M   0    MAX(MPH)
                                 MISC ---->  # 29 240               # 35  240
================================================================================
NOTES:
# LAST OF SEVERAL OCCURRENCES

COLUMN 17 PEAK WIND IN M.P.H.

PRELIMINARY LOCAL CLIMATOLOGICAL DATA (WS FORM: F-6) , PAGE 2

                                          STATION:  BLYTHE CA
                                          MONTH:    JUNE
                                          YEAR:     2017
                                          LATITUDE:   33 37 N
                                          LONGITUDE: 114 43 W

[TEMPERATURE DATA]      [PRECIPITATION DATA]       SYMBOLS USED IN COLUMN 16

AVERAGE MONTHLY: 90.4   TOTAL FOR MONTH:      T    1 = FOG OR MIST
DPTR FM NORMAL:   3.0   DPTR FM NORMAL:   -0.01    2 = FOG REDUCING VISIBILITY
HIGHEST:   122 ON 20    GRTST 24HR    T  ON  3- 3      TO 1/4 MILE OR LESS
LOWEST:     64 ON 14                               3 = THUNDER
                        SNOW, ICE PELLETS, HAIL    4 = ICE PELLETS
                        TOTAL MONTH:   0.0 INCH    5 = HAIL
                        GRTST 24HR     0.0         6 = FREEZING RAIN OR DRIZZLE
                        GRTST DEPTH:   0           7 = DUSTSTORM OR SANDSTORM:
                                                       VSBY 1/2 MILE OR LESS
                                                   8 = SMOKE OR HAZE
[NO. OF DAYS WITH]      [WEATHER - DAYS WITH]      9 = BLOWING SNOW
                                                   X = TORNADO
MAX 32 OR BELOW:   0    0.01 INCH OR MORE:   0
MAX 90 OR ABOVE:  22    0.10 INCH OR MORE:   0
MIN 32 OR BELOW:   0    0.50 INCH OR MORE:   0
MIN  0 OR BELOW:   0    1.00 INCH OR MORE:   0

[HDD (BASE 65) ]
TOTAL THIS MO.     0    CLEAR  (SCALE 0-3)  23
DPTR FM NORMAL     0    PTCLDY (SCALE 4-7)   0
TOTAL FM JUL 1   831    CLOUDY (SCALE 8-10)  0
DPTR FM NORMAL  -267

[CDD (BASE 65) ]
TOTAL THIS MO.   593
DPTR FM NORMAL    76    [PRESSURE DATA]
TOTAL FM JAN 1  1555    HIGHEST SLP M ON M
DPTR FM NORMAL   270    LOWEST  SLP 29.47 ON 21

[REMARKS]
