000
CXUS55 KSEW 300930
CF6BLI
PRELIMINARY LOCAL CLIMATOLOGICAL DATA (WS FORM: F-6)

                                          STATION:   BELLINGHAM WA AIRPORT
                                          MONTH:     SEPTEMBER
                                          YEAR:      2016
                                          LATITUDE:   48 47 N
                                          LONGITUDE: 122 32 W

  TEMPERATURE IN F:       :PCPN:    SNOW:  WIND      :SUNSHINE: SKY     :PK WND
================================================================================
1   2   3   4   5  6A  6B    7    8   9   10  11  12  13   14  15   16   17  18
                                     12Z  AVG MX 2MIN
DY MAX MIN AVG DEP HDD CDD  WTR  SNW DPTH SPD SPD DIR MIN PSBL S-S WX    SPD DR
================================================================================

 1  67  56  62   1   3   0 0.08  0.0    0  6.9 17 150   M    M   8 1      24 160
 2  67  55  61   1   4   0 0.07  0.0    0  6.6 14 160   M    M   8 1      20 170
 3  67  49  58  -2   7   0 0.00  0.0    0  5.9 14 160   M    M   6        20 170
 4  68  44  56  -4   9   0 0.00  0.0    0  4.6 12 160   M    M   2 1      15 290
 5  60  54  57  -3   8   0    T  0.0    0  7.5 16 160   M    M   8 1      23 140
 6  66  54  60   0   5   0 0.04  0.0    0  2.3  9 270   M    M   8 1      11 200
 7  64  56  60   1   5   0 0.11  0.0    0  6.2 16 170   M    M  10 1      22 160
 8  69  50  60   1   5   0 0.03  0.0    0  5.4 14 170   M    M   6 1      20 160
 9  72  44  58  -1   7   0 0.00  0.0    0  2.1  9 310   M    M   1 1      12 130
10  70  56  63   4   2   0    T  0.0    0  7.3 14 160   M    M   7        20 160
11  69  47  58   0   7   0 0.00  0.0    0  3.6 15 280   M    M   4        20 270
12  77  46  62   4   3   0 0.00  0.0    0  6.5 22  30   M    M   0        30  30
13  71  41  56  -2   9   0 0.00  0.0    0  2.5 10 280   M    M   0        15  40
14  73  44  59   1   6   0 0.00  0.0    0  3.6 14 170   M    M   0        19 170
15  69  50  60   2   5   0 0.00  0.0    0  5.2 12 170   M    M   0        15 180
16  67  50  59   2   6   0 0.03  0.0    0  6.2 15 170   M    M   2 1      22 170
17  64  55  60   3   5   0 0.74  0.0    0  7.1 23 150   M    M   9 1      33 170
18  67  55  61   4   4   0    T  0.0    0  6.6 15 160   M    M   4        19 160
19  64  53  59   2   6   0 0.27  0.0    0  7.0 14 160   M    M   9 1      21 190
20  65  46  56   0   9   0    T  0.0    0  5.2 14 310   M    M   4 1      18 300
21  69  42  56   0   9   0 0.00  0.0    0  4.3 14 300   M    M   0 1      20 300
22  65  43  54  -2  11   0 0.00  0.0    0  6.4 14 140   M    M   0 1      20 170
23  61  53  57   1   8   0 0.22  0.0    0  7.8 21 140   M    M   8 1      27 130
24  65  50  58   3   7   0 0.03  0.0    0  2.4  9 170   M    M   8 1      13 160
25  73  52  63   8   2   0    T  0.0    0  3.7  9 350   M    M   6        13  30
26  72  48  60   5   5   0    T  0.0    0  3.3 12 170   M    M   4 1      16 190
27  64  49  57   3   8   0 0.00  0.0    0  3.0 13 300   M    M   3        18 300
28  66  42  54   0  11   0 0.00  0.0    0  2.1 12 270   M    M   1 1      15 280
29  61  43  52  -2  13   0 0.00  0.0    0  1.8  8 170   M    M   4 1      13 170
================================================================================
SM 1952 1427       189   0  1.62     0.0 143.1          M      130
================================================================================
AV 67.3 49.2                               4.9 FASTST   M    M   4    MAX(MPH)
                                 MISC ---->  # 23 150               # 33  170
================================================================================
NOTES:
# LAST OF SEVERAL OCCURRENCES

COLUMN 17 PEAK WIND IN M.P.H.

PRELIMINARY LOCAL CLIMATOLOGICAL DATA (WS FORM: F-6) , PAGE 2

                                          STATION:  BELLINGHAM WA AIRPORT
                                          MONTH:    SEPTEMBER
                                          YEAR:     2016
                                          LATITUDE:   48 47 N
                                          LONGITUDE: 122 32 W

[TEMPERATURE DATA]      [PRECIPITATION DATA]       SYMBOLS USED IN COLUMN 16

AVERAGE MONTHLY: 58.3   TOTAL FOR MONTH:   1.62    1 = FOG OR MIST
DPTR FM NORMAL:   0.8   DPTR FM NORMAL:   -0.08    2 = FOG REDUCING VISIBILITY
HIGHEST:    77 ON 12    GRTST 24HR  0.74 ON 17-17      TO 1/4 MILE OR LESS
LOWEST:     41 ON 13                               3 = THUNDER
                        SNOW, ICE PELLETS, HAIL    4 = ICE PELLETS
                        TOTAL MONTH:   0.0 INCH    5 = HAIL
                        GRTST 24HR     0.0         6 = FREEZING RAIN OR DRIZZLE
                        GRTST DEPTH:   0           7 = DUSTSTORM OR SANDSTORM:
                                                       VSBY 1/2 MILE OR LESS
                                                   8 = SMOKE OR HAZE
[NO. OF DAYS WITH]      [WEATHER - DAYS WITH]      9 = BLOWING SNOW
                                                   X = TORNADO
MAX 32 OR BELOW:   0    0.01 INCH OR MORE:  10
MAX 90 OR ABOVE:   0    0.10 INCH OR MORE:   4
MIN 32 OR BELOW:   0    0.50 INCH OR MORE:   1
MIN  0 OR BELOW:   0    1.00 INCH OR MORE:   0

[HDD (BASE 65) ]
TOTAL THIS MO.   189    CLEAR  (SCALE 0-3)  10
DPTR FM NORMAL   -29    PTCLDY (SCALE 4-7)  14
TOTAL FM JUL 1   269    CLOUDY (SCALE 8-10)  5
DPTR FM NORMAL  -146

[CDD (BASE 65) ]
TOTAL THIS MO.     0
DPTR FM NORMAL     0    [PRESSURE DATA]
TOTAL FM JAN 1   101    HIGHEST SLP M ON M
DPTR FM NORMAL    61    LOWEST  SLP 29.80 ON 17

[REMARKS]
