000
CXUS55 KSEW 270930
CF6BLI
PRELIMINARY LOCAL CLIMATOLOGICAL DATA (WS FORM: F-6)

                                          STATION:   BELLINGHAM WA AIRPORT
                                          MONTH:     MARCH
                                          YEAR:      2015
                                          LATITUDE:   48 47 N
                                          LONGITUDE: 122 32 W

  TEMPERATURE IN F:       :PCPN:    SNOW:  WIND      :SUNSHINE: SKY     :PK WND
================================================================================
1   2   3   4   5  6A  6B    7    8   9   10  11  12  13   14  15   16   17  18
                                     12Z  AVG MX 2MIN
DY MAX MIN AVG DEP HDD CDD  WTR  SNW DPTH SPD SPD DIR MIN PSBL S-S WX    SPD DR
================================================================================

 1  50  27  39  -3  26   0    T  0.0    0  2.4  8 310   M    M   4        12 300
 2  54  30  42   0  23   0 0.00  0.0    0  7.8 20  30   M    M   2 12     26  30
 3  51  30  41  -1  24   0 0.00  0.0    0  7.9 22  20   M    M   0        31  30
 4  51  24  38  -4  27   0 0.00  0.0    0  1.1  8 150   M    M   0        13 300
 5  53  29  41  -2  24   0 0.00  0.0    0  1.3  8 160   M    M   0        10 160
 6  57  32  45   2  20   0 0.00  0.0    0  1.8  9 270   M    M   0        18  20
 7  59  31  45   2  20   0 0.00  0.0    0  1.7 10 280   M    M   0 12     14 270
 8  57  31  44   1  21   0 0.00  0.0    0  1.5  8 270   M    M   1 12     10 270
 9  54  33  44   1  21   0 0.00  0.0    0  4.3 14 170   M    M   4 12     20 170
10  56  39  48   5  17   0 0.00  0.0    0  2.3 16 170   M    M   5 12     23 180
11  61  49  55  11  10   0 0.12  0.0    0 12.2 28 140   M    M   9        38 140
12  62  47  55  11  10   0 0.00  0.0    0  6.5 16 170   M    M   5        24 160
13  65  45  55  11  10   0 0.06  0.0    0  2.5 20 110   M    M   2        25  90
14  60  46  53   9  12   0 0.26  0.0    0 10.7 28 150   M    M   5 1      38 150
15  47  42  45   1  20   0 1.14  0.0    0 10.7 29  10   M    M  10 1      41  10
16  58  41  50   6  15   0    T  0.0    0  6.3 15  20   M    M   4        20  10
17  55  37  46   2  19   0 0.00  0.0    0  3.2 13 160   M    M   5        25 320
18  58  47  53   8  12   0 0.00  0.0    0  3.8 13 160   M    M   5        17 170
19  56  46  51   6  14   0 0.24  0.0    0  2.7  8 360   M    M  10 1      13 110
20  59  48  54   9  11   0 0.16  0.0    0 10.7 31 130   M    M  10 1      44 130
21  56  45  51   6  14   0 0.35  0.0    0  7.7 21 170   M    M   9 1      30 160
22  54  40  47   2  18   0 0.05  0.0    0  5.6 20 130   M    M   8        24 120
23  53  39  46   1  19   0 0.19  0.0    0  3.7 14 130   M    M   8 1      29 140
24  55  42  49   3  16   0 0.01  0.0    0  4.6 14 140   M    M   7 1     104  90
25  56  46  51   5  14   0 1.15  0.0    0  9.0 21 130   M    M  10 1      25 140
26  65  48  57  11   8   0 0.01  0.0    0  4.6 15 120   M    M   2 1      28  20
================================================================================
SM 1462 1014       445   0  3.74     0.0 136.6          M      125
================================================================================
AV 56.2 39.0                               5.3 FASTST   M    M   5    MAX(MPH)
                                 MISC ---->  # 31 130               #104   90
================================================================================
NOTES:
# LAST OF SEVERAL OCCURRENCES

COLUMN 17 PEAK WIND IN M.P.H.

PRELIMINARY LOCAL CLIMATOLOGICAL DATA (WS FORM: F-6) , PAGE 2

                                          STATION:  BELLINGHAM WA AIRPORT
                                          MONTH:    MARCH
                                          YEAR:     2015
                                          LATITUDE:   48 47 N
                                          LONGITUDE: 122 32 W

[TEMPERATURE DATA]      [PRECIPITATION DATA]       SYMBOLS USED IN COLUMN 16

AVERAGE MONTHLY: 47.6   TOTAL FOR MONTH:   3.74    1 = FOG OR MIST
DPTR FM NORMAL:   3.7   DPTR FM NORMAL:    1.06    2 = FOG REDUCING VISIBILITY
HIGHEST:    65 ON 26,13 GRTST 24HR  1.15 ON 25-25      TO 1/4 MILE OR LESS
LOWEST:     24 ON  4                               3 = THUNDER
                        SNOW, ICE PELLETS, HAIL    4 = ICE PELLETS
                        TOTAL MONTH:   0.0 INCH    5 = HAIL
                        GRTST 24HR     0.0         6 = FREEZING RAIN OR DRIZZLE
                        GRTST DEPTH:   0           7 = DUSTSTORM OR SANDSTORM:
                                                       VSBY 1/2 MILE OR LESS
                                                   8 = SMOKE OR HAZE
[NO. OF DAYS WITH]      [WEATHER - DAYS WITH]      9 = BLOWING SNOW
                                                   X = TORNADO
MAX 32 OR BELOW:   0    0.01 INCH OR MORE:  12
MAX 90 OR ABOVE:   0    0.10 INCH OR MORE:   8
MIN 32 OR BELOW:   8    0.50 INCH OR MORE:   2
MIN  0 OR BELOW:   0    1.00 INCH OR MORE:   2

[HDD (BASE 65) ]
TOTAL THIS MO.   445    CLEAR  (SCALE 0-3)   9
DPTR FM NORMAL  -103    PTCLDY (SCALE 4-7)  11
TOTAL FM JUL 1  3376    CLOUDY (SCALE 8-10)  6
DPTR FM NORMAL -1043

[CDD (BASE 65) ]
TOTAL THIS MO.     0
DPTR FM NORMAL     0    [PRESSURE DATA]
TOTAL FM JAN 1     0    HIGHEST SLP M ON M
DPTR FM NORMAL     0    LOWEST  SLP 29.60 ON 15

[REMARKS]
