000
CXUS55 KSEW 250930
CF6BLI
PRELIMINARY LOCAL CLIMATOLOGICAL DATA (WS FORM: F-6)

                                          STATION:   BELLINGHAM WA AIRPORT
                                          MONTH:     AUGUST
                                          YEAR:      2016
                                          LATITUDE:   48 47 N
                                          LONGITUDE: 122 32 W

  TEMPERATURE IN F:       :PCPN:    SNOW:  WIND      :SUNSHINE: SKY     :PK WND
================================================================================
1   2   3   4   5  6A  6B    7    8   9   10  11  12  13   14  15   16   17  18
                                     12Z  AVG MX 2MIN
DY MAX MIN AVG DEP HDD CDD  WTR  SNW DPTH SPD SPD DIR MIN PSBL S-S WX    SPD DR
================================================================================

 1  72  51  62  -2   3   0 0.00  0.0    0  6.8 15 170   M    M   0 1      21 160
 2  68  58  63   0   2   0    T  0.0    0  9.8 22 160   M    M   9        30 170
 3  73  54  64   1   1   0 0.02  0.0    0  5.4 15 170   M    M   7 1      22 210
 4  78  51  65   2   0   0 0.00  0.0    0  3.2 10 280   M    M   1 12     14 280
 5  72  53  63   0   2   0 0.00  0.0    0  6.5 16 170   M    M   1        23 160
 6  69  55  62  -1   3   0 0.00  0.0    0  6.7 14 160   M    M   4        22 160
 7  68  53  61  -2   4   0 0.00  0.0    0  5.7 15 170   M    M   7        19 170
 8  72  54  63   0   2   0 0.00  0.0    0  5.9 13 170   M    M   3        17 160
 9  67  59  63   0   2   0 0.00  0.0    0  7.5 15 170   M    M  10        20 170
10  75  57  66   3   0   1 0.00  0.0    0  4.9 10 270   M    M   5        14 280
11  77  54  66   3   0   1 0.00  0.0    0  2.7 13 290   M    M   1        18 220
12  83  57  70   7   0   5 0.00  0.0    0  2.7 12 270   M    M   0        16 280
13  84  60  72   9   0   7 0.00  0.0    0  4.0  9 290   M    M   0        14 290
14  77  59  68   5   0   3 0.00  0.0    0  6.2 12 170   M    M   0        20 110
15  75  57  66   3   0   1 0.00  0.0    0  7.9 14 180   M    M   1        18 160
16  76  57  67   4   0   2 0.00  0.0    0  6.5 12 150   M    M   3 1      16 160
17  76  54  65   2   0   0 0.00  0.0    0  3.5 10 270   M    M   1        15 180
18  88  54  71   8   0   6 0.00  0.0    0  4.9 14 280   M    M   0 1      20 270
19  89  60  75  13   0  10 0.00  0.0    0  5.7 14 350   M    M   0        18  10
20  81  56  69   7   0   4 0.00  0.0    0  2.7  9 280   M    M   0        12 200
21  67  57  62   0   3   0 0.00  0.0    0 13.0 29 160   M    M   2        37 160
22  71  52  62   0   3   0 0.00  0.0    0  5.8 15 170   M    M   5        20 160
23  74  46  60  -3   5   0 0.00  0.0    0  2.6 13 270   M    M   0        19 280
24  83  51  67   5   0   2 0.00  0.0    0  3.1 13 270   M    M   0 1      16 290
================================================================================
SM 1815 1319        30  42  0.02     0.0 133.7          M       60
================================================================================
AV 75.6 55.0                               5.6 FASTST   M    M   3    MAX(MPH)
                                 MISC ---->  # 29 160               # 37  160
================================================================================
NOTES:
# LAST OF SEVERAL OCCURRENCES

COLUMN 17 PEAK WIND IN M.P.H.

PRELIMINARY LOCAL CLIMATOLOGICAL DATA (WS FORM: F-6) , PAGE 2

                                          STATION:  BELLINGHAM WA AIRPORT
                                          MONTH:    AUGUST
                                          YEAR:     2016
                                          LATITUDE:   48 47 N
                                          LONGITUDE: 122 32 W

[TEMPERATURE DATA]      [PRECIPITATION DATA]       SYMBOLS USED IN COLUMN 16

AVERAGE MONTHLY: 65.3   TOTAL FOR MONTH:   0.02    1 = FOG OR MIST
DPTR FM NORMAL:   2.5   DPTR FM NORMAL:   -0.87    2 = FOG REDUCING VISIBILITY
HIGHEST:    89 ON 19    GRTST 24HR  0.02 ON  3- 3      TO 1/4 MILE OR LESS
LOWEST:     46 ON 23                               3 = THUNDER
                        SNOW, ICE PELLETS, HAIL    4 = ICE PELLETS
                        TOTAL MONTH:   0.0 INCH    5 = HAIL
                        GRTST 24HR     0.0         6 = FREEZING RAIN OR DRIZZLE
                        GRTST DEPTH:   0           7 = DUSTSTORM OR SANDSTORM:
                                                       VSBY 1/2 MILE OR LESS
                                                   8 = SMOKE OR HAZE
[NO. OF DAYS WITH]      [WEATHER - DAYS WITH]      9 = BLOWING SNOW
                                                   X = TORNADO
MAX 32 OR BELOW:   0    0.01 INCH OR MORE:   1
MAX 90 OR ABOVE:   0    0.10 INCH OR MORE:   0
MIN 32 OR BELOW:   0    0.50 INCH OR MORE:   0
MIN  0 OR BELOW:   0    1.00 INCH OR MORE:   0

[HDD (BASE 65) ]
TOTAL THIS MO.    30    CLEAR  (SCALE 0-3)  17
DPTR FM NORMAL   -23    PTCLDY (SCALE 4-7)   5
TOTAL FM JUL 1    71    CLOUDY (SCALE 8-10)  2
DPTR FM NORMAL   -83

[CDD (BASE 65) ]
TOTAL THIS MO.    42
DPTR FM NORMAL    42    [PRESSURE DATA]
TOTAL FM JAN 1    89    HIGHEST SLP M ON M
DPTR FM NORMAL    66    LOWEST  SLP 29.85 ON 20

[REMARKS]
