000
CXUS53 KIND 230730
CF6BMG
PRELIMINARY LOCAL CLIMATOLOGICAL DATA (WS FORM: F-6)

                                          STATION:   BLOOMINGTON IN
                                          MONTH:     SEPTEMBER
                                          YEAR:      2014
                                          LATITUDE:   39  7 N
                                          LONGITUDE:  86 37 W

  TEMPERATURE IN F:       :PCPN:    SNOW:  WIND      :SUNSHINE: SKY     :PK WND
================================================================================
1   2   3   4   5  6A  6B    7    8   9   10  11  12  13   14  15   16   17  18
                                     12Z  AVG MX 2MIN
DY MAX MIN AVG DEP HDD CDD  WTR  SNW DPTH SPD SPD DIR MIN PSBL S-S WX    SPD DR
================================================================================

 1  81  71  76   5   0  11 0.02    M    M  9.6 22 200   M    M   6 1      28 210
 2  77  63  70  -1   0   5 2.55    M    M  4.6 23 290   M    M   6 123    33 300
 3  84  59  72   2   0   7 0.00    M    M  2.0  9 260   M    M   4 12     16 270
 4  87  62  75   5   0  10 0.00    M    M  4.0 12 200   M    M   1 1      14 210
 5  88  69  79   9   0  14    T    M    M  6.3 16 310   M    M   1 1      25 320
 6  73  59  66  -3   0   1    T    M    M  5.0 13  40   M    M   6 1      17  10
 7  76  54  65  -4   0   0    T    M    M  5.3 14  30   M    M   1        20  20
 8  78  49  64  -5   1   0 0.00    M    M  2.4 12 120   M    M   0 1      15 110
 9  79  51  65  -3   0   0 0.00    M    M  2.7 14 200   M    M   0 1      18 200
10  82  63  73   5   0   8 0.77    M    M 11.0 23 200   M    M   6 13     33 220
11  71  57  64  -4   1   0    T    M    M  8.5 14  10   M    M  10 1      18 350
12  64  55  60  -7   5   0 0.00    M    M  5.7 12  20   M    M  10        17  20
13  63  43  53 -14  12   0    T    M    M  5.8 13  20   M    M   5 1      18 360
14  69  41  55 -11  10   0 0.00    M    M  0.9  8 120   M    M   0 1      11 140
15  66  45  56 -10   9   0 0.69    M    M  3.3 16 300   M    M   5 13     22 300
16  64  46  55 -11  10   0 0.00    M    M  4.3 12  20   M    M   7 12     16  10
17  67  42  55 -10  10   0    T    M    M  1.8  9 150   M    M   5 12     12 150
18  73  47  60  -5   5   0 0.00    M    M  2.7 12  70   M    M   2 1      14 100
19  74  45  60  -4   5   0 0.00    M    M  3.6 15 130   M    M   0 1      19 130
20  81  51  66   2   0   1    T    M    M  5.8 17 220   M    M   2 1      24 220
21  75  51  63   0   2   0 0.08    M    M  7.9 18 280   M    M   2 13     28 280
22  68  44  56  -7   9   0 0.00    M    M  3.9 15  30   M    M   1 1      17  10
================================================================================
SM 1640 1167        79  57  4.11    M    107.1          M       80
================================================================================
AV 74.5 53.0                               4.9 FASTST   M    M   4    MAX(MPH)
                                 MISC ---->  # 23 290               # 33  300
================================================================================
NOTES:
# LAST OF SEVERAL OCCURRENCES

COLUMN 17 PEAK WIND IN M.P.H.

PRELIMINARY LOCAL CLIMATOLOGICAL DATA (WS FORM: F-6) , PAGE 2

                                          STATION:  BLOOMINGTON IN
                                          MONTH:    SEPTEMBER
                                          YEAR:     2014
                                          LATITUDE:   39  7 N
                                          LONGITUDE:  86 37 W

[TEMPERATURE DATA]      [PRECIPITATION DATA]       SYMBOLS USED IN COLUMN 16

AVERAGE MONTHLY: 63.8   TOTAL FOR MONTH:   4.11    1 = FOG OR MIST
DPTR FM NORMAL:  -3.4   DPTR FM NORMAL:    1.73    2 = FOG REDUCING VISIBILITY
HIGHEST:    88 ON  5    GRTST 24HR  2.55 ON  2- 2      TO 1/4 MILE OR LESS
LOWEST:     41 ON 14                               3 = THUNDER
                        SNOW, ICE PELLETS, HAIL    4 = ICE PELLETS
                        TOTAL MONTH:    M          5 = HAIL
                        GRTST 24HR    M  ON   M    6 = FREEZING RAIN OR DRIZZLE
                        GRTST DEPTH:  M  ON   M    7 = DUSTSTORM OR SANDSTORM:
                                                       VSBY 1/2 MILE OR LESS
                                                   8 = SMOKE OR HAZE
[NO. OF DAYS WITH]      [WEATHER - DAYS WITH]      9 = BLOWING SNOW
                                                   X = TORNADO
MAX 32 OR BELOW:   0    0.01 INCH OR MORE:   5
MAX 90 OR ABOVE:   0    0.10 INCH OR MORE:   3
MIN 32 OR BELOW:   0    0.50 INCH OR MORE:   3
MIN  0 OR BELOW:   0    1.00 INCH OR MORE:   1

[HDD (BASE 65) ]
TOTAL THIS MO.    79    CLEAR  (SCALE 0-3)  11
DPTR FM NORMAL    44    PTCLDY (SCALE 4-7)   9
TOTAL FM JUL 1    85    CLOUDY (SCALE 8-10)  2
DPTR FM NORMAL    43

[CDD (BASE 65) ]
TOTAL THIS MO.    57
DPTR FM NORMAL   -27    [PRESSURE DATA]
TOTAL FM JAN 1   887    HIGHEST SLP M ON M
DPTR FM NORMAL   -14    LOWEST  SLP 29.64 ON 10

[REMARKS]
