000
CXUS55 KOHX 191010
CF6BNA
PRELIMINARY LOCAL CLIMATOLOGICAL DATA (WS FORM: F-6)

                                          STATION:   NASHVILLE
                                          MONTH:     JANUARY
                                          YEAR:      2018
                                          LATITUDE:   36  7 N
                                          LONGITUDE:  86 41 W

  TEMPERATURE IN F:       :PCPN:    SNOW:  WIND      :SUNSHINE: SKY     :PK WND
================================================================================
1   2   3   4   5  6A  6B    7    8   9   10  11  12  13   14  15   16   17  18
                                     12Z  AVG MX 2MIN
DY MAX MIN AVG DEP HDD CDD  WTR  SNW DPTH SPD SPD DIR MIN PSBL S-S WX    SPD DR
================================================================================

 1  23   6  15 -23  50   0    T    T    0 10.9 16 360   M    M   3        21 330
 2  27   5  16 -22  49   0 0.00  0.0    0  4.8 12  10   M    M   2        13  20
 3  37  16  27 -11  38   0 0.00  0.0    0  5.9 17 340   M    M   6        23 330
 4  24  11  18 -20  47   0    T    T    0  8.6 16 340   M    M   3 8      21 340
 5  31  15  23 -15  42   0 0.00  0.0    0  5.9 12  20   M    M   8        18 300
 6  30  12  21 -17  44   0 0.00  0.0    0  5.4 12  30   M    M   2        13  30
 7  46  17  32  -5  33   0    T  0.0    0 10.0 21 170   M    M   7        30 160
 8  43  37  40   3  25   0 0.34  0.0    0  5.2 25 170   M    M  10 12     32 170
 9  49  40  45   8  20   0 0.01  0.0    0  3.1  9  30   M    M  10 12     12  40
10  66  41  54  17  11   0 0.00  0.0    0  8.5 22 170   M    M   7 1      26 180
11  69  56  63  26   2   0 0.10  0.0    0 11.5 26 190   M    M   9 1      34 170
12  62  23  43   6  22   0 0.32  0.6    0 13.4 24 320   M    M  10 16     32 310
13  26  16  21 -16  44   0    T    T    1 11.7 20 340   M    M   7 1      26 340
14  29  13  21 -16  44   0 0.00  0.0    0  4.4 12  60   M    M   6        18  70
15  48  23  36  -1  29   0    T    T    0  8.3 20 360   M    M   8 1      28 340
16  26   5  16 -21  49   0 0.10  1.6    1  9.0 18 360   M    M   7 18     29 330
17  22   7  15 -22  50   0    T    T    1  7.4 15  10   M    M   6 18     23 360
18  37   8  23 -14  42   0 0.00  0.0    1  4.2 10 190   M    M   0        13 200
================================================================================
SM  695  351       641   0  0.87     2.2 138.2          M      111
================================================================================
AV 38.6 19.5                               7.7 FASTST   M    M   6    MAX(MPH)
                                 MISC ---->  # 26 190               # 34  170
================================================================================
NOTES:
# LAST OF SEVERAL OCCURRENCES

COLUMN 17 PEAK WIND IN M.P.H.

PRELIMINARY LOCAL CLIMATOLOGICAL DATA (WS FORM: F-6) , PAGE 2

                                          STATION:  NASHVILLE
                                          MONTH:    JANUARY
                                          YEAR:     2018
                                          LATITUDE:   36  7 N
                                          LONGITUDE:  86 41 W

[TEMPERATURE DATA]      [PRECIPITATION DATA]       SYMBOLS USED IN COLUMN 16

AVERAGE MONTHLY: 29.1   TOTAL FOR MONTH:   0.87    1 = FOG OR MIST
DPTR FM NORMAL:  -8.3   DPTR FM NORMAL:   -1.25    2 = FOG REDUCING VISIBILITY
HIGHEST:    69 ON 11    GRTST 24HR  0.34 ON  8- 8      TO 1/4 MILE OR LESS
LOWEST:      5 ON 16, 2                            3 = THUNDER
                        SNOW, ICE PELLETS, HAIL    4 = ICE PELLETS
                        TOTAL MONTH:   2.2 INCHES  5 = HAIL
                        GRTST 24HR   1.6 ON 16-16  6 = FREEZING RAIN OR DRIZZLE
                        GRTST DEPTH:   1 ON 18,17  7 = DUSTSTORM OR SANDSTORM:
                                                       VSBY 1/2 MILE OR LESS
                                                   8 = SMOKE OR HAZE
[NO. OF DAYS WITH]      [WEATHER - DAYS WITH]      9 = BLOWING SNOW
                                                   X = TORNADO
MAX 32 OR BELOW:   9    0.01 INCH OR MORE:   5
MAX 90 OR ABOVE:   0    0.10 INCH OR MORE:   4
MIN 32 OR BELOW:  14    0.50 INCH OR MORE:   0
MIN  0 OR BELOW:   0    1.00 INCH OR MORE:   0

[HDD (BASE 65) ]
TOTAL THIS MO.   641    CLEAR  (SCALE 0-3)   5
DPTR FM NORMAL   142    PTCLDY (SCALE 4-7)   9
TOTAL FM JUL 1  1973    CLOUDY (SCALE 8-10)  4
DPTR FM NORMAL    37

[CDD (BASE 65) ]
TOTAL THIS MO.     0
DPTR FM NORMAL     0    [PRESSURE DATA]
TOTAL FM JAN 1     0    HIGHEST SLP  0.00 ON  7
DPTR FM NORMAL     0    LOWEST  SLP 29.59 ON 12

[REMARKS]
