000
CXUS56 KBOI 301002
CF6BNO
PRELIMINARY LOCAL CLIMATOLOGICAL DATA (WS FORM: F-6)

                                          STATION:   BURNS OR
                                          MONTH:     MAY
                                          YEAR:      2016
                                          LATITUDE:   43 34 N
                                          LONGITUDE: 118 57 W

  TEMPERATURE IN F:       :PCPN:    SNOW:  WIND      :SUNSHINE: SKY     :PK WND
================================================================================
1   2   3   4   5  6A  6B    7    8   9   10  11  12  13   14  15   16   17  18
                                     12Z  AVG MX 2MIN
DY MAX MIN AVG DEP HDD CDD  WTR  SNW DPTH SPD SPD DIR MIN PSBL S-S WX    SPD DR
================================================================================

 1  68  29  49   2  16   0 0.00    M    M  8.2 18  40   M    M   2        25  50
 2  72  30  51   4  14   0 0.00    M    M 10.5 26 110   M    M   0        34 100
 3  76  33  55   7  10   0    T    M    M  6.1 24 110   M    M   4        31 110
 4  71  48  60  12   5   0 0.08    M    M  7.8 31 220   M    M   3 38     39 220
 5  64  41  53   5  12   0 0.07    M    M  9.0 28 190   M    M   6        32 190
 6  70  38  54   5  11   0 0.02    M    M 11.6 31 330   M    M   2 12     38 330
 7  68  45  57   8   8   0 0.02    M    M  5.3 16 280   M    M   7 12     21 280
 8  76  40  58   9   7   0 0.00    M    M 12.0 23 270   M    M   1        31 250
 9  58  31  45  -5  20   0 0.00    M    M 11.4 28 300   M    M   1        34 310
10  63  28  46  -4  19   0    T    M    M  5.7 17  30   M    M   2        20 310
11  70  26  48  -2  17   0 0.00    M    M  5.5 14 120   M    M   0        17 130
12  80  33  57   7   8   0 0.00    M    M  5.0 17 200   M    M   0        22 200
13  83  33  58   7   7   0 0.04    M    M  6.2 23 130   M    M   1 38     29 150
14  76  47  62  11   3   0 0.04    M    M 10.6 30 270   M    M   4 1      41 240
15  59  45  52   1  13   0 0.03    M    M 10.3 20 290   M    M  10        24 290
16  63  40  52   0  13   0 0.07    M    M 10.3 24 300   M    M   6        30 290
17  71  31  51  -1  14   0 0.00    M    M  6.3 13 270   M    M   0        14 270
18  79  38  59   7   6   0 0.00    M    M  7.1 18 290   M    M   1 3      24 280
19  58  38  48  -4  17   0 0.00    M    M 12.4 23 300   M    M   5 3      29 310
20  47  30  39 -13  26   0 0.28    M    M  7.5 17  50   M    M   6 1      22  60
21  51  33  42 -11  23   0 0.03    M    M 10.1 21 250   M    M   7 1      27 230
22  59  35  47  -6  18   0 0.01    M    M  7.3 22 210   M    M   8        27 210
23  61  31  46  -7  19   0 0.00    M    M  5.2 16 200   M    M   6        20 180
24  65  34  50  -3  15   0 0.00    M    M  7.2 18 280   M    M   6        22 250
25  67  43  55   1  10   0 0.00    M    M  7.0 13 290   M    M   7        17 180
26  70  39  55   1  10   0 0.00    M    M  9.7 20 190   M    M   1        24 180
27  64  32  48  -6  17   0 0.00    M    M  9.5 22 270   M    M   0        30 280
28  68  29  49  -5  16   0 0.00    M    M  5.6 12 150   M    M   0        14 140
29  76  32  54   0  11   0 0.00    M    M  8.1 21 280   M    M   0        26 270
================================================================================
SM 1953 1032       385   0  0.69    M    238.5          M       96
================================================================================
AV 67.3 35.6                               8.2 FASTST   M    M   3    MAX(MPH)
                                 MISC ---->  # 31 220               # 41  240
================================================================================
NOTES:
# LAST OF SEVERAL OCCURRENCES

COLUMN 17 PEAK WIND IN M.P.H.

PRELIMINARY LOCAL CLIMATOLOGICAL DATA (WS FORM: F-6) , PAGE 2

                                          STATION:  BURNS OR
                                          MONTH:    MAY
                                          YEAR:     2016
                                          LATITUDE:   43 34 N
                                          LONGITUDE: 118 57 W

[TEMPERATURE DATA]      [PRECIPITATION DATA]       SYMBOLS USED IN COLUMN 16

AVERAGE MONTHLY: 51.5   TOTAL FOR MONTH:   0.69    1 = FOG OR MIST
DPTR FM NORMAL:   0.4   DPTR FM NORMAL:   -0.46    2 = FOG REDUCING VISIBILITY
HIGHEST:    83 ON 13    GRTST 24HR  0.31 ON 20-21      TO 1/4 MILE OR LESS
LOWEST:     26 ON 11                               3 = THUNDER
                        SNOW, ICE PELLETS, HAIL    4 = ICE PELLETS
                        TOTAL MONTH:    M          5 = HAIL
                        GRTST 24HR    M  ON   M    6 = FREEZING RAIN OR DRIZZLE
                        GRTST DEPTH:  M  ON   M    7 = DUSTSTORM OR SANDSTORM:
                                                       VSBY 1/2 MILE OR LESS
                                                   8 = SMOKE OR HAZE
[NO. OF DAYS WITH]      [WEATHER - DAYS WITH]      9 = BLOWING SNOW
                                                   X = TORNADO
MAX 32 OR BELOW:   0    0.01 INCH OR MORE:  11
MAX 90 OR ABOVE:   0    0.10 INCH OR MORE:   1
MIN 32 OR BELOW:  11    0.50 INCH OR MORE:   0
MIN  0 OR BELOW:   0    1.00 INCH OR MORE:   0

[HDD (BASE 65) ]
TOTAL THIS MO.   385    CLEAR  (SCALE 0-3)  16
DPTR FM NORMAL   -23    PTCLDY (SCALE 4-7)  12
TOTAL FM JUL 1  6762    CLOUDY (SCALE 8-10)  1
DPTR FM NORMAL  -686

[CDD (BASE 65) ]
TOTAL THIS MO.     0
DPTR FM NORMAL     0    [PRESSURE DATA]
TOTAL FM JAN 1     0    HIGHEST SLP M ON M
DPTR FM NORMAL     0    LOWEST  SLP 29.53 ON  8

[REMARKS]
