000
CXUS56 KBOI 271002
CF6BNO
PRELIMINARY LOCAL CLIMATOLOGICAL DATA (WS FORM: F-6)

                                          STATION:   BURNS OR
                                          MONTH:     FEBRUARY
                                          YEAR:      2015
                                          LATITUDE:   43 34 N
                                          LONGITUDE: 118 57 W

  TEMPERATURE IN F:       :PCPN:    SNOW:  WIND      :SUNSHINE: SKY     :PK WND
================================================================================
1   2   3   4   5  6A  6B    7    8   9   10  11  12  13   14  15   16   17  18
                                     12Z  AVG MX 2MIN
DY MAX MIN AVG DEP HDD CDD  WTR  SNW DPTH SPD SPD DIR MIN PSBL S-S WX    SPD DR
================================================================================

 1  43  28  36  10  29   0    T    M    M  2.9  9 160   M    M   7        11 170
 2  52  30  41  15  24   0 0.08    M    M  6.2 21 200   M    M   7 1      24 200
 3  49  32  41  15  24   0 0.26    M    M  5.0 18 250   M    M   8 1      24 250
 4  52  33  43  17  22   0 0.01    M    M  3.3 10  50   M    M   4 12     12  50
 5  53  34  44  18  21   0 0.00    M    M  4.6 10  90   M    M   4        13  90
 6  57  36  47  20  18   0 0.12    M    M  9.2 31 190   M    M   6 1      41 200
 7  55  34  45  18  20   0 0.16    M    M 15.0 35 210   M    M   4 1      45 200
 8  56  28  42  15  23   0 0.12    M    M  6.1 18 140   M    M   7        23 140
 9  53   M   M   M   M   M    T    M    M 12.6 30 190   M    M   7        38 190
10  51  30  41  14  24   0    T    M    M  4.6 21 230   M    M   3        24 220
11  52  27  40  12  25   0 0.00    M    M  4.8 12  40   M    M   0 8      18  50
12  57  29  43  15  22   0 0.00    M    M  2.1 10 280   M    M   0        11 280
13  57  28  43  15  22   0 0.00    M    M  5.1 13  50   M    M   0        16  50
14  62  31  47  19  18   0 0.00    M    M  6.5 18 290   M    M   0        24 290
15  51  23  37   9  28   0 0.00    M    M  4.3 15 300   M    M   0        18 290
16  50  22  36   7  29   0 0.00    M    M  4.2 12  30   M    M   0        16  60
17  53  22  38   9  27   0 0.00    M    M  3.7  9  60   M    M   0        16 120
18  62  23  43  14  22   0 0.00    M    M  2.9 13 280   M    M   0        13 280
19  60  24  42  12  23   0 0.00    M    M  8.1 17 300   M    M   0        22 220
20  50  28  39   9  26   0 0.00    M    M  7.0 14 290   M    M   4        19 290
21  45  24  35   5  30   0 0.00    M    M 11.0 26 330   M    M   2        34 310
22  44  18  31   0  34   0 0.00    M    M  9.1 15 360   M    M   0        20  60
23  46  12  29  -2  36   0 0.00    M    M  3.6 10 330   M    M   0        12 110
24  62  15  39   8  26   0 0.00    M    M  5.2 18 270   M    M   0        24 270
25  50  20  35   3  30   0 0.00    M    M  7.3 17 270   M    M   3        20 270
26  49  23  36   4  29   0 0.00    M    M  7.6 21 270   M    M   8 8      28 280
================================================================================
SM 1371  654       632   0  0.75    M    162.0          M       74
================================================================================
AV 52.7 26.2                               6.2 FASTST   M    M   3    MAX(MPH)
                                 MISC ---->  # 35 210               # 45  200
================================================================================
NOTES:
# LAST OF SEVERAL OCCURRENCES

COLUMN 17 PEAK WIND IN M.P.H.

PRELIMINARY LOCAL CLIMATOLOGICAL DATA (WS FORM: F-6) , PAGE 2

                                          STATION:  BURNS OR
                                          MONTH:    FEBRUARY
                                          YEAR:     2015
                                          LATITUDE:   43 34 N
                                          LONGITUDE: 118 57 W

[TEMPERATURE DATA]      [PRECIPITATION DATA]       SYMBOLS USED IN COLUMN 16

AVERAGE MONTHLY: 39.4   TOTAL FOR MONTH:   0.75    1 = FOG OR MIST
DPTR FM NORMAL:  11.0   DPTR FM NORMAL:   -0.19    2 = FOG REDUCING VISIBILITY
HIGHEST:    62 ON 24,18 GRTST 24HR  0.28 ON  6- 7      TO 1/4 MILE OR LESS
LOWEST:     12 ON 23                               3 = THUNDER
                        SNOW, ICE PELLETS, HAIL    4 = ICE PELLETS
                        TOTAL MONTH:    M          5 = HAIL
                        GRTST 24HR    M  ON   M    6 = FREEZING RAIN OR DRIZZLE
                        GRTST DEPTH:  M  ON   M    7 = DUSTSTORM OR SANDSTORM:
                                                       VSBY 1/2 MILE OR LESS
                                                   8 = SMOKE OR HAZE
[NO. OF DAYS WITH]      [WEATHER - DAYS WITH]      9 = BLOWING SNOW
                                                   X = TORNADO
MAX 32 OR BELOW:   0    0.01 INCH OR MORE:   6
MAX 90 OR ABOVE:   0    0.10 INCH OR MORE:   4
MIN 32 OR BELOW:  21    0.50 INCH OR MORE:   0
MIN  0 OR BELOW:   0    1.00 INCH OR MORE:   0

[HDD (BASE 65) ]
TOTAL THIS MO.   632    CLEAR  (SCALE 0-3)  15
DPTR FM NORMAL  -317    PTCLDY (SCALE 4-7)  10
TOTAL FM JUL 1  4409    CLOUDY (SCALE 8-10)  1
DPTR FM NORMAL -1053

[CDD (BASE 65) ]
TOTAL THIS MO.     0
DPTR FM NORMAL     0    [PRESSURE DATA]
TOTAL FM JAN 1     0    HIGHEST SLP M ON M
DPTR FM NORMAL     0    LOWEST  SLP 29.64 ON  6

[REMARKS]
