000
CXUS55 KBOI 181002
CF6BOI
PRELIMINARY LOCAL CLIMATOLOGICAL DATA (WS FORM: F-6)

                                          STATION:   BOISE ID
                                          MONTH:     FEBRUARY
                                          YEAR:      2018
                                          LATITUDE:   43 34 N
                                          LONGITUDE: 116 13 W

  TEMPERATURE IN F:       :PCPN:    SNOW:  WIND      :SUNSHINE: SKY     :PK WND
================================================================================
1   2   3   4   5  6A  6B    7    8   9   10  11  12  13   14  15   16   17  18
                                     12Z  AVG MX 2MIN
DY MAX MIN AVG DEP HDD CDD  WTR  SNW DPTH SPD SPD DIR MIN PSBL S-S WX    SPD DR
================================================================================

 1  49  34  42   9  23   0 0.00  0.0    0  2.1  8 160   M    M   9        11 170
 2  59  42  51  17  14   0    T  0.0    0  4.4 12 340   M    M   9        16 130
 3  61  37  49  15  16   0    T  0.0    0  6.5 20 300   M    M   4        27 300
 4  60  42  51  17  14   0    T  0.0    0  3.3  9 350   M    M   9        13 300
 5  54  36  45  11  20   0 0.00  0.0    0  6.5 17 330   M    M   2        22 320
 6  52  29  41   7  24   0 0.00  0.0    0  5.2 16 350   M    M   3        21 360
 7  58  33  46  11  19   0 0.00  0.0    0  6.9 12 140   M    M   3        16 300
 8  60  40  50  15  15   0 0.00  0.0    0  6.8 13 130   M    M   1        16 130
 9  51  36  44   9  21   0 0.00  0.0    0  8.8 23 320   M    M   2        29 320
10  45  26  36   1  29   0 0.00  0.0    0 11.8 24 320   M    M   1        32 310
11  43  26  35   0  30   0 0.00  0.0    0  9.5 18 140   M    M   4        26 150
12  46  25  36   0  29   0    T    T    0  7.8 20 280   M    M   4 1      26 260
13  45  19  32  -4  33   0 0.00  0.0    0  5.8 14 150   M    M   1        17 160
14  43  32  38   2  27   0 0.24  0.5    0  8.4 23 300   M    M   6 1      30 310
15  41  30  36   0  29   0 0.00  0.0    0  6.9 17 310   M    M   7 1      23 330
16  40  26  33  -4  32   0 0.00  0.0    0  6.6 15 140   M    M   6        20 150
17  53  31  42   5  23   0    T  0.0    0 12.2 22 130   M    M   8        30 270
================================================================================
SM  860  544       398   0  0.24     0.5 119.5          M       79
================================================================================
AV 50.6 32.0                               7.0 FASTST   M    M   5    MAX(MPH)
                                 MISC ---->  # 24 320               # 32  310
================================================================================
NOTES:
# LAST OF SEVERAL OCCURRENCES

COLUMN 17 PEAK WIND IN M.P.H.

PRELIMINARY LOCAL CLIMATOLOGICAL DATA (WS FORM: F-6) , PAGE 2

                                          STATION:  BOISE ID
                                          MONTH:    FEBRUARY
                                          YEAR:     2018
                                          LATITUDE:   43 34 N
                                          LONGITUDE: 116 13 W

[TEMPERATURE DATA]      [PRECIPITATION DATA]       SYMBOLS USED IN COLUMN 16

AVERAGE MONTHLY: 41.3   TOTAL FOR MONTH:   0.24    1 = FOG OR MIST
DPTR FM NORMAL:   6.2   DPTR FM NORMAL:   -0.35    2 = FOG REDUCING VISIBILITY
HIGHEST:    61 ON  3    GRTST 24HR  0.24 ON 14-14      TO 1/4 MILE OR LESS
LOWEST:     19 ON 13                               3 = THUNDER
                        SNOW, ICE PELLETS, HAIL    4 = ICE PELLETS
                        TOTAL MONTH:   0.5 INCH    5 = HAIL
                        GRTST 24HR   0.5 ON 14-14  6 = FREEZING RAIN OR DRIZZLE
                        GRTST DEPTH:   0           7 = DUSTSTORM OR SANDSTORM:
                                                       VSBY 1/2 MILE OR LESS
                                                   8 = SMOKE OR HAZE
[NO. OF DAYS WITH]      [WEATHER - DAYS WITH]      9 = BLOWING SNOW
                                                   X = TORNADO
MAX 32 OR BELOW:   0    0.01 INCH OR MORE:   1
MAX 90 OR ABOVE:   0    0.10 INCH OR MORE:   1
MIN 32 OR BELOW:   9    0.50 INCH OR MORE:   0
MIN  0 OR BELOW:   0    1.00 INCH OR MORE:   0

[HDD (BASE 65) ]
TOTAL THIS MO.   398    CLEAR  (SCALE 0-3)   7
DPTR FM NORMAL  -111    PTCLDY (SCALE 4-7)   6
TOTAL FM JUL 1  3577    CLOUDY (SCALE 8-10)  4
DPTR FM NORMAL  -293

[CDD (BASE 65) ]
TOTAL THIS MO.     0
DPTR FM NORMAL     0    [PRESSURE DATA]
TOTAL FM JAN 1     0    HIGHEST SLP M ON M
DPTR FM NORMAL     0    LOWEST  SLP 29.61 ON 17

[REMARKS]
