000
CXUS54 KMAF 251100
CF6BPG
PRELIMINARY LOCAL CLIMATOLOGICAL DATA (WS FORM: F-6)

                                          STATION:   Big Spring McMahon-Wrinkle Fi
                                          MONTH:     APRIL
                                          YEAR:      2017
                                          LATITUDE:   32 12 N
                                          LONGITUDE: 101 31 W

  TEMPERATURE IN F:       :PCPN:    SNOW:  WIND      :SUNSHINE: SKY     :PK WND
================================================================================
1   2   3   4   5  6A  6B    7    8   9   10  11  12  13   14  15   16   17  18
                                     12Z  AVG MX 2MIN
DY MAX MIN AVG DEP HDD CDD  WTR  SNW DPTH SPD SPD DIR MIN PSBL S-S WX    SPD DR
================================================================================

 1  73  51  62   M   3   0 0.00  0.0    0 13.3 25 360   M    M   4        30 140
 2  51  45  48   M  17   0 1.27    M    0 10.8 21 360   M    M   8 3      28 350
 3  80  44  62   M   3   0 0.00  0.0    0  9.4 21 290   M    M   0        27 290
 4  75  45  60   M   5   0 0.00  0.0    0 17.5 32 260   M    M   2        43 270
 5  66  39  53   M  12   0 0.00  0.0    0  8.5 15 340   M    M   0        24 330
 6  74  44  59   M   6   0 0.00  0.0    0  7.9 17 190   M    M   0        22 180
 7  77  53  65   M   0   0 0.00  0.0    0 15.4 22 160   M    M   0        29 160
 8  89  56  73   M   0   8 0.00  0.0    0 14.4 18 160   M    M   0        24 170
 9  91  61  76   M   0  11 0.00  0.0    0 16.1 27 270   M    M   0        38 270
10  74  58  66   M   0   1 0.00  0.0    0 13.0 23  50   M    M   2        30  50
11  77  57  67   M   0   2 0.00  0.0    0 13.9 24  70   M    M   3        28  70
12  69  57  63   M   2   0 0.67  0.0    0 12.2 18 100   M    M   9 3      24 140
13  76  55  66   M   0   1 0.26  0.0    0 10.9 18 190   M    M   5 3      22 190
14  77  62  70   M   0   5 0.00  0.0    0 16.6 22 160   M    M   5        29 160
15  79  62  71   M   0   6 0.00  0.0    0 14.0 22 160   M    M   3        27 170
16  83  62  73   M   0   8 0.00  0.0    0 14.2 33 150   M    M   2 3      55 150
17  83  57  70   M   0   5 0.00  0.0    0  7.1 15 130   M    M   0        20 130
18  85  60  73   M   0   8 0.00  0.0    0 10.1 16 120   M    M   1        23 120
19  89  59  74   M   0   9 0.00  0.0    0 14.5 22 180   M    M   0        27 170
20  87  62  75   M   0  10 0.00  0.0    0  8.8 20 170   M    M   1        25 170
21  89  57  73   M   0   8 0.00  0.0    0 13.3 29  30   M    M   1        41  40
22  65  49  57   M   8   0 0.00  0.0    0 15.4 25  40   M    M   6        33  40
23  72  43  58   M   7   0 0.00  0.0    0  4.2 12  40   M    M   0         M  M
24  92  52  72   M   0   7 0.00  0.0    0 16.7 23 180   M    M   0        31 160
================================================================================
SM 1873 1290        63  89  2.20     0.0 298.2          M       52
================================================================================
AV 78.0 53.8                              12.4 FASTST   M    M   2    MAX(MPH)
                                 MISC ---->  # 33 150               # 55  150
================================================================================
NOTES:
# LAST OF SEVERAL OCCURRENCES

COLUMN 17 PEAK WIND IN M.P.H.

PRELIMINARY LOCAL CLIMATOLOGICAL DATA (WS FORM: F-6) , PAGE 2

                                          STATION:  Big Spring McMahon-Wrinkle Fi
                                          MONTH:    APRIL
                                          YEAR:     2017
                                          LATITUDE:   32 12 N
                                          LONGITUDE: 101 31 W

[TEMPERATURE DATA]      [PRECIPITATION DATA]       SYMBOLS USED IN COLUMN 16

AVERAGE MONTHLY: 65.9   TOTAL FOR MONTH:   2.20    1 = FOG OR MIST
DPTR FM NORMAL:     M   DPTR FM NORMAL:       M    2 = FOG REDUCING VISIBILITY
HIGHEST:    92 ON 24    GRTST 24HR  1.27 ON  2- 2      TO 1/4 MILE OR LESS
LOWEST:     39 ON  5                               3 = THUNDER
                        SNOW, ICE PELLETS, HAIL    4 = ICE PELLETS
                        TOTAL MONTH:   0.0 INCH    5 = HAIL
                        GRTST 24HR     0.0         6 = FREEZING RAIN OR DRIZZLE
                        GRTST DEPTH:   0           7 = DUSTSTORM OR SANDSTORM:
                                                       VSBY 1/2 MILE OR LESS
                                                   8 = SMOKE OR HAZE
[NO. OF DAYS WITH]      [WEATHER - DAYS WITH]      9 = BLOWING SNOW
                                                   X = TORNADO
MAX 32 OR BELOW:   0    0.01 INCH OR MORE:   3
MAX 90 OR ABOVE:   2    0.10 INCH OR MORE:   3
MIN 32 OR BELOW:   0    0.50 INCH OR MORE:   2
MIN  0 OR BELOW:   0    1.00 INCH OR MORE:   1

[HDD (BASE 65) ]
TOTAL THIS MO.    63    CLEAR  (SCALE 0-3)  17
DPTR FM NORMAL     M    PTCLDY (SCALE 4-7)   5
TOTAL FM JUL 1  1806    CLOUDY (SCALE 8-10)  2
DPTR FM NORMAL     M

[CDD (BASE 65) ]
TOTAL THIS MO.    89
DPTR FM NORMAL     M    [PRESSURE DATA]
TOTAL FM JAN 1   182    HIGHEST SLP M ON M
DPTR FM NORMAL     M    LOWEST  SLP M ON M

[REMARKS]
