000
CXUS54 KLZK 251130
CF6BPK
PRELIMINARY LOCAL CLIMATOLOGICAL DATA (WS FORM: F-6)

                                          STATION:   Mountain Home Airport
                                          MONTH:     FEBRUARY
                                          YEAR:      2017
                                          LATITUDE:   36 22 N
                                          LONGITUDE:  92 28 W

  TEMPERATURE IN F:       :PCPN:    SNOW:  WIND      :SUNSHINE: SKY     :PK WND
================================================================================
1   2   3   4   5  6A  6B    7    8   9   10  11  12  13   14  15   16   17  18
                                     12Z  AVG MX 2MIN
DY MAX MIN AVG DEP HDD CDD  WTR  SNW DPTH SPD SPD DIR MIN PSBL S-S WX    SPD DR
================================================================================

 1  56  38  47   8  18   0 0.00  0.0    0   M   M   M   M    M   M         M  M
 2  41  33  37  -2  28   0 0.00  0.0    0   M   M   M   M    M   M         M  M
 3  41  24  33  -7  32   0 0.00  0.0    0   M   M   M   M    M   M         M  M
 4   M   M   M   M   M   M    M    M    M   M   M   M   M    M   M         M  M
 5   M   M   M   M   M   M    M    M    M   M   M   M   M    M   M         M  M
 6   M   M   M   M   M   M    M    M    M   M   M   M   M    M   M         M  M
 7  77  52  65  25   0   0 0.13  0.0    M  6.9 22 210   M    M   0 1      32 220
 8  59  27  43   2  22   0 0.00  0.0    0  6.0 16  10   M    M   1        27  30
 9  43  20  32  -9  33   0 0.00  0.0    0  4.3 10 170   M    M   0 8      13 170
10  68  32  50   9  15   0 0.00  0.0    0  9.1 18 230   M    M   0        29 210
11  82  53  68  27   0   3 0.00  0.0    0  7.4 16 220   M    M   0        22 230
12  67  42  55  13  10   0 0.00  0.0    0  6.4 14  10   M    M   2        25  20
13  54  35  45   3  20   0    T    M    M  3.7 12 130   M    M   4        17 130
14  47  39  43   1  22   0 0.98    M    0  2.3  9  10   M    M   9 1      15  10
15  52  33  43   1  22   0 0.00  0.0    0  4.4 10 360   M    M   1        18 280
16  67  31  49   6  16   0 0.00  0.0    0  6.4 15 230   M    M   0        23 220
17  72  42  57  14   8   0 0.00  0.0    M  6.6 15 220   M    M   0        24 220
18  69  50  60  17   5   0 0.00  0.0    0  4.0  8 100   M    M   3         M  M
19  73  43  58  15   7   0 0.00  0.0    0  5.6 14 130   M    M   2 12     19 130
20  75  54  65  21   0   0 0.19  0.0    0  6.9 20 210   M    M   4 1      26 190
21  60  54  57  13   8   0 0.27  0.0    0  2.5 14  80   M    M   9 1      20  60
22  71  52  62  18   3   0 0.00  0.0    0  3.5 13 130   M    M   6 12     17 130
23  79  50  65  21   0   0 0.00  0.0    0  9.8 22 210   M    M   2 12     29 220
24  67  35  51   6  14   0 0.00  0.0    0  9.4 15 210   M    M   3        28 320
================================================================================
SM 1320  839       283   3  1.57     0.0 105.2          M       46
================================================================================
AV 62.9 40.0                               5.8 FASTST   M    M   3    MAX(MPH)
                                 MISC ---->  # 22 210               # 32  220
================================================================================
NOTES:
# LAST OF SEVERAL OCCURRENCES

COLUMN 17 PEAK WIND IN M.P.H.

PRELIMINARY LOCAL CLIMATOLOGICAL DATA (WS FORM: F-6) , PAGE 2

                                          STATION:  Mountain Home Airport
                                          MONTH:    FEBRUARY
                                          YEAR:     2017
                                          LATITUDE:   36 22 N
                                          LONGITUDE:  92 28 W

[TEMPERATURE DATA]      [PRECIPITATION DATA]       SYMBOLS USED IN COLUMN 16

AVERAGE MONTHLY: 51.4   TOTAL FOR MONTH:   1.57    1 = FOG OR MIST
DPTR FM NORMAL:   9.6   DPTR FM NORMAL:   -0.64    2 = FOG REDUCING VISIBILITY
HIGHEST:    82 ON 11    GRTST 24HR  0.98 ON 14-14      TO 1/4 MILE OR LESS
LOWEST:     20 ON  9                               3 = THUNDER
                        SNOW, ICE PELLETS, HAIL    4 = ICE PELLETS
                        TOTAL MONTH:   0.0 INCH    5 = HAIL
                        GRTST 24HR     0.0         6 = FREEZING RAIN OR DRIZZLE
                        GRTST DEPTH:   0           7 = DUSTSTORM OR SANDSTORM:
                                                       VSBY 1/2 MILE OR LESS
                                                   8 = SMOKE OR HAZE
[NO. OF DAYS WITH]      [WEATHER - DAYS WITH]      9 = BLOWING SNOW
                                                   X = TORNADO
MAX 32 OR BELOW:   0    0.01 INCH OR MORE:   4
MAX 90 OR ABOVE:   0    0.10 INCH OR MORE:   4
MIN 32 OR BELOW:   5    0.50 INCH OR MORE:   1
MIN  0 OR BELOW:   0    1.00 INCH OR MORE:   0

[HDD (BASE 65) ]
TOTAL THIS MO.   283    CLEAR  (SCALE 0-3)  12
DPTR FM NORMAL  -274    PTCLDY (SCALE 4-7)   4
TOTAL FM JUL 1  2239    CLOUDY (SCALE 8-10)  2
DPTR FM NORMAL  -712

[CDD (BASE 65) ]
TOTAL THIS MO.     3
DPTR FM NORMAL     3    [PRESSURE DATA]
TOTAL FM JAN 1     3    HIGHEST SLP M ON M
DPTR FM NORMAL     2    LOWEST  SLP 29.48 ON 23

[REMARKS]
