000
CXUS54 KLZK 311330
CF6BPK
PRELIMINARY LOCAL CLIMATOLOGICAL DATA (WS FORM: F-6)

                                          STATION:   Mountain Home Airport
                                          MONTH:     OCTOBER
                                          YEAR:      2014
                                          LATITUDE:   36 22 N
                                          LONGITUDE:  92 28 W

  TEMPERATURE IN F:       :PCPN:    SNOW:  WIND      :SUNSHINE: SKY     :PK WND
================================================================================
1   2   3   4   5  6A  6B    7    8   9   10  11  12  13   14  15   16   17  18
                                     12Z  AVG MX 2MIN
DY MAX MIN AVG DEP HDD CDD  WTR  SNW DPTH SPD SPD DIR MIN PSBL S-S WX    SPD DR
================================================================================

 1  88  59  74  10   0   9 0.00  0.0    0  5.7 14 190   M    M   2 18     19 190
 2  88  63  76  12   0  11 1.37  0.0    0  6.1 18 180   M    M   6 13     30 340
 3  68  44  56  -8   9   0 0.00  0.0    0  6.4 17 320   M    M   4        37 320
 4  64  41  53 -10  12   0 0.00  0.0    0  4.4 13 280   M    M   0        23 270
 5  79  46  63   0   2   0 0.00  0.0    0  4.3 10 270   M    M   2        19 260
 6  76  57  67   5   0   2    T  0.0    0  4.7 10 230   M    M   2        17 220
 7  86  62  74  12   0   9 0.00  0.0    0  3.0 10 260   M    M   0        15 330
 8  79  59  69   7   0   4 0.00  0.0    0  4.0 12 120   M    M   2        17 130
 9  85  63  74  12   0   9 0.01  0.0    0  6.0 15  30   M    M   2 123    25  30
10  65  54  60  -1   5   0 2.04  0.0    0  6.1 14  60   M    M   8 13     22  50
11  54  49  52  -9  13   0 0.30  0.0    0  5.0 13  50   M    M  10 1      18  80
12  68  52  60  -1   5   0 0.02  0.0    0  6.4 13 150   M    M   8 1      17 190
13  69  55  62   2   3   0 0.82  0.0    0  8.5 21 230   M    M   9 13     29 240
14  62  52  57  -3   8   0    T  0.0    0  6.8 13 270   M    M  10 1      23 290
15  69  47  58  -2   7   0 0.00  0.0    0  4.9 14 310   M    M   0        23 330
16  77  41  59  -1   6   0 0.00  0.0    0  3.9 10 160   M    M   0 1      14 150
17  75  51  63   4   2   0 0.00  0.0    0  2.9 10 300   M    M   0 1      16 310
18  68  47  58  -1   7   0 0.00  0.0    0  2.2  9 340   M    M   0 1      15 350
19  66  42  54  -5  11   0 0.00  0.0    0  3.1  9 180   M    M   1 1      13 140
20  72  51  62   3   3   0    T  0.0    0  2.6 10 320   M    M   6 1      14 310
21  74  48  61   3   4   0 0.00  0.0    0  1.2 10  90   M    M   2 12     14  90
22  68  47  58   0   7   0 0.00  0.0    0  4.8 10  90   M    M   0        14 110
23  61  44  53  -5  12   0 0.00  0.0    0  2.5  9 150   M    M   4 18     11 140
24  74  45  60   2   5   0 0.00  0.0    0  2.0  7 150   M    M   1 12     10 130
25  84  58  71  14   0   6 0.00  0.0    0  2.6  8 310   M    M   0 18     13 330
26  85  57  71  14   0   6 0.00  0.0    0  5.1 15 210   M    M   1 12     20 210
27  79  61  70  13   0   5 0.00  0.0    0  7.5 18 200   M    M   0        25 200
28  70  46  58   2   7   0 0.20  0.0    0  1.8  9 340   M    M   7 13     18 320
29  67  41  54  -2  11   0 0.00  0.0    0  1.3  8 340   M    M   0 128    12 300
30  68  38  53  -3  12   0    T    M    0  3.6 13 190   M    M   1        17 180
================================================================================
SM 2188 1520       151  61  4.76     0.0 129.4          M       88
================================================================================
AV 72.9 50.7                               4.3 FASTST   M    M   3    MAX(MPH)
                                 MISC ---->  # 21 230               # 37  320
================================================================================
NOTES:
# LAST OF SEVERAL OCCURRENCES

COLUMN 17 PEAK WIND IN M.P.H.

PRELIMINARY LOCAL CLIMATOLOGICAL DATA (WS FORM: F-6) , PAGE 2

                                          STATION:  Mountain Home Airport
                                          MONTH:    OCTOBER
                                          YEAR:     2014
                                          LATITUDE:   36 22 N
                                          LONGITUDE:  92 28 W

[TEMPERATURE DATA]      [PRECIPITATION DATA]       SYMBOLS USED IN COLUMN 16

AVERAGE MONTHLY: 61.8   TOTAL FOR MONTH:   4.76    1 = FOG OR MIST
DPTR FM NORMAL:   1.9   DPTR FM NORMAL:    1.13    2 = FOG REDUCING VISIBILITY
HIGHEST:    88 ON  2, 1 GRTST 24HR  2.14 ON 10-11      TO 1/4 MILE OR LESS
LOWEST:     38 ON 30                               3 = THUNDER
                        SNOW, ICE PELLETS, HAIL    4 = ICE PELLETS
                        TOTAL MONTH:   0.0 INCH    5 = HAIL
                        GRTST 24HR     0.0         6 = FREEZING RAIN OR DRIZZLE
                        GRTST DEPTH:   0           7 = DUSTSTORM OR SANDSTORM:
                                                       VSBY 1/2 MILE OR LESS
                                                   8 = SMOKE OR HAZE
[NO. OF DAYS WITH]      [WEATHER - DAYS WITH]      9 = BLOWING SNOW
                                                   X = TORNADO
MAX 32 OR BELOW:   0    0.01 INCH OR MORE:   7
MAX 90 OR ABOVE:   0    0.10 INCH OR MORE:   5
MIN 32 OR BELOW:   0    0.50 INCH OR MORE:   3
MIN  0 OR BELOW:   0    1.00 INCH OR MORE:   2

[HDD (BASE 65) ]
TOTAL THIS MO.   151    CLEAR  (SCALE 0-3)  20
DPTR FM NORMAL   -46    PTCLDY (SCALE 4-7)   6
TOTAL FM JUL 1   177    CLOUDY (SCALE 8-10)  4
DPTR FM NORMAL   -50

[CDD (BASE 65) ]
TOTAL THIS MO.    61
DPTR FM NORMAL    18    [PRESSURE DATA]
TOTAL FM JAN 1  1459    HIGHEST SLP M ON M
DPTR FM NORMAL   -99    LOWEST  SLP 29.47 ON 13

[REMARKS]
