000
CXUS54 KLCH 012110
CF6BPT
PRELIMINARY LOCAL CLIMATOLOGICAL DATA (WS FORM: F-6)

                                          STATION:   BEAUMONT PORT ARTHUR
                                          MONTH:     JANUARY
                                          YEAR:      2015
                                          LATITUDE:   29 57 N
                                          LONGITUDE:  94  1 W

  TEMPERATURE IN F:       :PCPN:    SNOW:  WIND      :SUNSHINE: SKY     :PK WND
================================================================================
1   2   3   4   5  6A  6B    7    8   9   10  11  12  13   14  15   16   17  18
                                     12Z  AVG MX 2MIN
DY MAX MIN AVG DEP HDD CDD  WTR  SNW DPTH SPD SPD DIR MIN PSBL S-S WX    SPD DR
================================================================================

 1  49  43  46  -6  19   0 0.04  0.0    0  9.8 17  50   M    M  10 18     20  40
 2  68  48  58   6   7   0 0.03    M    0  9.5 23 140   M    M  10 12     30 130
 3  70  46  58   6   7   0 1.05    M    0  7.2 23 140   M    M   8 13     32 150
 4  52  38  45  -7  20   0 0.00  0.0    0 10.1 20 340   M    M   0 1      25 340
 5  54  32  43  -9  22   0 0.00  0.0    0  8.2 17  30   M    M   0        21  30
 6  66  33  50  -2  15   0 0.00  0.0    0  2.1 10 170   M    M   0 1      34 210
 7  62  38  50  -2  15   0 0.00  0.0    0 11.3 26  10   M    M   3 1      33  10
 8  40  27  34 -18  31   0 0.00    M    0  7.1 23  30   M    M   1        30  30
 9  39  37  38 -14  27   0 0.17    M    0  9.7 18  30   M    M  10 1      22  30
10  47  37  42 -10  23   0 0.25    M    0 10.6 20  80   M    M  10        28  90
11  54  41  48  -4  17   0 2.11    M    0  8.8 25  90   M    M   8 13     30  90
12  53  47  50  -2  15   0 0.00  0.0    0 10.8 21 350   M    M  10 1      25 350
13  47  40  44  -8  21   0    T    M    0 12.5 22  10   M    M  10        27  10
14  44  39  42 -10  23   0 0.02    M    0  8.9 14  10   M    M  10 1      18 360
15  52  35  44  -8  21   0 0.04    M    0  7.4 18 350   M    M   5 1      23 350
16  60  32  46  -6  19   0 0.00  0.0    0  3.3 12 190   M    M   0 1      15 180
17  69  36  53   1  12   0 0.00  0.0    0  5.4 17 210   M    M   1 12     23 200
18  68  39  54   2  11   0 0.00  0.0    0  5.6 12 200   M    M   0 12     16 180
19  70  33  52  -1  13   0 0.00  0.0    0  5.0 14 160   M    M   2 12     20 180
20  76  46  61   8   4   0 0.00  0.0    0  3.7 12 180   M    M   4 12     17 210
21  72  55  64  11   1   0    T  0.0    0  8.1 16  50   M    M   6 128    20  40
22  60  44  52  -1  13   0 2.28    M    0 17.8 28  40   M    M  10 1      35  40
23  46  38  42 -11  23   0    T    M    0 13.3 23 330   M    M   9 1      29 360
24  62  34  48  -5  17   0 0.00  0.0    0  6.9 14 250   M    M   0 1      17 240
25  71  40  56   3   9   0 0.00  0.0    0  9.7 21 260   M    M   0 1      25 250
26  68  47  58   5   7   0 0.00  0.0    0  9.5 18 330   M    M   0        24 340
27  79  43  61   8   4   0 0.00  0.0    0  4.2  9 290   M    M   0        14  20
28  72  44  58   5   7   0 0.00  0.0    0  6.8 16 140   M    M   1 128    21 120
29  78  49  64  11   1   0 0.00  0.0    0  5.4 14 270   M    M   4 12     20 240
30  65  48  57   3   8   0 0.00  0.0    0 10.0 21  30   M    M   0        25  30
31  67  44  56   2   9   0    T    M    0 12.8 20 120   M    M   4        24 100
================================================================================
SM 1880 1253       441   0  5.99     0.0 261.5          M      136
================================================================================
AV 60.6 40.4                               8.4 FASTST   M    M   4    MAX(MPH)
                                 MISC ---->  # 28  40               # 35   40
================================================================================
NOTES:
# LAST OF SEVERAL OCCURRENCES

COLUMN 17 PEAK WIND IN M.P.H.

PRELIMINARY LOCAL CLIMATOLOGICAL DATA (WS FORM: F-6) , PAGE 2

                                          STATION:  BEAUMONT PORT ARTHUR
                                          MONTH:    JANUARY
                                          YEAR:     2015
                                          LATITUDE:   29 57 N
                                          LONGITUDE:  94  1 W

[TEMPERATURE DATA]      [PRECIPITATION DATA]       SYMBOLS USED IN COLUMN 16

AVERAGE MONTHLY: 50.5   TOTAL FOR MONTH:   5.99    1 = FOG OR MIST
DPTR FM NORMAL:  -2.2   DPTR FM NORMAL:    0.73    2 = FOG REDUCING VISIBILITY
HIGHEST:    79 ON 27    GRTST 24HR  2.28 ON 22-22      TO 1/4 MILE OR LESS
LOWEST:     27 ON  8                               3 = THUNDER
                        SNOW, ICE PELLETS, HAIL    4 = ICE PELLETS
                        TOTAL MONTH:   0.0 INCH    5 = HAIL
                        GRTST 24HR     0.0         6 = FREEZING RAIN OR DRIZZLE
                        GRTST DEPTH:   0           7 = DUSTSTORM OR SANDSTORM:
                                                       VSBY 1/2 MILE OR LESS
                                                   8 = SMOKE OR HAZE
[NO. OF DAYS WITH]      [WEATHER - DAYS WITH]      9 = BLOWING SNOW
                                                   X = TORNADO
MAX 32 OR BELOW:   0    0.01 INCH OR MORE:   9
MAX 90 OR ABOVE:   0    0.10 INCH OR MORE:   5
MIN 32 OR BELOW:   3    0.50 INCH OR MORE:   3
MIN  0 OR BELOW:   0    1.00 INCH OR MORE:   3

[HDD (BASE 65) ]
TOTAL THIS MO.   441    CLEAR  (SCALE 0-3)  15
DPTR FM NORMAL    48    PTCLDY (SCALE 4-7)   6
TOTAL FM JUL 1   926    CLOUDY (SCALE 8-10) 10
DPTR FM NORMAL   -17

[CDD (BASE 65) ]
TOTAL THIS MO.     0
DPTR FM NORMAL   -11    [PRESSURE DATA]
TOTAL FM JAN 1     0    HIGHEST SLP 30.67 ON  8
DPTR FM NORMAL     0    LOWEST  SLP 29.85 ON  3

[REMARKS]
#FINAL-01-15#
