491
CXAK56 PAFG 251217
CF6BRW
PRELIMINARY LOCAL CLIMATOLOGICAL DATA (WS FORM: F-6)

                                          STATION:   BARROW AK
                                          MONTH:     JUNE
                                          YEAR:      2017
                                          LATITUDE:   71 17 N
                                          LONGITUDE: 156 47 W

  TEMPERATURE IN F:       :PCPN:    SNOW:  WIND      :SUNSHINE: SKY     :PK WND
================================================================================
1   2   3   4   5  6A  6B    7    8   9   10  11  12  13   14  15   16   17  18
                                     12Z  AVG MX 2MIN
DY MAX MIN AVG DEP HDD CDD  WTR  SNW DPTH SPD SPD DIR MIN PSBL S-S WX    SPD DR
================================================================================

 1  31  26  29  -1  36   0    T  0.1    3  6.3 13 230   M    M   7 12     15 230
 2  31  24  28  -2  37   0 0.00  0.0    1 10.7 16  70   M    M   9 12     19  70
 3  31  24  28  -3  37   0    T    T    1 18.7 23  70   M    M  10 12     26  70
 4  29  24  27  -4  38   0    T    T    1 16.2 21  80   M    M   9 12     24  80
 5  28  22  25  -7  40   0    T  0.1    1 14.9 20  80   M    M  10 12     23  80
 6  30  24  27  -5  38   0    T    T    1 16.8 23  70   M    M  10 1      26  70
 7  32  24  28  -5  37   0    T    T    1 19.0 25  70   M    M  10 19     29  80
 8  33  26  30  -3  35   0    T  0.1    1 21.2 26  70   M    M  10 19     30  60
 9  34  23  29  -5  36   0    T    T    T 24.3 32  70   M    M   7 1      38  70
10  36  27  32  -2  33   0 0.00  0.0    T 21.6 30  70   M    M   5 1      34  60
11  38  28  33  -1  32   0 0.00  0.0    T 15.6 22  60   M    M   4 12     25  60
12  33  27  30  -5  35   0    T  0.1    T 18.9 25  70   M    M   7 1      30 100
13  34  25  30  -5  35   0    T    T    T 15.8 20  90   M    M   5 1      23  80
14  36  24  30  -6  35   0 0.00  0.0    0 13.2 17  80   M    M   1        20  70
15  37  26  32  -4  33   0 0.00  0.0    0 14.3 22  70   M    M   5 1      25  60
16  36  28  32  -4  33   0 0.01  0.1    0 13.6 18  50   M    M  10 126    22  50
17  36  32  34  -3  31   0    T    T    T  9.7 15  70   M    M  10 12     20  40
18  39  30  35  -2  30   0 0.01    T    0 11.2 15  80   M    M   9 12     18  80
19  44  31  38   1  27   0    T    T    0 13.0 20  70   M    M   7 12     22  80
20  47  33  40   2  25   0 0.20  0.0    0 10.0 16  80   M    M   6 123    19  80
21  51  32  42   4  23   0    T  0.0    0 14.2 28 240   M    M   9 12     34 240
22  43  36  40   2  25   0 0.01  0.0    0 12.9 22 250   M    M   7 12     28 230
23  52  40  46   7  19   0    T  0.0    0 12.2 24 210   M    M  10        29 210
24  48  40  44   5  21   0    T  0.0    0 19.9 30 210   M    M   6        36 220
================================================================================
SM  889  676       771   0  0.23     0.5 364.2          M      183
================================================================================
AV 37.0 28.2                              15.2 FASTST   M    M   8    MAX(MPH)
                                 MISC ---->  # 32  70               # 38   70
================================================================================
NOTES:
# LAST OF SEVERAL OCCURRENCES

COLUMN 17 PEAK WIND IN M.P.H.

PRELIMINARY LOCAL CLIMATOLOGICAL DATA (WS FORM: F-6) , PAGE 2

                                          STATION:  BARROW AK
                                          MONTH:    JUNE
                                          YEAR:     2017
                                          LATITUDE:   71 17 N
                                          LONGITUDE: 156 47 W

[TEMPERATURE DATA]      [PRECIPITATION DATA]       SYMBOLS USED IN COLUMN 16

AVERAGE MONTHLY: 32.6   TOTAL FOR MONTH:   0.23    1 = FOG OR MIST
DPTR FM NORMAL:  -2.2   DPTR FM NORMAL:    0.01    2 = FOG REDUCING VISIBILITY
HIGHEST:    52 ON 23    GRTST 24HR  0.20 ON 20-20      TO 1/4 MILE OR LESS
LOWEST:     22 ON  5                               3 = THUNDER
                        SNOW, ICE PELLETS, HAIL    4 = ICE PELLETS
                        TOTAL MONTH:   0.5 INCH    5 = HAIL
                        GRTST 24HR   0.1 ON 16-16  6 = FREEZING RAIN OR DRIZZLE
                        GRTST DEPTH:   3 ON  1     7 = DUSTSTORM OR SANDSTORM:
                                                       VSBY 1/2 MILE OR LESS
                                                   8 = SMOKE OR HAZE
[NO. OF DAYS WITH]      [WEATHER - DAYS WITH]      9 = BLOWING SNOW
                                                   X = TORNADO
MAX 32 OR BELOW:   7    0.01 INCH OR MORE:   4
MAX 90 OR ABOVE:   0    0.10 INCH OR MORE:   1
MIN 32 OR BELOW:  20    0.50 INCH OR MORE:   0
MIN  0 OR BELOW:   0    1.00 INCH OR MORE:   0

[HDD (BASE 65) ]
TOTAL THIS MO.   771    CLEAR  (SCALE 0-3)   1
DPTR FM NORMAL    44    PTCLDY (SCALE 4-7)  11
TOTAL FM JUL 1 16957    CLOUDY (SCALE 8-10) 12
DPTR FM NORMAL -2289

[CDD (BASE 65) ]
TOTAL THIS MO.     0
DPTR FM NORMAL     0    [PRESSURE DATA]
TOTAL FM JAN 1     0    HIGHEST SLP M ON M
DPTR FM NORMAL     0    LOWEST  SLP 29.65 ON 16

[REMARKS]
