000
CXUS53 KGRR 281017
CF6BTL
PRELIMINARY LOCAL CLIMATOLOGICAL DATA (WS FORM: F-6)

                                          STATION:   BATTLE CREEK MI
                                          MONTH:     JULY
                                          YEAR:      2014
                                          LATITUDE:   42 17 N
                                          LONGITUDE:  85 14 W

  TEMPERATURE IN F:       :PCPN:    SNOW:  WIND      :SUNSHINE: SKY     :PK WND
================================================================================
1   2   3   4   5  6A  6B    7    8   9   10  11  12  13   14  15   16   17  18
                                     12Z  AVG MX 2MIN
DY MAX MIN AVG DEP HDD CDD  WTR  SNW DPTH SPD SPD DIR MIN PSBL S-S WX    SPD DR
================================================================================

 1   M   M   M   M   M   M 1.15    M    M   M   4  99   M    M   7 123     M  M
 2   M   M   M   M   M   M 0.00    M    M 11.7 15 270   M    M   4        23 260
 3  72  53  63  -8   2   0 0.36    M    M  9.1 18 330   M    M   5 1      24 350
 4  76  53  65  -6   0   0 0.00    M    M  5.1 16 360   M    M   0 8      24  10
 5  77  53  65  -6   0   0 0.00    M    M  6.4 14 210   M    M   0 18     18 220
 6  80  61  71   0   0   6 0.00    M    M 11.3 24 210   M    M   4        31 240
 7  83  67  75   4   0  10 0.70    M    M 12.3 22 240   M    M   5 13     28 230
 8  77  64  71   0   0   6 1.07    M    M 11.7 23 280   M    M   6 13     31 280
 9  74  60  67  -4   0   2 0.00    M    M  8.7 15 320   M    M   4        20 320
10  76  54  65  -6   0   0 0.00    M    M  4.3  8  40   M    M   0         M  M
11  80  55  68  -3   0   3 0.00    M    M  4.0 13 200   M    M   1        16 190
12  83  64  74   3   0   9    T    M    M  9.2 21 210   M    M   5        26 200
13  81  68  75   4   0  10 0.22    M    M 10.0 30 250   M    M   4 13     38 250
14  76  62  69  -2   0   4 0.08    M    M  4.3 12 300   M    M   6 1      14 300
15  67  54  61 -10   4   0 0.02    M    M 12.3 24 290   M    M   4 8      31 290
16  70  52  61 -10   4   0    T    M    M  7.0 17 340   M    M   7        22 310
17  75  49  62  -9   3   0 0.00    M    M  3.5 14 260   M    M   3        18 270
18  77  53  65  -6   0   0 0.00    M    M  4.5 12 160   M    M   1        14 180
19  80  57  69  -2   0   4 0.00    M    M  3.7 10 110   M    M   3        14 110
20  82  62  72   1   0   7 0.00    M    M  2.6  9 230   M    M   2 1      11 250
21  84  64  74   3   0   9 0.00    M    M  5.6 13 180   M    M   0 18     17 200
22  87  65  76   5   0  11 0.00    M    M  9.6 21 310   M    M   2        31 310
23  77  59  68  -3   0   3 0.02    M    M  9.6 24 260   M    M   6 3      30 260
24  76  57  67  -4   0   2 0.00    M    M  5.8 13 350   M    M   5        17 360
25  77  53  65  -6   0   0    T    M    M  5.3 17 220   M    M   2        23 220
26  78  61  70  -1   0   5 0.00    M    M  5.8 12 230   M    M   6 18     13 240
27  87  62  75   4   0  10 0.51    M    M  8.0 41 330   M    M   7 1238   53 320
================================================================================
SM 1952 1462        13 101  4.13    M    191.4          M       99
================================================================================
AV 78.1 58.5                               7.4 FASTST   M    M   4    MAX(MPH)
                                 MISC ---->  # 41 330               # 53  320
================================================================================
NOTES:
# LAST OF SEVERAL OCCURRENCES

COLUMN 17 PEAK WIND IN M.P.H.

PRELIMINARY LOCAL CLIMATOLOGICAL DATA (WS FORM: F-6) , PAGE 2

                                          STATION:  BATTLE CREEK MI
                                          MONTH:    JULY
                                          YEAR:     2014
                                          LATITUDE:   42 17 N
                                          LONGITUDE:  85 14 W

[TEMPERATURE DATA]      [PRECIPITATION DATA]       SYMBOLS USED IN COLUMN 16

AVERAGE MONTHLY: 68.3   TOTAL FOR MONTH:   4.13    1 = FOG OR MIST
DPTR FM NORMAL:  -2.7   DPTR FM NORMAL:    1.22    2 = FOG REDUCING VISIBILITY
HIGHEST:    87 ON 27,22 GRTST 24HR  1.15 ON  1- 1      TO 1/4 MILE OR LESS
LOWEST:     49 ON 17                               3 = THUNDER
                        SNOW, ICE PELLETS, HAIL    4 = ICE PELLETS
                        TOTAL MONTH:    M          5 = HAIL
                        GRTST 24HR    M  ON   M    6 = FREEZING RAIN OR DRIZZLE
                        GRTST DEPTH:  M  ON   M    7 = DUSTSTORM OR SANDSTORM:
                                                       VSBY 1/2 MILE OR LESS
                                                   8 = SMOKE OR HAZE
[NO. OF DAYS WITH]      [WEATHER - DAYS WITH]      9 = BLOWING SNOW
                                                   X = TORNADO
MAX 32 OR BELOW:   0    0.01 INCH OR MORE:   9
MAX 90 OR ABOVE:   0    0.10 INCH OR MORE:   6
MIN 32 OR BELOW:   0    0.50 INCH OR MORE:   4
MIN  0 OR BELOW:   0    1.00 INCH OR MORE:   2

[HDD (BASE 65) ]
TOTAL THIS MO.    13    CLEAR  (SCALE 0-3)  11
DPTR FM NORMAL     7    PTCLDY (SCALE 4-7)  16
TOTAL FM JUL 1    13    CLOUDY (SCALE 8-10)  0
DPTR FM NORMAL     7

[CDD (BASE 65) ]
TOTAL THIS MO.   101
DPTR FM NORMAL   -73    [PRESSURE DATA]
TOTAL FM JAN 1   329    HIGHEST SLP  0.00 ON M
DPTR FM NORMAL    -9    LOWEST  SLP  0.00 ON 10

[REMARKS]
