000
CXUS53 KGRR 261017
CF6BTL
PRELIMINARY LOCAL CLIMATOLOGICAL DATA (WS FORM: F-6)

                                          STATION:   BATTLE CREEK
                                          MONTH:     AUGUST
                                          YEAR:      2016
                                          LATITUDE:   42 17 N
                                          LONGITUDE:  85 14 W

  TEMPERATURE IN F:       :PCPN:    SNOW:  WIND      :SUNSHINE: SKY     :PK WND
================================================================================
1   2   3   4   5  6A  6B    7    8   9   10  11  12  13   14  15   16   17  18
                                     12Z  AVG MX 2MIN
DY MAX MIN AVG DEP HDD CDD  WTR  SNW DPTH SPD SPD DIR MIN PSBL S-S WX    SPD DR
================================================================================

 1  82  60  71   1   0   6 0.00    M    M  3.8 10  30   M    M   0 1      14 110
 2  84  58  71   1   0   6 0.00    M    M  2.1 10 260   M    M   1        15 310
 3  85  62  74   4   0   9 0.00    M    M  2.0  9 220   M    M   0        12 220
 4  87  64  76   6   0  11 0.00    M    M  3.5 12 200   M    M   0        16 170
 5  83  63  73   3   0   8 0.00    M    M  8.8 18 300   M    M   3 1      22 270
 6  81  59  70   0   0   5 0.00    M    M  5.9 16 300   M    M   2        25 280
 7  80  57  69  -1   0   4 0.00    M    M  6.0 14  10   M    M   1        23  40
 8  81  55  68  -2   0   3 0.00    M    M  6.4 14 160   M    M   0        19 150
 9  84  56  70   0   0   5 0.00    M    M  2.4 10 190   M    M   0        13 290
10  88  62  75   5   0  10 0.00  0.0    0  2.4 10 260   M    M   2        17 220
11  90  72  81  11   0  16 0.01    M    M  9.0 17 210   M    M   6 1      29 290
12  90  71  81  11   0  16 1.37    M    M  8.1 20 210   M    M   6 13     28 320
13  83  67  75   5   0  10 1.29    M    M 10.9 21 290   M    M   6 1      26 280
14  79  65  72   2   0   7 0.00    M    M  3.6 10 310   M    M   2        13 270
15  77  61  69  -1   0   4 0.59    M    M  5.1 17 190   M    M   3 1      21 180
16  80  65  73   3   0   8 3.18    M    M  8.0 20 200   M    M   6 1      26 110
17  81  63  72   3   0   7 0.69    M    M  7.5 25 320   M    M   2 138    33 270
18  80  59  70   1   0   5 0.00    M    M  5.2 12 190   M    M   1 1      17 190
19  78  66  72   3   0   7 0.01    M    M  6.9 21 240   M    M   2 1      26 240
20  78  62  70   1   0   5 0.33    M    M 10.0 22 180   M    M   5 1      29 170
21  72  56  64  -5   1   0    T    M    M  9.6 22 280   M    M   4        26 290
22  74  52  63  -6   2   0 0.00    M    M  3.8 12 210   M    M   1        14 230
23  77  56  67  -2   0   2 0.00    M    M  7.2 17 220   M    M   1        21 230
24  78  62  70   1   0   5 0.06    M    M  9.2 21 220   M    M   6 1      27 220
25  80  62  71   3   0   6 0.02    M    M  8.6 20 250   M    M   4 1      25 250
================================================================================
SM 2032 1535         3 165  7.55     0.0 156.0          M       64
================================================================================
AV 81.3 61.4                               6.2 FASTST   M    M   3    MAX(MPH)
                                 MISC ---->  # 25 320               # 33  270
================================================================================
NOTES:
# LAST OF SEVERAL OCCURRENCES

COLUMN 17 PEAK WIND IN M.P.H.

PRELIMINARY LOCAL CLIMATOLOGICAL DATA (WS FORM: F-6) , PAGE 2

                                          STATION:  BATTLE CREEK
                                          MONTH:    AUGUST
                                          YEAR:     2016
                                          LATITUDE:   42 17 N
                                          LONGITUDE:  85 14 W

[TEMPERATURE DATA]      [PRECIPITATION DATA]       SYMBOLS USED IN COLUMN 16

AVERAGE MONTHLY: 71.3   TOTAL FOR MONTH:   7.55    1 = FOG OR MIST
DPTR FM NORMAL:   1.7   DPTR FM NORMAL:    4.76    2 = FOG REDUCING VISIBILITY
HIGHEST:    90 ON 12,11 GRTST 24HR  3.77 ON 15-16      TO 1/4 MILE OR LESS
LOWEST:     52 ON 22                               3 = THUNDER
                        SNOW, ICE PELLETS, HAIL    4 = ICE PELLETS
                        TOTAL MONTH:   0.0 INCH    5 = HAIL
                        GRTST 24HR     0.0         6 = FREEZING RAIN OR DRIZZLE
                        GRTST DEPTH:   0           7 = DUSTSTORM OR SANDSTORM:
                                                       VSBY 1/2 MILE OR LESS
                                                   8 = SMOKE OR HAZE
[NO. OF DAYS WITH]      [WEATHER - DAYS WITH]      9 = BLOWING SNOW
                                                   X = TORNADO
MAX 32 OR BELOW:   0    0.01 INCH OR MORE:  10
MAX 90 OR ABOVE:   2    0.10 INCH OR MORE:   6
MIN 32 OR BELOW:   0    0.50 INCH OR MORE:   5
MIN  0 OR BELOW:   0    1.00 INCH OR MORE:   3

[HDD (BASE 65) ]
TOTAL THIS MO.     3    CLEAR  (SCALE 0-3)  16
DPTR FM NORMAL   -22    PTCLDY (SCALE 4-7)   9
TOTAL FM JUL 1     8    CLOUDY (SCALE 8-10)  0
DPTR FM NORMAL   -32

[CDD (BASE 65) ]
TOTAL THIS MO.   165
DPTR FM NORMAL    29    [PRESSURE DATA]
TOTAL FM JAN 1   575    HIGHEST SLP M ON M
DPTR FM NORMAL    78    LOWEST  SLP 29.56 ON 20

[REMARKS]
