000
CXUS53 KGRR 261017
CF6BTL
PRELIMINARY LOCAL CLIMATOLOGICAL DATA (WS FORM: F-6)

                                          STATION:   BATTLE CREEK
                                          MONTH:     JUNE
                                          YEAR:      2017
                                          LATITUDE:   42 17 N
                                          LONGITUDE:  85 14 W

  TEMPERATURE IN F:       :PCPN:    SNOW:  WIND      :SUNSHINE: SKY     :PK WND
================================================================================
1   2   3   4   5  6A  6B    7    8   9   10  11  12  13   14  15   16   17  18
                                     12Z  AVG MX 2MIN
DY MAX MIN AVG DEP HDD CDD  WTR  SNW DPTH SPD SPD DIR MIN PSBL S-S WX    SPD DR
================================================================================

 1  76  48  62  -1   3   0 0.00    M    M  6.5 17 290   M    M   1        23 320
 2  80  47  64   1   1   0 0.00    M    M  5.4 16 310   M    M   0        21 290
 3  82  51  67   3   0   2 0.01    M    M  4.2 14 180   M    M   4        18 340
 4  86  64  75  11   0  10 0.03    M    M  9.4 17 280   M    M   1        25 250
 5  73  54  64   0   1   0 0.00    M    M  8.8 20  30   M    M   5 1      24  10
 6  78  48  63  -2   2   0 0.00    M    M 10.2 22  60   M    M   1        30  60
 7  77  49  63  -2   2   0 0.00    M    M  8.6 20  30   M    M   1        26  20
 8  80  49  65   0   0   0 0.00    M    M  4.2 17 300   M    M   1        22 290
 9  84  59  72   6   0   7 0.01    M    M  8.6 22 240   M    M   4        26 270
10  88  60  74   8   0   9 0.00    M    M 13.0 29 210   M    M   1        34 240
11  91  68  80  14   0  15 0.00    M    M 13.2 22 210   M    M   1        27 200
12  92  69  81  14   0  16 0.00    M    M 12.0 22 240   M    M   1        28 230
13  90  70  80  13   0  15 0.00    M    M  5.8 14 260   M    M   1        24 260
14  90  68  79  12   0  14 0.60    M    M  7.3 22 270   M    M   4 13     27 270
15  86  66  76   9   0  11 0.00    M    M  6.2 17 260   M    M   3        21 260
16  82  64  73   5   0   8    T    M    M  8.4 17 240   M    M   3        22 240
17  88  68  78  10   0  13 0.02    M    M 12.2 24 210   M    M   2 3      30 200
18  81  63  72   4   0   7 0.08    M    M 13.9 25 270   M    M   5        33 280
19  76  58  67  -1   0   2 0.03    M    M 10.1 32 290   M    M   4 3      42 290
20  78  56  67  -2   0   2 0.08    M    M  8.9 25 320   M    M   3 1      32 320
21  77  50  64  -5   1   0 0.00    M    M  3.6 10 220   M    M   3 1      13 230
22  88  66  77   8   0  12 0.01    M    M 12.9 24 200   M    M   5 3      29 200
23  76  61  69   0   0   4 0.06    M    M 10.1 22 220   M    M   6 1      28 200
24  75  55  65  -5   0   0 0.00    M    M 11.2 24 270   M    M   3        30 270
25  72  54  63  -7   2   0 0.02  0.0    0 11.5 25 270   M    M   4        34 270
================================================================================
SM 2046 1465        12 147  0.95     0.0 226.2          M       67
================================================================================
AV 81.8 58.6                               9.0 FASTST   M    M   3    MAX(MPH)
                                 MISC ---->  # 32 290               # 42  290
================================================================================
NOTES:
# LAST OF SEVERAL OCCURRENCES

COLUMN 17 PEAK WIND IN M.P.H.

PRELIMINARY LOCAL CLIMATOLOGICAL DATA (WS FORM: F-6) , PAGE 2

                                          STATION:  BATTLE CREEK
                                          MONTH:    JUNE
                                          YEAR:     2017
                                          LATITUDE:   42 17 N
                                          LONGITUDE:  85 14 W

[TEMPERATURE DATA]      [PRECIPITATION DATA]       SYMBOLS USED IN COLUMN 16

AVERAGE MONTHLY: 70.2   TOTAL FOR MONTH:   0.95    1 = FOG OR MIST
DPTR FM NORMAL:   3.5   DPTR FM NORMAL:   -1.77    2 = FOG REDUCING VISIBILITY
HIGHEST:    92 ON 12    GRTST 24HR  0.60 ON 14-14      TO 1/4 MILE OR LESS
LOWEST:     47 ON  2                               3 = THUNDER
                        SNOW, ICE PELLETS, HAIL    4 = ICE PELLETS
                        TOTAL MONTH:   0.0 INCH    5 = HAIL
                        GRTST 24HR     0.0         6 = FREEZING RAIN OR DRIZZLE
                        GRTST DEPTH:   0           7 = DUSTSTORM OR SANDSTORM:
                                                       VSBY 1/2 MILE OR LESS
                                                   8 = SMOKE OR HAZE
[NO. OF DAYS WITH]      [WEATHER - DAYS WITH]      9 = BLOWING SNOW
                                                   X = TORNADO
MAX 32 OR BELOW:   0    0.01 INCH OR MORE:  11
MAX 90 OR ABOVE:   4    0.10 INCH OR MORE:   1
MIN 32 OR BELOW:   0    0.50 INCH OR MORE:   1
MIN  0 OR BELOW:   0    1.00 INCH OR MORE:   0

[HDD (BASE 65) ]
TOTAL THIS MO.    12    CLEAR  (SCALE 0-3)  14
DPTR FM NORMAL   -41    PTCLDY (SCALE 4-7)  11
TOTAL FM JUL 1  5425    CLOUDY (SCALE 8-10)  0
DPTR FM NORMAL -1262

[CDD (BASE 65) ]
TOTAL THIS MO.   147
DPTR FM NORMAL    51    [PRESSURE DATA]
TOTAL FM JAN 1   184    HIGHEST SLP M ON M
DPTR FM NORMAL    50    LOWEST  SLP 29.50 ON 18

[REMARKS]
