036
CXUS51 KBTV 230700
CF6BTV
PRELIMINARY LOCAL CLIMATOLOGICAL DATA (WS FORM: F-6)

                                          STATION:   BURLINGTON VT
                                          MONTH:     SEPTEMBER
                                          YEAR:      2017
                                          LATITUDE:   44 28 N
                                          LONGITUDE:  73  9 W

  TEMPERATURE IN F:       :PCPN:    SNOW:  WIND      :SUNSHINE: SKY     :PK WND
================================================================================
1   2   3   4   5  6A  6B    7    8   9   10  11  12  13   14  15   16   17  18
                                     12Z  AVG MX 2MIN
DY MAX MIN AVG DEP HDD CDD  WTR  SNW DPTH SPD SPD DIR MIN PSBL S-S WX    SPD DR
================================================================================

 1  64  47  56 -10   9   0 0.00  0.0    0 12.0 26 330   M    M   4        33 330
 2  70  41  56 -10   9   0 0.00  0.0    0  2.3 10 240   M    M   3        14 250
 3  57  52  55 -10  10   0 0.90  0.0    0  6.5 13 190   M    M   8 1      18 220
 4  79  56  68   3   0   3 0.01  0.0    0 10.7 22 180   M    M   7        28 180
 5  69  59  64  -1   1   0 1.04  0.0    0  7.0 23 170   M    M   8 13     31 180
 6  65  58  62  -2   3   0 0.20  0.0    0  2.7 12 120   M    M   8 1      14 130
 7  70  56  63  -1   2   0 0.26  0.0    0  5.9 20 300   M    M   7 1      24 310
 8  63  55  59  -5   6   0 0.36  0.0    0  7.0 14 180   M    M   8 13     20 190
 9  65  53  59  -4   6   0 0.01  0.0    0  3.7 13 340   M    M   9 12     15 340
10  66  49  58  -5   7   0 0.00  0.0    0  4.2 15 330   M    M   4        19 320
11  75  45  60  -3   5   0 0.00  0.0    0  2.3  9 330   M    M   2        12 340
12  78  49  64   2   1   0 0.00  0.0    0  2.3 10 180   M    M   2        13 160
13  81  53  67   5   0   2 0.00  0.0    0  5.3 14 180   M    M   3        16 180
14  77  60  69   8   0   4 0.00  0.0    0  3.5 15 180   M    M   7        17 190
15  81  64  73  12   0   8 0.00  0.0    0  2.9  9 360   M    M   5 12     13 300
16  84  60  72  11   0   7 0.00  0.0    0  3.1 12 200   M    M   3 1      12 200
17  84  61  73  13   0   8 0.00  0.0    0  1.1  7 130   M    M   3 1      10 340
18  87  62  75  15   0  10 0.00  0.0    0  3.4  9 170   M    M   4        12 200
19  81  62  72  13   0   7 0.00  0.0    0  5.1 15 130   M    M   3        19 130
20  81  59  70  11   0   5 0.00  0.0    0  6.8 20 340   M    M   5        24 330
21  79  57  68  10   0   3 0.00  0.0    0  6.0 17 330   M    M   7 1      22 330
22  79  52  66   8   0   1 0.00  0.0    0  4.2 13 320   M    M   2        16 310
================================================================================
SM 1635 1210        59  58  2.78     0.0 108.0          M      112
================================================================================
AV 74.3 55.0                               4.9 FASTST   M    M   5    MAX(MPH)
                                 MISC ---->  # 26 330               # 33  330
================================================================================
NOTES:
# LAST OF SEVERAL OCCURRENCES

COLUMN 17 PEAK WIND IN M.P.H.

PRELIMINARY LOCAL CLIMATOLOGICAL DATA (WS FORM: F-6) , PAGE 2

                                          STATION:  BURLINGTON VT
                                          MONTH:    SEPTEMBER
                                          YEAR:     2017
                                          LATITUDE:   44 28 N
                                          LONGITUDE:  73  9 W

[TEMPERATURE DATA]      [PRECIPITATION DATA]       SYMBOLS USED IN COLUMN 16

AVERAGE MONTHLY: 64.7   TOTAL FOR MONTH:   2.78    1 = FOG OR MIST
DPTR FM NORMAL:   2.4   DPTR FM NORMAL:    0.18    2 = FOG REDUCING VISIBILITY
HIGHEST:    87 ON 18    GRTST 24HR  1.04 ON  5- 5      TO 1/4 MILE OR LESS
LOWEST:     41 ON  2                               3 = THUNDER
                        SNOW, ICE PELLETS, HAIL    4 = ICE PELLETS
                        TOTAL MONTH:   0.0 INCH    5 = HAIL
                        GRTST 24HR     0.0         6 = FREEZING RAIN OR DRIZZLE
                        GRTST DEPTH:   0           7 = DUSTSTORM OR SANDSTORM:
                                                       VSBY 1/2 MILE OR LESS
                                                   8 = SMOKE OR HAZE
[NO. OF DAYS WITH]      [WEATHER - DAYS WITH]      9 = BLOWING SNOW
                                                   X = TORNADO
MAX 32 OR BELOW:   0    0.01 INCH OR MORE:   7
MAX 90 OR ABOVE:   0    0.10 INCH OR MORE:   5
MIN 32 OR BELOW:   0    0.50 INCH OR MORE:   2
MIN  0 OR BELOW:   0    1.00 INCH OR MORE:   1

[HDD (BASE 65) ]
TOTAL THIS MO.    59    CLEAR  (SCALE 0-3)   6
DPTR FM NORMAL   -40    PTCLDY (SCALE 4-7)  14
TOTAL FM JUL 1    82    CLOUDY (SCALE 8-10)  2
DPTR FM NORMAL   -59

[CDD (BASE 65) ]
TOTAL THIS MO.    58
DPTR FM NORMAL    18    [PRESSURE DATA]
TOTAL FM JAN 1   575    HIGHEST SLP M ON M
DPTR FM NORMAL    87    LOWEST  SLP 29.69 ON  5

[REMARKS]
