000
CXUS55 KLOX 231155
CF6BUR
PRELIMINARY LOCAL CLIMATOLOGICAL DATA (WS FORM: F-6)

                                          STATION:   BOB HOPE AIRPORT (BURBANK) CA
                                          MONTH:     MARCH
                                          YEAR:      2017
                                          LATITUDE:   34 12 N
                                          LONGITUDE: 118 22 W

  TEMPERATURE IN F:       :PCPN:    SNOW:  WIND      :SUNSHINE: SKY     :PK WND
================================================================================
1   2   3   4   5  6A  6B    7    8   9   10  11  12  13   14  15   16   17  18
                                     12Z  AVG MX 2MIN
DY MAX MIN AVG DEP HDD CDD  WTR  SNW DPTH SPD SPD DIR MIN PSBL S-S WX    SPD DR
================================================================================

 1  72  43  58   1   7   0 0.00  0.0    0  3.3 10 200   M    M   0        19 240
 2  79  43  61   4   4   0 0.00    M    0  2.9 10 210   M    M   0 8      14 100
 3  80  46  63   6   2   0 0.00  0.0    0  3.4 13 200   M    M   0        18 140
 4  68  47  58   1   7   0 0.00  0.0    0  4.9 16 140   M    M   0        21 140
 5  59  43  51  -7  14   0 0.03    M    0  7.7 16 250   M    M   5 1      22 250
 6  66  42  54  -4  11   0 0.00  0.0    0  9.0 18 330   M    M   0        25 330
 7  77  43  60   2   5   0 0.00  0.0    0  3.7 12 150   M    M   0        14 130
 8  84  50  67   9   0   2 0.00  0.0    0  3.5 12 170   M    M   0        14 180
 9  87  54  71  13   0   6 0.00  0.0    0  2.8 12 180   M    M   0        14 180
10  83  54  69  11   0   4 0.00  0.0    0  2.3 10 190   M    M   0        15 170
11  84  53  69  11   0   4 0.00  0.0    0  3.3 10  90   M    M   0        15 100
12  90  53  72  14   0   7 0.00  0.0    0  2.5 12 200   M    M   0        15 200
13  93  56  75  17   0  10 0.00  0.0    0  3.5 12 180   M    M   0        22  90
14  89  56  73  15   0   8 0.00  0.0    0  3.2 10 190   M    M   0        16 230
15  87  62  75  17   0  10 0.00  0.0    0  3.5 15 250   M    M   0 8      19 260
16  79  57  68  10   0   3 0.00  0.0    0  3.7 12 180   M    M   0        18 230
17  83  56  70  12   0   5 0.00  0.0    0  3.7 12 200   M    M   0 8      19 120
18  79  53  66   8   0   1 0.00  0.0    0  4.7 12 130   M    M   2 18     16  80
19  79  51  65   7   0   0 0.00  0.0    0  5.8 13 170   M    M   1 12     16 150
20  69  56  63   4   2   0 0.00  0.0    0  6.1 14 130   M    M   5 8      20 210
21  63  54  59   0   6   0 0.17  0.0    0  7.2 15 140   M    M   9 1      19 130
22  67  53  60   1   5   0 0.01  0.0    0  5.9 18 260   M    M   5 13     23 260
================================================================================
SM 1717 1125        63  60  0.21     0.0  96.6          M       27
================================================================================
AV 78.1 51.1                               4.4 FASTST   M    M   1    MAX(MPH)
                                 MISC ---->  # 18 330               # 25  330
================================================================================
NOTES:
# LAST OF SEVERAL OCCURRENCES

COLUMN 17 PEAK WIND IN M.P.H.

PRELIMINARY LOCAL CLIMATOLOGICAL DATA (WS FORM: F-6) , PAGE 2

                                          STATION:  BOB HOPE AIRPORT (BURBANK) CA
                                          MONTH:    MARCH
                                          YEAR:     2017
                                          LATITUDE:   34 12 N
                                          LONGITUDE: 118 22 W

[TEMPERATURE DATA]      [PRECIPITATION DATA]       SYMBOLS USED IN COLUMN 16

AVERAGE MONTHLY: 64.6   TOTAL FOR MONTH:   0.21    1 = FOG OR MIST
DPTR FM NORMAL:   6.6   DPTR FM NORMAL:   -2.16    2 = FOG REDUCING VISIBILITY
HIGHEST:    93 ON 13    GRTST 24HR  0.17 ON 21-21      TO 1/4 MILE OR LESS
LOWEST:     42 ON  6                               3 = THUNDER
                        SNOW, ICE PELLETS, HAIL    4 = ICE PELLETS
                        TOTAL MONTH:   0.0 INCH    5 = HAIL
                        GRTST 24HR     0.0         6 = FREEZING RAIN OR DRIZZLE
                        GRTST DEPTH:   0           7 = DUSTSTORM OR SANDSTORM:
                                                       VSBY 1/2 MILE OR LESS
                                                   8 = SMOKE OR HAZE
[NO. OF DAYS WITH]      [WEATHER - DAYS WITH]      9 = BLOWING SNOW
                                                   X = TORNADO
MAX 32 OR BELOW:   0    0.01 INCH OR MORE:   3
MAX 90 OR ABOVE:   2    0.10 INCH OR MORE:   1
MIN 32 OR BELOW:   0    0.50 INCH OR MORE:   0
MIN  0 OR BELOW:   0    1.00 INCH OR MORE:   0

[HDD (BASE 65) ]
TOTAL THIS MO.    63    CLEAR  (SCALE 0-3)  18
DPTR FM NORMAL   -98    PTCLDY (SCALE 4-7)   3
TOTAL FM JUL 1  1056    CLOUDY (SCALE 8-10)  1
DPTR FM NORMAL  -246

[CDD (BASE 65) ]
TOTAL THIS MO.    60
DPTR FM NORMAL    60    [PRESSURE DATA]
TOTAL FM JAN 1    61    HIGHEST SLP M ON M
DPTR FM NORMAL    55    LOWEST  SLP 29.90 ON M

[REMARKS]
