000
CXUS51 KLWX 010620
CF6BWI
PRELIMINARY LOCAL CLIMATOLOGICAL DATA (WS FORM: F-6)

                                          STATION:   BALTIMORE MD
                                          MONTH:     JUNE
                                          YEAR:      2015
                                          LATITUDE:   39 10 N
                                          LONGITUDE:  76 40 W

  TEMPERATURE IN F:       :PCPN:    SNOW:  WIND      :SUNSHINE: SKY     :PK WND
================================================================================
1   2   3   4   5  6A  6B    7    8   9   10  11  12  13   14  15   16   17  18
                                     12Z  AVG MX 2MIN
DY MAX MIN AVG DEP HDD CDD  WTR  SNW DPTH SPD SPD DIR MIN PSBL S-S WX    SPD DR
================================================================================

 1  86  67  77   9   0  12 2.50  0.0    0  4.8 18  70   M    M   7 13     23  70
 2  67  56  62  -6   3   0 0.55  0.0    0  8.9 15  40   M    M  10 1      20  50
 3  62  55  59 -10   6   0 0.07  0.0    0  9.4 17  60   M    M   8 18     22  40
 4  64  56  60  -9   5   0 0.15  0.0    0 10.0 15  50   M    M  10 1      20  50
 5  74  55  65  -4   0   0 0.14  0.0    0  3.4 10  50   M    M   8 1      14  30
 6  80  61  71   1   0   6    T  0.0    0  5.7 16 350   M    M   7 1      24  10
 7  75  64  70   0   0   5 0.00  0.0    0  6.5 14 140   M    M   8        21 120
 8  87  60  74   4   0   9 1.30  0.0    0  6.8 23 280   M    M   7 13     29 280
 9  84  66  75   4   0  10 0.00  0.0    0  9.4 21 270   M    M   7        28 280
10  84  61  73   2   0   8 0.00  0.0    0  3.5 13 200   M    M   2        20 190
11  93  65  79   8   0  14 0.00  0.0    0  3.9 10 160   M    M   6 18     16 260
12  94  71  83  11   0  18 0.00  0.0    0  6.2 20 230   M    M   6 18     28 230
13  89  73  81   9   0  16 0.00  0.0    0  5.5 16 310   M    M   7 3      24 340
14  91  73  82  10   0  17 0.04  0.0    0  2.0 18 250   M    M   6 138    23 240
15  89  74  82  10   0  17 0.10  0.0    0  6.7 15 270   M    M   8 13     21 280
16  93  72  83  10   0  18 0.00  0.0    0  8.4 23 270   M    M   7        32 280
17  85  68  77   4   0  12 0.47  0.0    0  4.1 10 110   M    M   8 1      18  30
18  85  69  77   4   0  12 0.88  0.0    0  2.8 14 110   M    M   9 138    18 250
19  85  70  78   4   0  13 0.06  0.0    0  8.3 21 320   M    M   8 13     28 310
20  87  70  79   5   0  14 1.92  0.0    0  6.3 31 240   M    M   M 138    40 240
21  90  72  81   7   0  16 0.09  0.0    0  8.5 20 270   M    M   7 1      28 270
22  89  71  80   6   0  15 0.00  0.0    0  4.7 15 260   M    M   5        22 240
23  94  71  83   8   0  18 1.30  0.0    0  5.7 23 350   M    M   6 13     30 350
24  83  65  74  -1   0   9 0.00  0.0    0  5.1 15 280   M    M   6        20 330
25  82  62  72  -3   0   7 0.41  0.0    0  3.5 18 340   M    M   8 1      26 320
26  78  66  72  -3   0   7 0.00  0.0    0  4.3 10 340   M    M   8 18     22 360
27  70  64  67  -9   0   2 3.11  0.0    0  9.3 21 100   M    M  10 1      26 100
28  77  63  70  -6   0   5    T  0.0    0  8.8 22 280   M    M   6 1      30 270
29  82  59  71  -5   0   6 0.00  0.0    0  5.5 14 260   M    M   3 8      20 330
30  87  63  75  -1   0  10    T  0.0    0  4.7 15 220   M    M   6 3      20 240
================================================================================
SM 2486 1962        14 296 13.09     0.0 182.7          M      204
================================================================================
AV 82.9 65.4                               6.1 FASTST   M    M   7    MAX(MPH)
                                 MISC ---->  # 31 240               # 40  240
================================================================================
NOTES:
# LAST OF SEVERAL OCCURRENCES

COLUMN 17 PEAK WIND IN M.P.H.

PRELIMINARY LOCAL CLIMATOLOGICAL DATA (WS FORM: F-6) , PAGE 2

                                          STATION:  BALTIMORE MD
                                          MONTH:    JUNE
                                          YEAR:     2015
                                          LATITUDE:   39 10 N
                                          LONGITUDE:  76 40 W

[TEMPERATURE DATA]      [PRECIPITATION DATA]       SYMBOLS USED IN COLUMN 16

AVERAGE MONTHLY: 74.1   TOTAL FOR MONTH:  13.09    1 = FOG OR MIST
DPTR FM NORMAL:   1.7   DPTR FM NORMAL:    9.63    2 = FOG REDUCING VISIBILITY
HIGHEST:    94 ON 23,12 GRTST 24HR  3.11 ON 27-27      TO 1/4 MILE OR LESS
LOWEST:     55 ON  5, 3                            3 = THUNDER
                        SNOW, ICE PELLETS, HAIL    4 = ICE PELLETS
                        TOTAL MONTH:   0.0 INCH    5 = HAIL
                        GRTST 24HR     0.0         6 = FREEZING RAIN OR DRIZZLE
                        GRTST DEPTH:   0           7 = DUSTSTORM OR SANDSTORM:
                                                       VSBY 1/2 MILE OR LESS
                                                   8 = SMOKE OR HAZE
[NO. OF DAYS WITH]      [WEATHER - DAYS WITH]      9 = BLOWING SNOW
                                                   X = TORNADO
MAX 32 OR BELOW:   0    0.01 INCH OR MORE:  16
MAX 90 OR ABOVE:   6    0.10 INCH OR MORE:  12
MIN 32 OR BELOW:   0    0.50 INCH OR MORE:   7
MIN  0 OR BELOW:   0    1.00 INCH OR MORE:   5

[HDD (BASE 65) ]
TOTAL THIS MO.    14    CLEAR  (SCALE 0-3)   2
DPTR FM NORMAL    -1    PTCLDY (SCALE 4-7)  22
TOTAL FM JUL 1  4964    CLOUDY (SCALE 8-10)  5
DPTR FM NORMAL   200

[CDD (BASE 65) ]
TOTAL THIS MO.   296
DPTR FM NORMAL    58    [PRESSURE DATA]
TOTAL FM JAN 1   485    HIGHEST SLP M ON M
DPTR FM NORMAL   163    LOWEST  SLP 29.66 ON 28

[REMARKS]
#FINAL-06-15#
