000
CXUS51 KLWX 230620
CF6BWI
PRELIMINARY LOCAL CLIMATOLOGICAL DATA (WS FORM: F-6)

                                          STATION:   BALTIMORE MD
                                          MONTH:     NOVEMBER
                                          YEAR:      2017
                                          LATITUDE:   39 10 N
                                          LONGITUDE:  76 40 W

  TEMPERATURE IN F:       :PCPN:    SNOW:  WIND      :SUNSHINE: SKY     :PK WND
================================================================================
1   2   3   4   5  6A  6B    7    8   9   10  11  12  13   14  15   16   17  18
                                     12Z  AVG MX 2MIN
DY MAX MIN AVG DEP HDD CDD  WTR  SNW DPTH SPD SPD DIR MIN PSBL S-S WX    SPD DR
================================================================================

 1  60  43  52   1  13   0 0.00  0.0    0  4.7 12  70   M    M   8        18  60
 2  76  49  63  12   2   0 0.00  0.0    0  3.7 15 210   M    M   6        20 200
 3  77  49  63  13   2   0 0.00  0.0    0  4.9 16  10   M    M   6 18     23  10
 4  57  47  52   2  13   0 0.46  0.0    0  7.3 13 100   M    M   9 1      23  80
 5  61  52  57   7   8   0 0.22  0.0    0  5.3 12  70   M    M   9 1      15 220
 6  72  51  62  12   3   0    T  0.0    0  7.6 14  10   M    M   8 1      21 240
 7  51  40  46  -3  19   0 1.11  0.0    0  6.5 14  50   M    M   8 1      18  30
 8  49  40  45  -4  20   0    T  0.0    0  5.0 13  10   M    M   9 1      19 360
 9  56  39  48  -1  17   0 0.04  0.0    0  3.7 13 290   M    M   9 18     16 290
10  46  28  37 -11  28   0 0.00  0.0    0  9.9 21 310   M    M   3 18     29 310
11  39  21  30 -18  35   0 0.00  0.0    0  3.2 12  20   M    M   5        20  10
12  46  25  36 -12  29   0    T  0.0    0  2.2 10  70   M    M   9        14  10
13  50  33  42  -5  23   0 0.12  0.0    0  4.1 12 300   M    M   6 1      23 350
14  50  32  41  -6  24   0 0.00  0.0    0  4.6 12 310   M    M   8 1      19  10
15  52  29  41  -6  24   0 0.00  0.0    0  3.4 14  70   M    M   6 1      19  30
16  60  42  51   5  14   0 0.01  0.0    0 11.2 24 290   M    M   6        34 270
17  53  32  43  -3  22   0 0.00  0.0    0  6.3 16 290   M    M   4        26 330
18  63  30  47   1  18   0    T  0.0    0  6.2 23 210   M    M   9        31 200
19  63  39  51   6  14   0 0.16  0.0    0 17.0 35 280   M    M   7 1      49 280
20  50  34  42  -3  23   0 0.00  0.0    0  9.4 22 290   M    M   4        26 270
21  61  29  45   0  20   0 0.00  0.0    0  6.3 18 200   M    M   7        27 190
22  57  31  44   0  21   0 0.01  0.0    0 10.1 29 290   M    M   5        37 290
================================================================================
SM 1249  815       392   0  2.13     0.0 142.6          M      151
================================================================================
AV 56.8 37.1                               6.5 FASTST   M    M   7    MAX(MPH)
                                 MISC ---->  # 35 280               # 49  280
================================================================================
NOTES:
# LAST OF SEVERAL OCCURRENCES

COLUMN 17 PEAK WIND IN M.P.H.

PRELIMINARY LOCAL CLIMATOLOGICAL DATA (WS FORM: F-6) , PAGE 2

                                          STATION:  BALTIMORE MD
                                          MONTH:    NOVEMBER
                                          YEAR:     2017
                                          LATITUDE:   39 10 N
                                          LONGITUDE:  76 40 W

[TEMPERATURE DATA]      [PRECIPITATION DATA]       SYMBOLS USED IN COLUMN 16

AVERAGE MONTHLY: 46.9   TOTAL FOR MONTH:   2.13    1 = FOG OR MIST
DPTR FM NORMAL:  -0.9   DPTR FM NORMAL:   -0.27    2 = FOG REDUCING VISIBILITY
HIGHEST:    77 ON  3    GRTST 24HR  1.11 ON  7- 7      TO 1/4 MILE OR LESS
LOWEST:     21 ON 11                               3 = THUNDER
                        SNOW, ICE PELLETS, HAIL    4 = ICE PELLETS
                        TOTAL MONTH:   0.0 INCH    5 = HAIL
                        GRTST 24HR     0.0         6 = FREEZING RAIN OR DRIZZLE
                        GRTST DEPTH:   0           7 = DUSTSTORM OR SANDSTORM:
                                                       VSBY 1/2 MILE OR LESS
                                                   8 = SMOKE OR HAZE
[NO. OF DAYS WITH]      [WEATHER - DAYS WITH]      9 = BLOWING SNOW
                                                   X = TORNADO
MAX 32 OR BELOW:   0    0.01 INCH OR MORE:   8
MAX 90 OR ABOVE:   0    0.10 INCH OR MORE:   5
MIN 32 OR BELOW:   9    0.50 INCH OR MORE:   1
MIN  0 OR BELOW:   0    1.00 INCH OR MORE:   1

[HDD (BASE 65) ]
TOTAL THIS MO.   392    CLEAR  (SCALE 0-3)   0
DPTR FM NORMAL    13    PTCLDY (SCALE 4-7)  14
TOTAL FM JUL 1   583    CLOUDY (SCALE 8-10)  8
DPTR FM NORMAL  -143

[CDD (BASE 65) ]
TOTAL THIS MO.     0
DPTR FM NORMAL     0    [PRESSURE DATA]
TOTAL FM JAN 1  1316    HIGHEST SLP M ON M
DPTR FM NORMAL   153    LOWEST  SLP 29.31 ON 19

[REMARKS]
