000
CXUS56 KTFX 251205
CF6BZN
PRELIMINARY LOCAL CLIMATOLOGICAL DATA (WS FORM: F-6)

                                          STATION:   BOZEMAN/GALLATIN FIELD MT
                                          MONTH:     JANUARY
                                          YEAR:      2015
                                          LATITUDE:   45 46 N
                                          LONGITUDE: 111  9 W

  TEMPERATURE IN F:       :PCPN:    SNOW:  WIND      :SUNSHINE: SKY     :PK WND
================================================================================
1   2   3   4   5  6A  6B    7    8   9   10  11  12  13   14  15   16   17  18
                                     12Z  AVG MX 2MIN
DY MAX MIN AVG DEP HDD CDD  WTR  SNW DPTH SPD SPD DIR MIN PSBL S-S WX    SPD DR
================================================================================

 1  11 -11   0 -22  65   0 0.00  0.0    7  2.8  8 140   M    M   0 1      10 190
 2  26  -8   9 -13  56   0 0.02  0.6    7  3.5  9 140   M    M   6        10 140
 3  24   4  14  -8  51   0 0.08  2.4   10  4.7 24 360   M    M   9        28 350
 4   9   4   7 -15  58   0    T  0.3   10  3.2  8 230   M    M  10 18      9 230
 5  42   8  25   3  40   0 0.00  0.0   10  1.7  7  40   M    M  10 18      8  40
 6  47  18  33  11  32   0 0.00  0.0    8  5.8 15 230   M    M   6        19 230
 7  20   6  13  -9  52   0 0.00  0.0    4  2.5 12 290   M    M   3        13 300
 8  25   8  17  -6  48   0    T    T    4  6.0 22 190   M    M   7 18     24 190
 9  16   8  12 -11  53   0 0.00  0.0    4  2.8  7 150   M    M   7 18      8  90
10  29   5  17  -6  48   0 0.00  0.0    4  1.6  8 190   M    M   5 18      9 190
11  34  24  29   6  36   0 0.11  0.5    5  3.2 13 240   M    M  10 168    16 240
12  27  19  23   0  42   0    T  1.0    6  1.2  6 240   M    M  10 128     7 130
13  27   4  16  -7  49   0 0.00  0.0    6  3.2  8 140   M    M   5 128     9 210
14  24  -2  11 -13  54   0 0.00  0.0    6  3.3  9 140   M    M   0 18     11 180
15  32   0  16  -8  49   0 0.00  0.0    6  4.4 12 220   M    M   1 18     15 240
16  45  18  32   8  33   0 0.00  0.0    6 10.6 25 220   M    M   8        32 230
17  37  14  26   2  39   0 0.00  0.0    4  3.8 15 290   M    M   3        16 290
18  50  34  42  18  23   0 0.01  0.0    4  8.0 29 340   M    M   8        34 340
19  41  26  34  10  31   0 0.00  0.0    M  5.5 24 260   M    M   6        31 260
20  35  25  30   6  35   0    T    T    2  2.8 16 330   M    M   9 1      21 330
21  32  14  23  -1  42   0 0.00  0.0    2  4.7  9  80   M    M   3        10  70
22  36  11  24   0  41   0 0.00  0.0    2  2.9 10  30   M    M   4        12  20
23  42  23  33   9  32   0 0.00  0.0    2  4.0 10  90   M    M   5        13  90
24  43  29  36  12  29   0    T    T    2  4.9 13  50   M    M   8        14 240
================================================================================
SM  754  281      1038   0  0.22     4.8  97.1          M      143
================================================================================
AV 31.4 11.7                               4.0 FASTST   M    M   6    MAX(MPH)
                                 MISC ---->  # 29 340               # 34  340
================================================================================
NOTES:
# LAST OF SEVERAL OCCURRENCES

COLUMN 17 PEAK WIND IN M.P.H.

PRELIMINARY LOCAL CLIMATOLOGICAL DATA (WS FORM: F-6) , PAGE 2

                                          STATION:  BOZEMAN/GALLATIN FIELD MT
                                          MONTH:    JANUARY
                                          YEAR:     2015
                                          LATITUDE:   45 46 N
                                          LONGITUDE: 111  9 W

[TEMPERATURE DATA]      [PRECIPITATION DATA]       SYMBOLS USED IN COLUMN 16

AVERAGE MONTHLY: 21.6   TOTAL FOR MONTH:   0.22    1 = FOG OR MIST
DPTR FM NORMAL:  -1.6   DPTR FM NORMAL:   -0.16    2 = FOG REDUCING VISIBILITY
HIGHEST:    50 ON 18    GRTST 24HR  0.11 ON 11-11      TO 1/4 MILE OR LESS
LOWEST:    -11 ON  1                               3 = THUNDER
                        SNOW, ICE PELLETS, HAIL    4 = ICE PELLETS
                        TOTAL MONTH:   4.8 INCHES  5 = HAIL
                        GRTST 24HR   2.4 ON   M    6 = FREEZING RAIN OR DRIZZLE
                        GRTST DEPTH:  10 ON  5, 4  7 = DUSTSTORM OR SANDSTORM:
                                                       VSBY 1/2 MILE OR LESS
                                                   8 = SMOKE OR HAZE
[NO. OF DAYS WITH]      [WEATHER - DAYS WITH]      9 = BLOWING SNOW
                                                   X = TORNADO
MAX 32 OR BELOW:  13    0.01 INCH OR MORE:   4
MAX 90 OR ABOVE:   0    0.10 INCH OR MORE:   1
MIN 32 OR BELOW:  23    0.50 INCH OR MORE:   0
MIN  0 OR BELOW:   4    1.00 INCH OR MORE:   0

[HDD (BASE 65) ]
TOTAL THIS MO.  1038    CLEAR  (SCALE 0-3)   5
DPTR FM NORMAL    32    PTCLDY (SCALE 4-7)  13
TOTAL FM JUL 1  4454    CLOUDY (SCALE 8-10)  6
DPTR FM NORMAL   213

[CDD (BASE 65) ]
TOTAL THIS MO.     0
DPTR FM NORMAL     0    [PRESSURE DATA]
TOTAL FM JAN 1     0    HIGHEST SLP M ON M
DPTR FM NORMAL     0    LOWEST  SLP 29.86 ON 18

[REMARKS]
