000
CXUS51 KCLE 291004
CF6CAK
PRELIMINARY LOCAL CLIMATOLOGICAL DATA (WS FORM: F-6)

                                          STATION:   AKRON CANTON OH
                                          MONTH:     MARCH
                                          YEAR:      2015
                                          LATITUDE:   40 55 N
                                          LONGITUDE:  81 26 W

  TEMPERATURE IN F:       :PCPN:    SNOW:  WIND      :SUNSHINE: SKY     :PK WND
================================================================================
1   2   3   4   5  6A  6B    7    8   9   10  11  12  13   14  15   16   17  18
                                     12Z  AVG MX 2MIN
DY MAX MIN AVG DEP HDD CDD  WTR  SNW DPTH SPD SPD DIR MIN PSBL S-S WX    SPD DR
================================================================================

 1  33  19  26  -6  39   0 0.40  5.7   10  7.4 15 300   M    M  10 18     19 170
 2  28  12  20 -13  45   0    T  0.2   11  8.9 22 310   M    M   7 8      30 310
 3  43  17  30  -3  35   0 0.21    T   10 11.9 24 220   M    M  10 1468   38 220
 4  38  24  31  -2  34   0    T  0.0    9 10.4 22 320   M    M  10 18     31 330
 5  24   4  14 -20  51   0    T    T    7 10.6 21 330   M    M   7        27  10
 6  23   0  12 -22  53   0 0.00  0.0    7  8.6 18 210   M    M   2        22 210
 7  38  15  27  -7  38   0    T    T    7 13.0 23 220   M    M   5 8      28 220
 8  42  24  33  -2  32   0    T  0.0    6  9.4 17 250   M    M   5 8      22 260
 9  49  33  41   6  24   0    T  0.0    4  4.1 15 270   M    M   4        26 210
10  45  36  41   6  24   0 0.20  0.0    3  4.9 10 170   M    M   9 128    12 170
11  49  33  41   5  24   0 0.00  0.0    2  5.4 10 330   M    M   6 128    23 330
12  47  27  37   1  28   0 0.00  0.0    0  7.7 14  70   M    M   1        18 130
13  54  36  45   9  20   0 0.36  0.0    0 11.3 18 180   M    M   8 1      26 140
14  52  38  45   8  20   0 0.70  0.0    0  9.5 20 290   M    M  10 18     26 290
15  48  34  41   4  24   0 0.00  0.0    0 11.2 22 320   M    M   8        30 320
16  64  36  50  13  15   0    T  0.0    0 10.5 21 270   M    M   8        26 270
17  59  26  43   5  22   0 0.00  0.0    0 14.4 30 330   M    M   6 18     41 310
18  46  21  34  -4  31   0 0.00  0.0    0  7.9 20 300   M    M   3        28 280
19  47  28  38   0  27   0 0.00  0.0    0  7.8 13  90   M    M   8        21 190
20  50  32  41   2  24   0 0.07  0.7    0  5.4 14 100   M    M  10 1      16 270
21  54  35  45   6  20   0 0.00  0.0    0 11.3 23 290   M    M   8 18     29 310
22  38  21  30 -10  35   0 0.00  0.0    0  8.9 18 360   M    M   4 1      23  10
23  36  19  28 -12  37   0 0.01  0.1    0  6.1 15  80   M    M   6 8      18  80
24  49  20  35  -5  30   0 0.00  0.0    0  6.7 12 130   M    M   4        18 100
25  63  37  50   9  15   0 0.22  0.0    0 13.0 30 270   M    M   8 18     40 270
26  47  35  41   0  24   0 0.54  0.0    0  6.9 17 320   M    M   9 18     22 310
27  37  17  27 -15  38   0 0.02  0.2    T 11.3 20  10   M    M  10 18     23  10
28  29  12  21 -21  44   0    T    T    T 10.7 22 340   M    M   2 8      29 330
================================================================================
SM 1232  691       853   0  2.73     6.9 255.2          M      188
================================================================================
AV 44.0 24.7                               9.1 FASTST   M    M   7    MAX(MPH)
                                 MISC ---->  # 30 330               # 41  310
================================================================================
NOTES:
# LAST OF SEVERAL OCCURRENCES

COLUMN 17 PEAK WIND IN M.P.H.

PRELIMINARY LOCAL CLIMATOLOGICAL DATA (WS FORM: F-6) , PAGE 2

                                          STATION:  AKRON CANTON OH
                                          MONTH:    MARCH
                                          YEAR:     2015
                                          LATITUDE:   40 55 N
                                          LONGITUDE:  81 26 W

[TEMPERATURE DATA]      [PRECIPITATION DATA]       SYMBOLS USED IN COLUMN 16

AVERAGE MONTHLY: 34.3   TOTAL FOR MONTH:   2.73    1 = FOG OR MIST
DPTR FM NORMAL:  -2.6   DPTR FM NORMAL:    0.08    2 = FOG REDUCING VISIBILITY
HIGHEST:    64 ON 16    GRTST 24HR  0.70 ON 14-14      TO 1/4 MILE OR LESS
LOWEST:      0 ON  6                               3 = THUNDER
                        SNOW, ICE PELLETS, HAIL    4 = ICE PELLETS
                        TOTAL MONTH:   6.9 INCHES  5 = HAIL
                        GRTST 24HR   5.7 ON   M    6 = FREEZING RAIN OR DRIZZLE
                        GRTST DEPTH:  11 ON  2     7 = DUSTSTORM OR SANDSTORM:
                                                       VSBY 1/2 MILE OR LESS
                                                   8 = SMOKE OR HAZE
[NO. OF DAYS WITH]      [WEATHER - DAYS WITH]      9 = BLOWING SNOW
                                                   X = TORNADO
MAX 32 OR BELOW:   4    0.01 INCH OR MORE:  10
MAX 90 OR ABOVE:   0    0.10 INCH OR MORE:   7
MIN 32 OR BELOW:  18    0.50 INCH OR MORE:   2
MIN  0 OR BELOW:   1    1.00 INCH OR MORE:   0

[HDD (BASE 65) ]
TOTAL THIS MO.   853    CLEAR  (SCALE 0-3)   3
DPTR FM NORMAL    69    PTCLDY (SCALE 4-7)  16
TOTAL FM JUL 1  5696    CLOUDY (SCALE 8-10)  9
DPTR FM NORMAL   368

[CDD (BASE 65) ]
TOTAL THIS MO.     0
DPTR FM NORMAL     0    [PRESSURE DATA]
TOTAL FM JAN 1     0    HIGHEST SLP M ON M
DPTR FM NORMAL     0    LOWEST  SLP 29.70 ON M

[REMARKS]
