000
CXUS54 KLZK 291130
CF6CCA
PRELIMINARY LOCAL CLIMATOLOGICAL DATA (WS FORM: F-6)

                                          STATION:   Clinton
                                          MONTH:     MAY
                                          YEAR:      2017
                                          LATITUDE:   35 32 N
                                          LONGITUDE:  92 22 W

  TEMPERATURE IN F:       :PCPN:    SNOW:  WIND      :SUNSHINE: SKY     :PK WND
================================================================================
1   2   3   4   5  6A  6B    7    8   9   10  11  12  13   14  15   16   17  18
                                     12Z  AVG MX 2MIN
DY MAX MIN AVG DEP HDD CDD  WTR  SNW DPTH SPD SPD DIR MIN PSBL S-S WX    SPD DR
================================================================================

 1  70  45  58   M   7   0 0.00  0.0    0  9.3 20 250   M    M   5 8      31 240
 2  81  39  60   M   5   0 0.00  0.0    0  1.8 15 200   M    M   1 8      23 200
 3  70  52  61   M   4   0 0.00  0.0    0  2.1 13 320   M    M   6 13     23 320
 4  61  46  54   M  11   0 0.00  0.0    0  6.8 16 320   M    M   5 8      27 320
 5  73  45  59   M   6   0 0.00  0.0    0  4.8 14 310   M    M   0 8      24 320
 6  82  41  62   M   3   0 0.00  0.0    0  2.9 14 290   M    M   1 1      17 310
 7  79  48  64   M   1   0 0.00  0.0    0  1.3  6  99   M    M   0 18      M  M
 8  82  52  67   M   0   2 0.00  0.0    0  2.5 13 190   M    M   0 18      M  M
 9  82  52  67   M   0   2 0.00  0.0    0  2.7  9 210   M    M   2 18     17 210
10  84  57  71   M   0   6 0.00  0.0    0  2.7  9 190   M    M   3 18     16  99
11  82  63  73   M   0   8 0.00  0.0    0  2.3 10 230   M    M   6 138    15 300
12  70  55  63   M   2   0 0.00  0.0    0  1.6 12 360   M    M   9 1238   16  99
13  77  50  64   M   1   0 0.00  0.0    0  1.6  8  70   M    M   2 128    14  99
14  81  48  65   M   0   0 0.00  0.0    0  1.5  6  99   M    M   1 18     12 150
15  82  52  67   M   0   2 0.00  0.0    0  2.7 12 220   M    M   2 18     13  99
16  84  57  71   M   0   6 0.00  0.0    0  4.8 13 150   M    M   4 18     23 170
17  75  72  74   M   0   9 0.00  0.0    M  4.0 13 180   M    M   9 18     17 190
18  84  70  77   M   0  12 0.00  0.0    0  3.7 10 170   M    M   7 18     16 150
19  84  63  74   M   0   9 0.00  0.0    0  2.3  7 120   M    M   6 138    13 150
20  77  63  70   M   0   5 0.00  0.0    0  2.4  9 310   M    M   8 138    17  99
21  75  54  65   M   0   0 0.00  0.0    0  3.5 14 300   M    M   1 1      20 310
22  75  52  64   M   1   0 0.00  0.0    0  1.7  7 110   M    M   2 18      M  M
23  79  55  67   M   0   2 0.00  0.0    0  2.9 12 290   M    M   7 18     20 330
24  70  50  60   M   5   0 0.00  0.0    0  4.8 12 290   M    M   4 18     21 290
25  79  46  63   M   2   0 0.00  0.0    M  4.0 10 200   M    M   0 18     15  99
26  81  59  70   M   0   5 0.00  0.0    0  2.6  9 150   M    M   7 18     17 170
27  88  66  77   M   0  12 0.00  0.0    0  3.8 12 190   M    M   8 138    18 220
28  82  61  72   M   0   7 0.00  0.0    0  4.8 12 260   M    M   7 138    22 260
================================================================================
SM 2189 1513        48  87  0.00     0.0  91.9          M      113
================================================================================
AV 78.2 54.0                               3.3 FASTST   M    M   4    MAX(MPH)
                                 MISC ---->  # 20 250               # 31  240
================================================================================
NOTES:
# LAST OF SEVERAL OCCURRENCES

COLUMN 17 PEAK WIND IN M.P.H.

PRELIMINARY LOCAL CLIMATOLOGICAL DATA (WS FORM: F-6) , PAGE 2

                                          STATION:  Clinton
                                          MONTH:    MAY
                                          YEAR:     2017
                                          LATITUDE:   35 32 N
                                          LONGITUDE:  92 22 W

[TEMPERATURE DATA]      [PRECIPITATION DATA]       SYMBOLS USED IN COLUMN 16

AVERAGE MONTHLY: 66.1   TOTAL FOR MONTH:   0.00    1 = FOG OR MIST
DPTR FM NORMAL:     M   DPTR FM NORMAL:       M    2 = FOG REDUCING VISIBILITY
HIGHEST:    88 ON 27    GRTST 24HR  0.00 ON 28-28      TO 1/4 MILE OR LESS
LOWEST:     39 ON  2                               3 = THUNDER
                        SNOW, ICE PELLETS, HAIL    4 = ICE PELLETS
                        TOTAL MONTH:   0.0 INCH    5 = HAIL
                        GRTST 24HR     0.0         6 = FREEZING RAIN OR DRIZZLE
                        GRTST DEPTH:   0           7 = DUSTSTORM OR SANDSTORM:
                                                       VSBY 1/2 MILE OR LESS
                                                   8 = SMOKE OR HAZE
[NO. OF DAYS WITH]      [WEATHER - DAYS WITH]      9 = BLOWING SNOW
                                                   X = TORNADO
MAX 32 OR BELOW:   0    0.01 INCH OR MORE:   0
MAX 90 OR ABOVE:   0    0.10 INCH OR MORE:   0
MIN 32 OR BELOW:   0    0.50 INCH OR MORE:   0
MIN  0 OR BELOW:   0    1.00 INCH OR MORE:   0

[HDD (BASE 65) ]
TOTAL THIS MO.    48    CLEAR  (SCALE 0-3)  13
DPTR FM NORMAL     M    PTCLDY (SCALE 4-7)  12
TOTAL FM JUL 1  2547    CLOUDY (SCALE 8-10)  3
DPTR FM NORMAL     M

[CDD (BASE 65) ]
TOTAL THIS MO.    87
DPTR FM NORMAL     M    [PRESSURE DATA]
TOTAL FM JAN 1   139    HIGHEST SLP M ON M
DPTR FM NORMAL     M    LOWEST  SLP M ON M

[REMARKS]
