000
CXUS56 KMTR 181000
CF6CCR
PRELIMINARY LOCAL CLIMATOLOGICAL DATA (WS FORM: F-6)

                                          STATION:   CONCORD AIRPORT
                                          MONTH:     DECEMBER
                                          YEAR:      2014
                                          LATITUDE:   37 58 N
                                          LONGITUDE: 122  3 W

  TEMPERATURE IN F:       :PCPN:    SNOW:  WIND      :SUNSHINE: SKY     :PK WND
================================================================================
1   2   3   4   5  6A  6B    7    8   9   10  11  12  13   14  15   16   17  18
                                     12Z  AVG MX 2MIN
DY MAX MIN AVG DEP HDD CDD  WTR  SNW DPTH SPD SPD DIR MIN PSBL S-S WX    SPD DR
================================================================================

 1  63  54  59  10   6   0 0.01  0.0    0  4.9 10  70   M    M   9 18     16  60
 2  60  55  58   9   7   0 1.24  0.0    0  6.4 16 100   M    M   9 1      23 100
 3  66  56  61  12   4   0 1.22  0.0    0  5.7 25 170   M    M   8 18     33 180
 4  70  54  62  13   3   0    T  0.0    0  3.0 12 190   M    M   5 12     15 170
 5  68  52  60  11   5   0 0.03  0.0    0  4.7 16 180   M    M   7 18     21 190
 6  68  56  62  14   3   0 0.16  0.0    0  3.2 13 320   M    M   7 1      19 330
 7  62  53  58  10   7   0 0.00  0.0    0  3.0  9  40   M    M   6 12     16  30
 8  65  52  59  11   6   0 0.00  0.0    0  3.9 13 350   M    M   6 128    14 290
 9  61  53  57   9   8   0 0.00  0.0    0  2.6  9  60   M    M  10 128    12  60
10  66  55  61  13   4   0    T  0.0    0  6.7 23 170   M    M   8 18     32 180
11  67  51  59  11   6   0 2.75  0.0    0  9.9 32 170   M    M   9 1      43 140
12  56  47  52   4  13   0 0.21  0.0    0  2.3  8  10   M    M   9 18     12 220
13  57  45  51   3  14   0 0.00  0.0    0  1.0  8  80   M    M   6 18     11  70
14  54  45  50   2  15   0 0.10    M    0  3.8 14  70   M    M   4 18     19  80
15  56  48  52   4  13   0 0.95    M    0  5.7 21 110   M    M   9 1      31  90
16  63  48  56   9   9   0 0.49  0.0    0  5.6 18 190   M    M   7 18     24 200
17  60  50  55   8  10   0 0.22  0.0    0  6.8 14 200   M    M   9 1      19 190
================================================================================
SM 1062  874       133   0  7.38     0.0  79.2          M      128
================================================================================
AV 62.5 51.4                               4.7 FASTST   M    M   8    MAX(MPH)
                                 MISC ---->  # 32 170               # 43  140
================================================================================
NOTES:
# LAST OF SEVERAL OCCURRENCES

COLUMN 17 PEAK WIND IN M.P.H.

PRELIMINARY LOCAL CLIMATOLOGICAL DATA (WS FORM: F-6) , PAGE 2

                                          STATION:  CONCORD AIRPORT
                                          MONTH:    DECEMBER
                                          YEAR:     2014
                                          LATITUDE:   37 58 N
                                          LONGITUDE: 122  3 W

[TEMPERATURE DATA]      [PRECIPITATION DATA]       SYMBOLS USED IN COLUMN 16

AVERAGE MONTHLY: 56.9   TOTAL FOR MONTH:   7.38    1 = FOG OR MIST
DPTR FM NORMAL:   8.8   DPTR FM NORMAL:    5.88    2 = FOG REDUCING VISIBILITY
HIGHEST:    70 ON  4    GRTST 24HR  2.87 ON 11-12      TO 1/4 MILE OR LESS
LOWEST:     45 ON 14,13                            3 = THUNDER
                        SNOW, ICE PELLETS, HAIL    4 = ICE PELLETS
                        TOTAL MONTH:   0.0 INCH    5 = HAIL
                        GRTST 24HR     0.0         6 = FREEZING RAIN OR DRIZZLE
                        GRTST DEPTH:   0           7 = DUSTSTORM OR SANDSTORM:
                                                       VSBY 1/2 MILE OR LESS
                                                   8 = SMOKE OR HAZE
[NO. OF DAYS WITH]      [WEATHER - DAYS WITH]      9 = BLOWING SNOW
                                                   X = TORNADO
MAX 32 OR BELOW:   0    0.01 INCH OR MORE:  11
MAX 90 OR ABOVE:   0    0.10 INCH OR MORE:   9
MIN 32 OR BELOW:   0    0.50 INCH OR MORE:   4
MIN  0 OR BELOW:   0    1.00 INCH OR MORE:   3

[HDD (BASE 65) ]
TOTAL THIS MO.   133    CLEAR  (SCALE 0-3)   0
DPTR FM NORMAL  -154    PTCLDY (SCALE 4-7)  10
TOTAL FM JUL 1   388    CLOUDY (SCALE 8-10)  7
DPTR FM NORMAL  -327

[CDD (BASE 65) ]
TOTAL THIS MO.     0
DPTR FM NORMAL     0    [PRESSURE DATA]
TOTAL FM JAN 1  1113    HIGHEST SLP M ON M
DPTR FM NORMAL   227    LOWEST  SLP 29.48 ON 11

[REMARKS]
