000
CXUS55 KBOU 240757
CF6CCU
PRELIMINARY LOCAL CLIMATOLOGICAL DATA (WS FORM: F-6)

                                          STATION:   COPPER MTN CO
                                          MONTH:     JULY
                                          YEAR:      2015
                                          LATITUDE:   39 28 N
                                          LONGITUDE: 106  9 W

  TEMPERATURE IN F:       :PCPN:    SNOW:  WIND      :SUNSHINE: SKY     :PK WND
================================================================================
1   2   3   4   5  6A  6B    7    8   9   10  11  12  13   14  15   16   17  18
                                     12Z  AVG MX 2MIN
DY MAX MIN AVG DEP HDD CDD  WTR  SNW DPTH SPD SPD DIR MIN PSBL S-S WX    SPD DR
================================================================================

 1  68  54  61   M   4   0    M    M    M 12.0 24 280   M    M   3 3      32 290
 2  68  52  60   M   5   0    M    M    M 11.8 28 280   M    M   5 3      23 270
 3  68  46  57   M   8   0    M    M    M 15.3 27 290   M    M   4 3      37 290
 4  66  50  58   M   7   0    M    M    M 14.9 28 280   M    M   4 3      33 280
 5  59  46  53   M  12   0    M    M    M 11.4 22 280   M    M   6 3      41 280
 6  59  45  52   M  13   0    M    M    M 11.6 18 260   M    M   8 38     22 270
 7  54  45  50   M  15   0    M    M    M 12.0 23 250   M    M   9 38     30 250
 8  48  41  45   M  20   0    M    M    M 13.1 24 260   M    M   9 38     32 260
 9  59  41  50   M  15   0    M    M    M 11.0 18 290   M    M   7 3      27 280
10  59  43  51   M  14   0    M    M    M 12.3 25 250   M    M   5 38     32 240
11  61  45  53   M  12   0    M    M    M 11.3 25 180   M    M   4        28 180
12  64  48  56   M   9   0    M    M    M 13.8 30 270   M    M   1        37 270
13  64  46  55   M  10   0    M    M    M 11.6 24 150   M    M   6 38     24 170
14  59  45  52   M  13   0    M    M    M 11.7 28 160   M    M   8 38     38 160
15  59  43  51   M  14   0    M    M    M 13.7 28 270   M    M   5 8      33 270
16  59  45  52   M  13   0    M    M    M 13.6 21 260   M    M   3        28 260
17  61  46  54   M  11   0    M    M    M 15.8 31 280   M    M   2 3      53 280
18  59  45  52   M  13   0    M    M    M 15.0 27 280   M    M   3 3      35 280
19  54  45  50   M  15   0    M    M    M 12.3 21 270   M    M   7 1      24 280
20  61  45  53   M  12   0    M    M    M  9.3 28 290   M    M   7 3      32 260
21  54  45  50   M  15   0    M    M    M 13.2 24 170   M    M   9 38     36 280
22  59  45  52   M  13   0    M    M    M 13.0 33 240   M    M   5        45 240
23  64  50  57   M   8   0    M    M    M 12.0 22 250   M    M   3        36 250
================================================================================
SM 1386 1056       271   0    M     M    291.7          M      123
================================================================================
AV 60.3 45.9                              12.7 FASTST   M    M   5    MAX(MPH)
                                 MISC ---->    33   M                 53    M
================================================================================
NOTES:
# LAST OF SEVERAL OCCURRENCES

COLUMN 17 PEAK WIND IN M.P.H.

PRELIMINARY LOCAL CLIMATOLOGICAL DATA (WS FORM: F-6) , PAGE 2

                                          STATION:  COPPER MTN CO
                                          MONTH:    JULY
                                          YEAR:     2015
                                          LATITUDE:   39 28 N
                                          LONGITUDE: 106  9 W

[TEMPERATURE DATA]      [PRECIPITATION DATA]       SYMBOLS USED IN COLUMN 16

AVERAGE MONTHLY: 53.1   TOTAL FOR MONTH:      M    1 = FOG OR MIST
DPTR FM NORMAL:     M   DPTR FM NORMAL:       M    2 = FOG REDUCING VISIBILITY
HIGHEST:    68 ON  3, 2 GRTST 24HR    M  ON   M        TO 1/4 MILE OR LESS
LOWEST:     41 ON  9, 8                            3 = THUNDER
                        SNOW, ICE PELLETS, HAIL    4 = ICE PELLETS
                        TOTAL MONTH:    M          5 = HAIL
                        GRTST 24HR    M  ON   M    6 = FREEZING RAIN OR DRIZZLE
                        GRTST DEPTH:  M  ON   M    7 = DUSTSTORM OR SANDSTORM:
                                                       VSBY 1/2 MILE OR LESS
                                                   8 = SMOKE OR HAZE
[NO. OF DAYS WITH]      [WEATHER - DAYS WITH]      9 = BLOWING SNOW
                                                   X = TORNADO
MAX 32 OR BELOW:   0    0.01 INCH OR MORE:   0
MAX 90 OR ABOVE:   0    0.10 INCH OR MORE:   0
MIN 32 OR BELOW:   0    0.50 INCH OR MORE:   0
MIN  0 OR BELOW:   0    1.00 INCH OR MORE:   0

[HDD (BASE 65) ]
TOTAL THIS MO.   271    CLEAR  (SCALE 0-3)   3
DPTR FM NORMAL     M    PTCLDY (SCALE 4-7)  16
TOTAL FM JUL 1   271    CLOUDY (SCALE 8-10)  4
DPTR FM NORMAL     M

[CDD (BASE 65) ]
TOTAL THIS MO.     0
DPTR FM NORMAL     M    [PRESSURE DATA]
TOTAL FM JAN 1     0    HIGHEST SLP M ON M
DPTR FM NORMAL     M    LOWEST  SLP M ON M

[REMARKS]
