000
CXUS55 KBOU 240757
CF6CCU
PRELIMINARY LOCAL CLIMATOLOGICAL DATA (WS FORM: F-6)

                                          STATION:   COPPER MTN/RED CLIFF
                                          MONTH:     MAY
                                          YEAR:      2017
                                          LATITUDE:   39 28 N
                                          LONGITUDE: 106  9 W

  TEMPERATURE IN F:       :PCPN:    SNOW:  WIND      :SUNSHINE: SKY     :PK WND
================================================================================
1   2   3   4   5  6A  6B    7    8   9   10  11  12  13   14  15   16   17  18
                                     12Z  AVG MX 2MIN
DY MAX MIN AVG DEP HDD CDD  WTR  SNW DPTH SPD SPD DIR MIN PSBL S-S WX    SPD DR
================================================================================

 1  36  25  31   M  34   0    M    M    M 15.0 18 280   M    M   8 8      32 310
 2  34  27  31   M  34   0    M    M    M  8.4 16 270   M    M   9 138    23 270
 3  37  27  32   M  33   0    M    M    M 15.5 29 310   M    M   6 8      37 310
 4  54  32  43   M  22   0    M    M    M  8.5 18 320   M    M   0        22 320
 5  54  37  46   M  19   0    M    M    M  8.2 20 190   M    M   0        27 310
 6  55  41  48   M  17   0    M    M    M 11.9 28 180   M    M   3 3      38 180
 7  46  36  41   M  24   0    M    M    M 11.1 22 170   M    M   4 3      35 260
 8  46  36  41   M  24   0    M    M    M 12.2 41 120   M    M   6 3      55 120
 9  50  34  42   M  23   0    M    M    M  9.2 23 140   M    M   5 138    33 140
10  43  34  39   M  26   0    M    M    M  7.2 25 150   M    M   7 1238   24 160
11  50  32  41   M  24   0    M    M    M  4.7 13 310   M    M   4 2      20 310
12  54  37  46   M  19   0    M    M    M  9.3 21 180   M    M   1        31 180
13  54  41  48   M  17   0    M    M    M 13.5 25 200   M    M   2        28 200
14  52  37  45   M  20   0    M    M    M 16.1 27 130   M    M   1        35 180
15  52  37  45   M  20   0    M    M    M 14.4 22 160   M    M   3        35 140
16  45  30  38   M  27   0    M    M    M 11.3 20 270   M    M   3        29 260
17  37  25  31   M  34   0    M    M    M  8.8 12 270   M    M   8 38     23 270
18  28  19  24   M  41   0    M    M    M  5.3  7 210   M    M  10         M  M
19  27  19  23   M  42   0    M    M    M  2.0  7 320   M    M  10 8       M  M
20  32  19  26   M  39   0    M    M    M 10.5 17 290   M    M   8 8      22 290
21  41  25  33   M  32   0    M    M    M  6.0 14 290   M    M   6        17 240
22  37  27  32   M  33   0    M    M    M 10.9 16 320   M    M   9 28     30 320
23  36  25  31   M  34   0    M    M    M 16.2 22 310   M    M   7 8      30 310
================================================================================
SM 1000  702       638   0    M     M    236.2          M      120
================================================================================
AV 43.5 30.5                              10.3 FASTST   M    M   5    MAX(MPH)
                                 MISC ---->  # 41 120               # 55  120
================================================================================
NOTES:
# LAST OF SEVERAL OCCURRENCES

COLUMN 17 PEAK WIND IN M.P.H.

PRELIMINARY LOCAL CLIMATOLOGICAL DATA (WS FORM: F-6) , PAGE 2

                                          STATION:  COPPER MTN/RED CLIFF
                                          MONTH:    MAY
                                          YEAR:     2017
                                          LATITUDE:   39 28 N
                                          LONGITUDE: 106  9 W

[TEMPERATURE DATA]      [PRECIPITATION DATA]       SYMBOLS USED IN COLUMN 16

AVERAGE MONTHLY: 37.0   TOTAL FOR MONTH:      M    1 = FOG OR MIST
DPTR FM NORMAL:     M   DPTR FM NORMAL:       M    2 = FOG REDUCING VISIBILITY
HIGHEST:    55 ON  6    GRTST 24HR    M  ON   M        TO 1/4 MILE OR LESS
LOWEST:     19 ON 20,19                            3 = THUNDER
                        SNOW, ICE PELLETS, HAIL    4 = ICE PELLETS
                        TOTAL MONTH:    M          5 = HAIL
                        GRTST 24HR    M  ON   M    6 = FREEZING RAIN OR DRIZZLE
                        GRTST DEPTH:  M  ON   M    7 = DUSTSTORM OR SANDSTORM:
                                                       VSBY 1/2 MILE OR LESS
                                                   8 = SMOKE OR HAZE
[NO. OF DAYS WITH]      [WEATHER - DAYS WITH]      9 = BLOWING SNOW
                                                   X = TORNADO
MAX 32 OR BELOW:   3    0.01 INCH OR MORE:   0
MAX 90 OR ABOVE:   0    0.10 INCH OR MORE:   0
MIN 32 OR BELOW:  13    0.50 INCH OR MORE:   0
MIN  0 OR BELOW:   0    1.00 INCH OR MORE:   0

[HDD (BASE 65) ]
TOTAL THIS MO.   638    CLEAR  (SCALE 0-3)   7
DPTR FM NORMAL     M    PTCLDY (SCALE 4-7)  12
TOTAL FM JUL 1  9492    CLOUDY (SCALE 8-10)  4
DPTR FM NORMAL     M

[CDD (BASE 65) ]
TOTAL THIS MO.     0
DPTR FM NORMAL     M    [PRESSURE DATA]
TOTAL FM JAN 1     0    HIGHEST SLP M ON M
DPTR FM NORMAL     M    LOWEST  SLP M ON M

[REMARKS]
