000
CXUS53 KARX 260930
CF6CCY
PRELIMINARY LOCAL CLIMATOLOGICAL DATA (WS FORM: F-6)

                                          STATION:   CHARLES_CITY IA
                                          MONTH:     FEBRUARY
                                          YEAR:      2015
                                          LATITUDE:   43  4 N
                                          LONGITUDE:  92 37 W

  TEMPERATURE IN F:       :PCPN:    SNOW:  WIND      :SUNSHINE: SKY     :PK WND
================================================================================
1   2   3   4   5  6A  6B    7    8   9   10  11  12  13   14  15   16   17  18
                                     12Z  AVG MX 2MIN
DY MAX MIN AVG DEP HDD CDD  WTR  SNW DPTH SPD SPD DIR MIN PSBL S-S WX    SPD DR
================================================================================

 1  27   7  17  -1  48   0    M    M    6 20.8 28  10   M    M   9 8      38  60
 2  10  -8   1 -17  64   0 0.00  0.0    7  8.0 12 330   M    M   3         M  M
 3  16   0   8 -10  57   0    M    M    7  5.0 10 150   M    M   8         M  M
 4  16  -6   5 -13  60   0    M    M    8 12.9 18 310   M    M   5        23 330
 5  10 -13  -1 -20  66   0 0.00  0.0    8 10.5 21 200   M    M   1        24 190
 6  28   7  18  -1  47   0 0.00  0.0    8  7.9 10 170   M    M   3 1       M  M
 7  39  21  30  11  35   0 0.00  0.0    7  8.3 14 180   M    M   3 1      18 180
 8  34  28  31  11  34   0 0.04  0.0    6 10.6 15 360   M    M   9 16     18  10
 9  28  19  24   4  41   0 0.00  0.0    5  5.6 10  40   M    M   8         M  M
10  32  19  26   6  39   0    M    M    5 13.5 21 150   M    M   9 146    29 150
11  36   5  21   1  44   0    M    M    5 23.9 32 330   M    M   8 1      41 330
12   9   0   5 -16  60   0 0.00  0.0    5 11.6 27 330   M    M   4        35 330
13  32   5  19  -2  46   0 0.00  0.0    5 14.0 22 300   M    M   8        31 300
14  18   0   9 -12  56   0 0.00  0.0    5 19.1 30 350   M    M   4        40 330
15  10   0   5 -17  60   0 0.00  0.0    5 10.9 14 150   M    M  10        16  70
16  23   9  16  -6  49   0    M    M    5  9.6 18 320   M    M  10        25 320
17  14   5  10 -12  55   0    M    M    5 14.3 22 310   M    M   5        28 310
18   5  -6   0 -23  65   0 0.00  0.0    5 18.7 24 310   M    M   5 8      31 320
19   9  -9   0 -23  65   0 0.00  0.0    5  6.5 14 320   M    M   2         M  M
20  27   5  16  -8  49   0    M  0.0    0 12.3 22 180   M    M  10 8      27 160
21  27   7  17  -7  48   0    T  0.0    0 11.6 21 320   M    M   8        23 320
22   7  -4   2 -22  63   0 0.00  0.0    0 15.3 22 320   M    M   2        29 330
23  14 -11   2 -23  63   0 0.00  0.0    M 10.6 17 210   M    M   2        24 210
24  36  14  25   0  40   0    M    M    M 18.9 27 320   M    M   5        35 300
25  18   1  10 -16  55   0    M    M    M 11.2 17  10   M    M   9         M  M
================================================================================
SM  525   95      1309   0  0.04     0.0 311.6          M      150
================================================================================
AV 21.0  3.8                              12.5 FASTST   M    M   6    MAX(MPH)
                                 MISC ---->    32   M                 41    M
================================================================================
NOTES:
# LAST OF SEVERAL OCCURRENCES

COLUMN 17 PEAK WIND IN M.P.H.

PRELIMINARY LOCAL CLIMATOLOGICAL DATA (WS FORM: F-6) , PAGE 2

                                          STATION:  CHARLES_CITY IA
                                          MONTH:    FEBRUARY
                                          YEAR:     2015
                                          LATITUDE:   43  4 N
                                          LONGITUDE:  92 37 W

[TEMPERATURE DATA]      [PRECIPITATION DATA]       SYMBOLS USED IN COLUMN 16

AVERAGE MONTHLY: 12.4   TOTAL FOR MONTH:   0.04    1 = FOG OR MIST
DPTR FM NORMAL:  -8.9   DPTR FM NORMAL:   -0.82    2 = FOG REDUCING VISIBILITY
HIGHEST:    39 ON  7    GRTST 24HR  0.04 ON  8- 8      TO 1/4 MILE OR LESS
LOWEST:    -13 ON  5                               3 = THUNDER
                        SNOW, ICE PELLETS, HAIL    4 = ICE PELLETS
                        TOTAL MONTH:   0.0 INCH    5 = HAIL
                        GRTST 24HR     0.0         6 = FREEZING RAIN OR DRIZZLE
                        GRTST DEPTH:   8 ON  6, 5  7 = DUSTSTORM OR SANDSTORM:
                                                       VSBY 1/2 MILE OR LESS
                                                   8 = SMOKE OR HAZE
[NO. OF DAYS WITH]      [WEATHER - DAYS WITH]      9 = BLOWING SNOW
                                                   X = TORNADO
MAX 32 OR BELOW:  21    0.01 INCH OR MORE:   1
MAX 90 OR ABOVE:   0    0.10 INCH OR MORE:   0
MIN 32 OR BELOW:  25    0.50 INCH OR MORE:   0
MIN  0 OR BELOW:  11    1.00 INCH OR MORE:   0

[HDD (BASE 65) ]
TOTAL THIS MO.  1309    CLEAR  (SCALE 0-3)   6
DPTR FM NORMAL   216    PTCLDY (SCALE 4-7)  10
TOTAL FM JUL 1  5652    CLOUDY (SCALE 8-10)  9
DPTR FM NORMAL   127

[CDD (BASE 65) ]
TOTAL THIS MO.     0
DPTR FM NORMAL     0    [PRESSURE DATA]
TOTAL FM JAN 1     0    HIGHEST SLP M ON M
DPTR FM NORMAL     0    LOWEST  SLP M ON M

[REMARKS]
