433
CXUS53 KARX 220930
CF6CCY
PRELIMINARY LOCAL CLIMATOLOGICAL DATA (WS FORM: F-6)

                                          STATION:   CHARLES_CITY IA
                                          MONTH:     MAY
                                          YEAR:      2017
                                          LATITUDE:   43  4 N
                                          LONGITUDE:  92 37 W

  TEMPERATURE IN F:       :PCPN:    SNOW:  WIND      :SUNSHINE: SKY     :PK WND
================================================================================
1   2   3   4   5  6A  6B    7    8   9   10  11  12  13   14  15   16   17  18
                                     12Z  AVG MX 2MIN
DY MAX MIN AVG DEP HDD CDD  WTR  SNW DPTH SPD SPD DIR MIN PSBL S-S WX    SPD DR
================================================================================

 1  45  39  42 -12  23   0 0.39    M    0 13.0 24 290   M    M  10 1      35 290
 2  57  39  48  -7  17   0 0.00  0.0    0 15.7 28 340   M    M   5        39 340
 3  63  36  50  -5  15   0 0.00  0.0    0  7.0 12 190   M    M   0        15  99
 4  68  37  53  -3  12   0 0.00  0.0    0  8.5 20  20   M    M   3        27  20
 5  73  43  58   2   7   0 0.00  0.0    0  7.7 14 290   M    M   0        24 340
 6  68  45  57   1   8   0 0.00  0.0    0 11.3 18  60   M    M   0        25  60
 7  68  46  57   1   8   0 0.00  0.0    0  5.7 10  90   M    M   2        13  99
 8  75  48  62   5   3   0 0.00  0.0    0 14.2 20 130   M    M   2        28 120
 9  72  48  60   3   5   0    M  0.0    0  8.1 18  90   M    M   5        21  80
10  61  52  57   0   8   0 0.25  0.0    0  6.4 12 110   M    M   8 1       M  M
11  68  46  57  -1   8   0 0.00  0.0    0  7.4 14 350   M    M   1        18   0
12  73  45  59   1   6   0 0.00  0.0    0  8.2 13  20   M    M   0        20  30
13  84  54  69  11   0   4 0.00  0.0    0 10.6 17 300   M    M   0        23 300
14  84  54  69  10   0   4 0.00  0.0    0 11.6 16 180   M    M   2        25 150
15  82  57  70  11   0   5 0.59  0.0    0 11.8 21 170   M    M   2        28 120
16  84  63  74  15   0   9 0.04  0.0    0 17.8 41 270   M    M   2        48 270
17  75  59  67   7   0   2 0.41  0.0    0 10.7 23 170   M    M   6        31 170
18  61  46  54  -6  11   0 0.00  0.0    0 14.5 18 330   M    M  10 1      23 330
19  48  41  45 -15  20   0 0.51  0.0    0 14.5 18  40   M    M   8        24  60
20  55  43  49 -11  16   0 0.40  0.0    0 16.6 24 100   M    M  10 1      32 100
21  52  45  49 -12  16   0 0.01  0.0    0 15.2 24 250   M    M   8 1      30 250
================================================================================
SM 1416  986       183  24  2.60     0.0 236.5          M       84
================================================================================
AV 67.4 47.0                              11.3 FASTST   M    M   4    MAX(MPH)
                                 MISC ---->  # 41 270               # 48  270
================================================================================
NOTES:
# LAST OF SEVERAL OCCURRENCES

COLUMN 17 PEAK WIND IN M.P.H.

PRELIMINARY LOCAL CLIMATOLOGICAL DATA (WS FORM: F-6) , PAGE 2

                                          STATION:  CHARLES_CITY IA
                                          MONTH:    MAY
                                          YEAR:     2017
                                          LATITUDE:   43  4 N
                                          LONGITUDE:  92 37 W

[TEMPERATURE DATA]      [PRECIPITATION DATA]       SYMBOLS USED IN COLUMN 16

AVERAGE MONTHLY: 57.2   TOTAL FOR MONTH:   2.60    1 = FOG OR MIST
DPTR FM NORMAL:  -0.5   DPTR FM NORMAL:   -0.43    2 = FOG REDUCING VISIBILITY
HIGHEST:    84 ON 16,14 GRTST 24HR  0.59 ON 15-15      TO 1/4 MILE OR LESS
LOWEST:     36 ON  3                               3 = THUNDER
                        SNOW, ICE PELLETS, HAIL    4 = ICE PELLETS
                        TOTAL MONTH:   0.0 INCH    5 = HAIL
                        GRTST 24HR     0.0         6 = FREEZING RAIN OR DRIZZLE
                        GRTST DEPTH:   0           7 = DUSTSTORM OR SANDSTORM:
                                                       VSBY 1/2 MILE OR LESS
                                                   8 = SMOKE OR HAZE
[NO. OF DAYS WITH]      [WEATHER - DAYS WITH]      9 = BLOWING SNOW
                                                   X = TORNADO
MAX 32 OR BELOW:   0    0.01 INCH OR MORE:   8
MAX 90 OR ABOVE:   0    0.10 INCH OR MORE:   6
MIN 32 OR BELOW:   0    0.50 INCH OR MORE:   2
MIN  0 OR BELOW:   0    1.00 INCH OR MORE:   0

[HDD (BASE 65) ]
TOTAL THIS MO.   183    CLEAR  (SCALE 0-3)  12
DPTR FM NORMAL    13    PTCLDY (SCALE 4-7)   5
TOTAL FM JUL 1  6203    CLOUDY (SCALE 8-10)  4
DPTR FM NORMAL -1066

[CDD (BASE 65) ]
TOTAL THIS MO.    24
DPTR FM NORMAL     8    [PRESSURE DATA]
TOTAL FM JAN 1    24    HIGHEST SLP M ON M
DPTR FM NORMAL     2    LOWEST  SLP M ON M

[REMARKS]
