000
CXUS53 KARX 271053
CF6CCY
PRELIMINARY LOCAL CLIMATOLOGICAL DATA (WS FORM: F-6)

                                          STATION:   CHARLES_CITY IA
                                          MONTH:     JUNE
                                          YEAR:      2017
                                          LATITUDE:   43  4 N
                                          LONGITUDE:  92 37 W

  TEMPERATURE IN F:       :PCPN:    SNOW:  WIND      :SUNSHINE: SKY     :PK WND
================================================================================
1   2   3   4   5  6A  6B    7    8   9   10  11  12  13   14  15   16   17  18
                                     12Z  AVG MX 2MIN
DY MAX MIN AVG DEP HDD CDD  WTR  SNW DPTH SPD SPD DIR MIN PSBL S-S WX    SPD DR
================================================================================

 1  81  50  66   2   0   1 0.00  0.0    0  4.0 13 240   M    M   0        14  99
 2  88  55  72   7   0   7 0.00  0.0    0 10.1 20 200   M    M   2        22 210
 3  93  68  81  16   0  16 0.00  0.0    0 11.3 21 230   M    M   3        27 230
 4  88  64  76  11   0  11 0.00  0.0    0  7.0 13 320   M    M   1        22 330
 5  82  61  72   6   0   7 0.00  0.0    0 10.5 16  50   M    M   0        29  50
 6  81  55  68   2   0   3 0.00  0.0    0  6.2 10  70   M    M   0        16  30
 7  82  55  69   3   0   4 0.00  0.0    0  6.2 12 170   M    M   0        15  90
 8  86  61  74   8   0   9 0.00  0.0    0  9.9 18 230   M    M   4        28 230
 9  90  61  76   9   0  11 0.03  0.0    0  5.0 15 210   M    M   1 3      18  99
10  91  68  80  13   0  15 0.00  0.0    0 20.6 31 200   M    M   2        41 190
11  95  73  84  16   0  19 0.00  0.0    0 18.0 29 190   M    M   4        39 200
12  88  68  78  10   0  13 0.22  0.0    0 11.5 27 350   M    M   5        35 350
13  93  68  81  13   0  16 0.00  0.0    0 13.6 23 170   M    M   3        33 170
14  82  66  74   6   0   9 0.32  0.0    0  9.8 16 200   M    M   3        27 220
15  90  63  77   8   0  12 0.00  0.0    0  6.7 15 260   M    M   1        24 270
16  88  64  76   7   0  11 0.28  0.0    0  7.7 14 190   M    M   2        20 190
17  81  63  72   3   0   7 0.00  0.0    0  5.5 12 290   M    M   5 1      17 330
18  73  59  66  -4   0   1 0.00  0.0    0 13.2 18 300   M    M   6        28 300
19  77  55  66  -4   0   1 0.00  0.0    0 11.9 22 310   M    M   2        31 310
20  79  54  67  -3   0   2 0.00  0.0    0  9.4 18 350   M    M   0        23 220
21  73  57  65  -5   0   0 0.08  0.0    0  9.9 16 160   M    M   4        22 150
22  79  68  74   3   0   9 2.78  0.0    0 11.4 21 160   M    M   7 3      30 190
23  70  57  64  -7   1   0 0.00  0.0    0 11.9 22 300   M    M   4 12     30 320
24  68  50  59 -12   6   0 0.02  0.0    0 11.9 21 310   M    M   1        31 310
25  68  48  58 -13   7   0 0.00  0.0    0 10.6 16 320   M    M   4        25 320
26  68  50  59 -12   6   0 0.00  0.0    0  8.0 16 300   M    M   2        20 310
================================================================================
SM 2134 1561        20 184  3.73     0.0 261.8          M       66
================================================================================
AV 82.1 60.0                              10.1 FASTST   M    M   3    MAX(MPH)
                                 MISC ---->  # 31 200               # 41  190
================================================================================
NOTES:
# LAST OF SEVERAL OCCURRENCES

COLUMN 17 PEAK WIND IN M.P.H.

PRELIMINARY LOCAL CLIMATOLOGICAL DATA (WS FORM: F-6) , PAGE 2

                                          STATION:  CHARLES_CITY IA
                                          MONTH:    JUNE
                                          YEAR:     2017
                                          LATITUDE:   43  4 N
                                          LONGITUDE:  92 37 W

[TEMPERATURE DATA]      [PRECIPITATION DATA]       SYMBOLS USED IN COLUMN 16

AVERAGE MONTHLY: 71.1   TOTAL FOR MONTH:   3.73    1 = FOG OR MIST
DPTR FM NORMAL:   2.9   DPTR FM NORMAL:   -0.83    2 = FOG REDUCING VISIBILITY
HIGHEST:    95 ON 11    GRTST 24HR  2.78 ON 22-22      TO 1/4 MILE OR LESS
LOWEST:     48 ON 25                               3 = THUNDER
                        SNOW, ICE PELLETS, HAIL    4 = ICE PELLETS
                        TOTAL MONTH:   0.0 INCH    5 = HAIL
                        GRTST 24HR     0.0         6 = FREEZING RAIN OR DRIZZLE
                        GRTST DEPTH:   0           7 = DUSTSTORM OR SANDSTORM:
                                                       VSBY 1/2 MILE OR LESS
                                                   8 = SMOKE OR HAZE
[NO. OF DAYS WITH]      [WEATHER - DAYS WITH]      9 = BLOWING SNOW
                                                   X = TORNADO
MAX 32 OR BELOW:   0    0.01 INCH OR MORE:   7
MAX 90 OR ABOVE:   6    0.10 INCH OR MORE:   4
MIN 32 OR BELOW:   0    0.50 INCH OR MORE:   1
MIN  0 OR BELOW:   0    1.00 INCH OR MORE:   1

[HDD (BASE 65) ]
TOTAL THIS MO.    20    CLEAR  (SCALE 0-3)  17
DPTR FM NORMAL   -17    PTCLDY (SCALE 4-7)   9
TOTAL FM JUL 1  6275    CLOUDY (SCALE 8-10)  0
DPTR FM NORMAL -1073

[CDD (BASE 65) ]
TOTAL THIS MO.   184
DPTR FM NORMAL    66    [PRESSURE DATA]
TOTAL FM JAN 1   209    HIGHEST SLP M ON M
DPTR FM NORMAL    51    LOWEST  SLP M ON M

[REMARKS]
