000
CXUS56 KSLC 201233
CF6CDC
PRELIMINARY LOCAL CLIMATOLOGICAL DATA (WS FORM: F-6)

                                          STATION:   CEDAR CITY UT
                                          MONTH:     JULY
                                          YEAR:      2017
                                          LATITUDE:   37 42 N
                                          LONGITUDE: 113  6 W

  TEMPERATURE IN F:       :PCPN:    SNOW:  WIND      :SUNSHINE: SKY     :PK WND
================================================================================
1   2   3   4   5  6A  6B    7    8   9   10  11  12  13   14  15   16   17  18
                                     12Z  AVG MX 2MIN
DY MAX MIN AVG DEP HDD CDD  WTR  SNW DPTH SPD SPD DIR MIN PSBL S-S WX    SPD DR
================================================================================

 1  96  49  73   2   0   8 0.00  0.0    0  6.4 20 210   M    M   0        28 250
 2  91  58  75   4   0  10 0.00  0.0    0  9.9 23 200   M    M   0        29 200
 3  93  54  74   3   0   9 0.00  0.0    0  9.6 18 230   M    M   0        24 200
 4  96  55  76   4   0  11 0.00  0.0    0  7.6 23 210   M    M   0        31 220
 5  99  51  75   3   0  10 0.00  0.0    0  8.1 22 210   M    M   0        29 220
 6 101  55  78   6   0  13 0.00  0.0    0  7.0 20  30   M    M   0        25  30
 7 100  66  83  11   0  18    T  0.0    0  8.6 30 110   M    M   0 3      37 120
 8  96  59  78   6   0  13 0.00  0.0    0  7.2 28 120   M    M   0 3      37 120
 9  95  62  79   6   0  14 0.02  0.0    0  7.5 23 210   M    M   3 3      29 220
10  93  59  76   3   0  11    T  0.0    0  8.1 23 200   M    M   1 3      31 210
11  89  61  75   2   0  10 0.16  0.0    0  7.7 21 270   M    M   4 3      27 260
12  90  58  74   1   0   9 0.02  0.0    0  9.1 33 130   M    M   1 3      43 140
13  89  54  72  -1   0   7    T  0.0    0  6.9 25 120   M    M   1 3      30 130
14  96  55  76   3   0  11    T  0.0    0  5.4 21 210   M    M   0        26 310
15  99  57  78   4   0  13 0.00  0.0    0  5.1 23 310   M    M   0        31 320
16  96  68  82   8   0  17 0.01  0.0    0  8.5 25 330   M    M   1 3      37 270
17  95  65  80   6   0  15    T  0.0    0  8.4 24 300   M    M   1 3      30 300
18  94  61  78   4   0  13 0.00  0.0    0  7.0 29 120   M    M   0 3      35 120
19  88  65  77   3   0  12 0.06  0.0    0  9.0 26 120   M    M   4        35 120
================================================================================
SM 1796 1112         0 224  0.27     0.0 147.1          M       16
================================================================================
AV 94.5 58.5                               7.7 FASTST   M    M   1    MAX(MPH)
                                 MISC ---->  # 33 130               # 43  140
================================================================================
NOTES:
# LAST OF SEVERAL OCCURRENCES

COLUMN 17 PEAK WIND IN M.P.H.

PRELIMINARY LOCAL CLIMATOLOGICAL DATA (WS FORM: F-6) , PAGE 2

                                          STATION:  CEDAR CITY UT
                                          MONTH:    JULY
                                          YEAR:     2017
                                          LATITUDE:   37 42 N
                                          LONGITUDE: 113  6 W

[TEMPERATURE DATA]      [PRECIPITATION DATA]       SYMBOLS USED IN COLUMN 16

AVERAGE MONTHLY: 76.5   TOTAL FOR MONTH:   0.27    1 = FOG OR MIST
DPTR FM NORMAL:   3.8   DPTR FM NORMAL:   -0.15    2 = FOG REDUCING VISIBILITY
HIGHEST:   101 ON  6    GRTST 24HR  0.16 ON 11-11      TO 1/4 MILE OR LESS
LOWEST:     49 ON  1                               3 = THUNDER
                        SNOW, ICE PELLETS, HAIL    4 = ICE PELLETS
                        TOTAL MONTH:   0.0 INCH    5 = HAIL
                        GRTST 24HR     0.0         6 = FREEZING RAIN OR DRIZZLE
                        GRTST DEPTH:   0           7 = DUSTSTORM OR SANDSTORM:
                                                       VSBY 1/2 MILE OR LESS
                                                   8 = SMOKE OR HAZE
[NO. OF DAYS WITH]      [WEATHER - DAYS WITH]      9 = BLOWING SNOW
                                                   X = TORNADO
MAX 32 OR BELOW:   0    0.01 INCH OR MORE:   5
MAX 90 OR ABOVE:  16    0.10 INCH OR MORE:   1
MIN 32 OR BELOW:   0    0.50 INCH OR MORE:   0
MIN  0 OR BELOW:   0    1.00 INCH OR MORE:   0

[HDD (BASE 65) ]
TOTAL THIS MO.     0    CLEAR  (SCALE 0-3)  17
DPTR FM NORMAL     0    PTCLDY (SCALE 4-7)   2
TOTAL FM JUL 1     0    CLOUDY (SCALE 8-10)  0
DPTR FM NORMAL     0

[CDD (BASE 65) ]
TOTAL THIS MO.   224
DPTR FM NORMAL    77    [PRESSURE DATA]
TOTAL FM JAN 1   424    HIGHEST SLP M ON M
DPTR FM NORMAL   176    LOWEST  SLP 29.72 ON 17

[REMARKS]
