000
CXUS56 KSLC 231217
CF6CDC
PRELIMINARY LOCAL CLIMATOLOGICAL DATA (WS FORM: F-6)

                                          STATION:   CEDAR CITY UT
                                          MONTH:     MAY
                                          YEAR:      2015
                                          LATITUDE:   37 42 N
                                          LONGITUDE: 113  6 W

  TEMPERATURE IN F:       :PCPN:    SNOW:  WIND      :SUNSHINE: SKY     :PK WND
================================================================================
1   2   3   4   5  6A  6B    7    8   9   10  11  12  13   14  15   16   17  18
                                     12Z  AVG MX 2MIN
DY MAX MIN AVG DEP HDD CDD  WTR  SNW DPTH SPD SPD DIR MIN PSBL S-S WX    SPD DR
================================================================================

 1  78  41  60   9   5   0 0.00  0.0    0  6.7 26 210   M    M   0        32 200
 2  78  42  60   8   5   0 0.00  0.0    0  8.4 26 220   M    M   2        36 220
 3  76  43  60   8   5   0    T    M    0  8.1 28 130   M    M   3 3      35 140
 4  67  48  58   6   7   0 0.07    M    0  7.7 21 110   M    M   8 3      29 240
 5  66  42  54   2  11   0 1.11    M    0  6.2 28  70   M    M   8 138    34  70
 6  65  44  55   2  10   0 0.08    M    0 11.5 26 200   M    M   5        34 200
 7  65  43  54   1  11   0 0.02    M    0 12.3 30 190   M    M   4 3      37 150
 8  50  35  43 -10  22   0 0.07    M    0 11.6 36 210   M    M   6 13     45 210
 9  49  32  41 -13  24   0 0.20    M    0  4.8 14 320   M    M   8 1      18 270
10  63  32  48  -6  17   0 0.00  0.0    0  4.9 16 350   M    M   2 1      24  40
11  71  35  53  -1  12   0 0.00  0.0    0  8.2 24 190   M    M   0        33 180
12  72  45  59   4   6   0 0.00  0.0    0 15.5 36 200   M    M   0        46 200
13  69  44  57   2   8   0 0.00  0.0    0 14.8 30 210   M    M   0        38 210
14  65  41  53  -2  12   0 0.24    M    0 12.7 33 220   M    M   6 13     44 170
15  54  35  45 -11  20   0 0.15    M    0  8.3 22 210   M    M   8 1      30 210
16  58  36  47  -9  18   0    T    M    0  9.5 21 230   M    M   7        26 220
17  67  40  54  -2  11   0    T    M    0  7.7 18 220   M    M   2        27 210
18  62  41  52  -4  13   0 0.01    M    0  9.1 32 200   M    M   5 3      40 200
19  63  37  50  -7  15   0 0.04    M    0  7.4 23 220   M    M   6        28 210
20  67  36  52  -5  13   0 0.00  0.0    0  6.8 28 180   M    M   1        35 180
21  65  38  52  -5  13   0 0.00  0.0    0  6.4 23 170   M    M   3        31 180
22  62  43  53  -5  12   0 0.09  0.0    0  6.7 23 180   M    M   8 13     33 200
================================================================================
SM 1432  873       270   0  2.08     0.0 195.3          M       92
================================================================================
AV 65.1 39.7                               8.9 FASTST   M    M   4    MAX(MPH)
                                 MISC ---->  # 36 210               # 46  200
================================================================================
NOTES:
# LAST OF SEVERAL OCCURRENCES

COLUMN 17 PEAK WIND IN M.P.H.

PRELIMINARY LOCAL CLIMATOLOGICAL DATA (WS FORM: F-6) , PAGE 2

                                          STATION:  CEDAR CITY UT
                                          MONTH:    MAY
                                          YEAR:     2015
                                          LATITUDE:   37 42 N
                                          LONGITUDE: 113  6 W

[TEMPERATURE DATA]      [PRECIPITATION DATA]       SYMBOLS USED IN COLUMN 16

AVERAGE MONTHLY: 52.4   TOTAL FOR MONTH:   2.08    1 = FOG OR MIST
DPTR FM NORMAL:  -2.1   DPTR FM NORMAL:    1.54    2 = FOG REDUCING VISIBILITY
HIGHEST:    78 ON  2, 1 GRTST 24HR  1.15 ON  5- 6      TO 1/4 MILE OR LESS
LOWEST:     32 ON 10, 9                            3 = THUNDER
                        SNOW, ICE PELLETS, HAIL    4 = ICE PELLETS
                        TOTAL MONTH:   0.0 INCH    5 = HAIL
                        GRTST 24HR     0.0         6 = FREEZING RAIN OR DRIZZLE
                        GRTST DEPTH:   0           7 = DUSTSTORM OR SANDSTORM:
                                                       VSBY 1/2 MILE OR LESS
                                                   8 = SMOKE OR HAZE
[NO. OF DAYS WITH]      [WEATHER - DAYS WITH]      9 = BLOWING SNOW
                                                   X = TORNADO
MAX 32 OR BELOW:   0    0.01 INCH OR MORE:  11
MAX 90 OR ABOVE:   0    0.10 INCH OR MORE:   4
MIN 32 OR BELOW:   2    0.50 INCH OR MORE:   1
MIN  0 OR BELOW:   0    1.00 INCH OR MORE:   1

[HDD (BASE 65) ]
TOTAL THIS MO.   270    CLEAR  (SCALE 0-3)   9
DPTR FM NORMAL    36    PTCLDY (SCALE 4-7)  10
TOTAL FM JUL 1  5276    CLOUDY (SCALE 8-10)  3
DPTR FM NORMAL  -844

[CDD (BASE 65) ]
TOTAL THIS MO.     0
DPTR FM NORMAL     0    [PRESSURE DATA]
TOTAL FM JAN 1     0    HIGHEST SLP M ON M
DPTR FM NORMAL     0    LOWEST  SLP 29.59 ON M

[REMARKS]
