000
CXUS55 KEAX 290736
CF6CDJ
PRELIMINARY LOCAL CLIMATOLOGICAL DATA (WS FORM: F-6)

                                          STATION:   CHILLICOTHE MO
                                          MONTH:     MARCH
                                          YEAR:      2015
                                          LATITUDE:   39 49 N
                                          LONGITUDE:  93 35 W

  TEMPERATURE IN F:       :PCPN:    SNOW:  WIND      :SUNSHINE: SKY     :PK WND
================================================================================
1   2   3   4   5  6A  6B    7    8   9   10  11  12  13   14  15   16   17  18
                                     12Z  AVG MX 2MIN
DY MAX MIN AVG DEP HDD CDD  WTR  SNW DPTH SPD SPD DIR MIN PSBL S-S WX    SPD DR
================================================================================

 1  33  22  28  -8  37   0 0.05    M    M  1.6  8 280   M    M   0        12 340
 2  38  18  28  -9  37   0 0.00    M    M  6.2 14 130   M    M   0        20 120
 3  44  29  37   0  28   0 0.00    M    M  8.5 16 310   M    M   0        25 310
 4  29  18  24 -14  41   0 0.00    M    M  8.4 16 350   M    M   0        23 360
 5  30   8  19 -19  46   0 0.00    M    M  5.2 10 330   M    M   0        14 350
 6  59  20  40   2  25   0 0.00    M    M  8.3 15 200   M    M   0        21 220
 7  67  32  50  11  15   0 0.00    M    M  5.6 13 310   M    M   0        20 300
 8  66  32  49  10  16   0 0.00    M    M  5.2 14  20   M    M   0        20  10
 9  61  30  46   6  19   0 0.00    M    M  4.6 13 130   M    M   0        17 130
10  70  39  55  15  10   0 0.00    M    M  2.7  8 230   M    M   0        12 250
11  75  34  55  14  10   0 0.00    M    M  3.5 12  60   M    M   0        16  40
12  72  39  56  15   9   0 0.00    M    M  5.1 14 140   M    M   0        17 140
13  75  38  57  15   8   0 0.00    M    M  4.2 12  20   M    M   0        17  10
14  67  36  52  10  13   0 0.00    M    M  6.8 18  10   M    M   0        29 360
15  74  30  52  10  13   0 0.00    M    M  6.2 17 200   M    M   0        24 200
16  84  41  63  20   2   0 0.00    M    M  8.9 21  20   M    M   0        30 220
17  58  39  49   6  16   0 0.00    M    M 12.3 21  30   M    M   0        32  10
18  48  37  43  -1  22   0 0.08    M    M  7.7 16 110   M    M   0        22 110
19  41  36  39  -5  26   0 0.03    M    M  3.3  9 100   M    M   0        14 110
20  63  38  51   7  14   0 0.00    M    M  6.0 12 190   M    M   0        17 180
21  69  36  53   8  12   0 0.00    M    M  5.2 16  40   M    M   0        22  40
22  71  38  55  10  10   0 0.00    M    M  5.7 13 120   M    M   0        22 110
23  57  37  47   1  18   0 0.01    M    M  7.9 16 300   M    M   0        24 310
24  42  35  39  -7  26   0 1.19    M    M  8.4 16 110   M    M   0        23  80
25  49  38  44  -2  21   0 0.16    M    M  5.8 14 360   M    M   0        19 360
26  52  32  42  -5  23   0 0.00    M    M  7.4 16 350   M    M   0        24 360
27  45  29  37 -10  28   0 0.00    M    M  4.6 13 300   M    M   0        19  20
28  50  33  42  -6  23   0 0.00    M    M  8.4 15 120   M    M   0        23 120
================================================================================
SM 1589  894       568   0  1.52    M    173.7          M        0
================================================================================
AV 56.8 31.9                               6.2 FASTST   M    M   0    MAX(MPH)
                                 MISC ---->  # 21  20               # 32   10
================================================================================
NOTES:
# LAST OF SEVERAL OCCURRENCES

COLUMN 17 PEAK WIND IN M.P.H.

PRELIMINARY LOCAL CLIMATOLOGICAL DATA (WS FORM: F-6) , PAGE 2

                                          STATION:  CHILLICOTHE MO
                                          MONTH:    MARCH
                                          YEAR:     2015
                                          LATITUDE:   39 49 N
                                          LONGITUDE:  93 35 W

[TEMPERATURE DATA]      [PRECIPITATION DATA]       SYMBOLS USED IN COLUMN 16

AVERAGE MONTHLY: 44.3   TOTAL FOR MONTH:   1.52    1 = FOG OR MIST
DPTR FM NORMAL:   2.3   DPTR FM NORMAL:   -0.94    2 = FOG REDUCING VISIBILITY
HIGHEST:    84 ON 16    GRTST 24HR  1.19 ON 24-24      TO 1/4 MILE OR LESS
LOWEST:      8 ON  5                               3 = THUNDER
                        SNOW, ICE PELLETS, HAIL    4 = ICE PELLETS
                        TOTAL MONTH:    M          5 = HAIL
                        GRTST 24HR    M  ON   M    6 = FREEZING RAIN OR DRIZZLE
                        GRTST DEPTH:  M  ON   M    7 = DUSTSTORM OR SANDSTORM:
                                                       VSBY 1/2 MILE OR LESS
                                                   8 = SMOKE OR HAZE
[NO. OF DAYS WITH]      [WEATHER - DAYS WITH]      9 = BLOWING SNOW
                                                   X = TORNADO
MAX 32 OR BELOW:   2    0.01 INCH OR MORE:   6
MAX 90 OR ABOVE:   0    0.10 INCH OR MORE:   2
MIN 32 OR BELOW:  12    0.50 INCH OR MORE:   1
MIN  0 OR BELOW:   0    1.00 INCH OR MORE:   1

[HDD (BASE 65) ]
TOTAL THIS MO.   568    CLEAR  (SCALE 0-3)  28
DPTR FM NORMAL   -76    PTCLDY (SCALE 4-7)   0
TOTAL FM JUL 1  4890    CLOUDY (SCALE 8-10)  0
DPTR FM NORMAL   -81

[CDD (BASE 65) ]
TOTAL THIS MO.     0
DPTR FM NORMAL     0    [PRESSURE DATA]
TOTAL FM JAN 1     0    HIGHEST SLP  0.00 ON M
DPTR FM NORMAL     0    LOWEST  SLP  0.00 ON M

[REMARKS]
