000
CXUS55 KEAX 220736
CF6CDJ
PRELIMINARY LOCAL CLIMATOLOGICAL DATA (WS FORM: F-6)

                                          STATION:   CHILLICOTHE
                                          MONTH:     AUGUST
                                          YEAR:      2017
                                          LATITUDE:   39 49 N
                                          LONGITUDE:  93 35 W

  TEMPERATURE IN F:       :PCPN:    SNOW:  WIND      :SUNSHINE: SKY     :PK WND
================================================================================
1   2   3   4   5  6A  6B    7    8   9   10  11  12  13   14  15   16   17  18
                                     12Z  AVG MX 2MIN
DY MAX MIN AVG DEP HDD CDD  WTR  SNW DPTH SPD SPD DIR MIN PSBL S-S WX    SPD DR
================================================================================

 1  87  60  74  -3   0   9 0.00    M    M  0.4  7 310   M    M   0         9  60
 2  90  62  76  -1   0  11 0.00    M    M  0.7  9 230   M    M   0        15 230
 3  83  63  73  -4   0   8 0.00    M    M  5.0 15 310   M    M   0        23 300
 4  80  50  65 -12   0   0 0.00    M    M  2.5 12 310   M    M   0        17 300
 5  69  52  61 -16   4   0 0.01    M    M  3.4 13 150   M    M   0        18 140
 6  76  64  70  -7   0   5 0.04    M    M  2.7  7  30   M    M   0        10  70
 7  82  62  72  -5   0   7 0.00    M    M  2.9 18  30   M    M   0        26  30
 8  83  57  70  -7   0   5 0.00    M    M  1.7  9  50   M    M   0        14  90
 9  85  54  70  -7   0   5 0.00    M    M  2.9 13 200   M    M   0        17 160
10  89  64  77   1   0  12 0.00    M    M  2.3 10 200   M    M   0        14 190
11  85  60  73  -3   0   8 0.00    M    M  3.7 12 350   M    M   0        17 340
12  83  55  69  -7   0   4 0.00    M    M  2.3 10  70   M    M   0        16  10
13  82  55  69  -7   0   4 0.00    M    M  3.8 13 100   M    M   0        20 110
14  85  60  73  -3   0   8 0.00    M    M  4.0 12 200   M    M   0        16 170
15  91  66  79   3   0  14 0.00    M    M  2.8 10 150   M    M   0        15 200
16  89  68  79   3   0  14 0.22    M    M  5.8 16 190   M    M   0 3      25 130
17  84  62  73  -2   0   8 0.00    M    M  4.9 13 290   M    M   0        20 320
18  91  58  75   0   0  10 0.04    M    M  2.8 14 190   M    M   0        18 170
19  93  61  77   2   0  12 0.00    M    M  1.0  9 300   M    M   0        12 300
20  87  69  78   3   0  13 0.61    M    M  5.3 22 300   M    M   0        39 310
21  79  69  74  -1   0   9 1.41    M    M  3.5 14 180   M    M   0        21 180
================================================================================
SM 1773 1271         4 166  2.33    M     64.4          M        0
================================================================================
AV 84.4 60.5                               3.1 FASTST   M    M   0    MAX(MPH)
                                 MISC ---->  # 22 300               # 39  310
================================================================================
NOTES:
# LAST OF SEVERAL OCCURRENCES

COLUMN 17 PEAK WIND IN M.P.H.

PRELIMINARY LOCAL CLIMATOLOGICAL DATA (WS FORM: F-6) , PAGE 2

                                          STATION:  CHILLICOTHE
                                          MONTH:    AUGUST
                                          YEAR:     2017
                                          LATITUDE:   39 49 N
                                          LONGITUDE:  93 35 W

[TEMPERATURE DATA]      [PRECIPITATION DATA]       SYMBOLS USED IN COLUMN 16

AVERAGE MONTHLY: 72.5   TOTAL FOR MONTH:   2.33    1 = FOG OR MIST
DPTR FM NORMAL:  -3.7   DPTR FM NORMAL:   -0.24    2 = FOG REDUCING VISIBILITY
HIGHEST:    93 ON 19    GRTST 24HR  1.41 ON 21-21      TO 1/4 MILE OR LESS
LOWEST:     50 ON  4                               3 = THUNDER
                        SNOW, ICE PELLETS, HAIL    4 = ICE PELLETS
                        TOTAL MONTH:    M          5 = HAIL
                        GRTST 24HR    M  ON   M    6 = FREEZING RAIN OR DRIZZLE
                        GRTST DEPTH:  M  ON   M    7 = DUSTSTORM OR SANDSTORM:
                                                       VSBY 1/2 MILE OR LESS
                                                   8 = SMOKE OR HAZE
[NO. OF DAYS WITH]      [WEATHER - DAYS WITH]      9 = BLOWING SNOW
                                                   X = TORNADO
MAX 32 OR BELOW:   0    0.01 INCH OR MORE:   6
MAX 90 OR ABOVE:   4    0.10 INCH OR MORE:   3
MIN 32 OR BELOW:   0    0.50 INCH OR MORE:   2
MIN  0 OR BELOW:   0    1.00 INCH OR MORE:   1

[HDD (BASE 65) ]
TOTAL THIS MO.     4    CLEAR  (SCALE 0-3)  21
DPTR FM NORMAL     4    PTCLDY (SCALE 4-7)   0
TOTAL FM JUL 1     4    CLOUDY (SCALE 8-10)  0
DPTR FM NORMAL     4

[CDD (BASE 65) ]
TOTAL THIS MO.   166
DPTR FM NORMAL   -71    [PRESSURE DATA]
TOTAL FM JAN 1  1016    HIGHEST SLP  0.00 ON M
DPTR FM NORMAL    98    LOWEST  SLP  0.00 ON M

[REMARKS]
