000
CXUS54 KLUB 280812
CF6CDS
PRELIMINARY LOCAL CLIMATOLOGICAL DATA (WS FORM: F-6)

                                          STATION:   CHILDRESS
                                          MONTH:     DECEMBER
                                          YEAR:      2014
                                          LATITUDE:   34 25 N
                                          LONGITUDE: 100 17 W

  TEMPERATURE IN F:       :PCPN:    SNOW:  WIND      :SUNSHINE: SKY     :PK WND
================================================================================
1   2   3   4   5  6A  6B    7    8   9   10  11  12  13   14  15   16   17  18
                                     12Z  AVG MX 2MIN
DY MAX MIN AVG DEP HDD CDD  WTR  SNW DPTH SPD SPD DIR MIN PSBL S-S WX    SPD DR
================================================================================

 1  37  21  29 -16  36   0 0.00  0.0    0 12.5 28  10   M    M   0        37  10
 2  59  20  40  -5  25   0 0.00  0.0    0 10.7 21 200   M    M   0        26 190
 3  50  37  44   0  21   0 0.00  0.0    0  8.6 15  10   M    M   5 128    18  10
 4  50  42  46   2  19   0    T    M    0  2.8 10 140   M    M  10 12     13 150
 5  60  41  51   7  14   0 0.00  0.0    0  6.3 20 350   M    M   7 12     23 350
 6  60  38  49   5  16   0 0.00  0.0    0  6.3 12 110   M    M   2 12     14 110
 7  58  42  50   7  15   0 0.00  0.0    0  7.5 17 150   M    M   7 12     20 150
 8  66  38  52   9  13   0 0.00    M    0  4.8 10 140   M    M   5 12     13 140
 9  69  36  53  10  12   0 0.00  0.0    0  5.1 15 130   M    M   0 12     18 130
10  58  42  50   8  15   0 0.00  0.0    0  4.8  9 110   M    M   9 128    12 110
11  61  42  52  10  13   0 0.00  0.0    0  4.1  9 140   M    M   7 128    12 200
12  63  46  55  13  10   0 0.00  0.0    0  7.6 14 190   M    M  10 12     17 190
13  69  50  60  18   5   0 0.00  0.0    0 10.0 18 160   M    M   7 12     28 160
14  67  49  58  16   7   0 0.01  0.0    0 18.4 33 240   M    M   4        45 240
15  59  39  49   7  16   0 0.00  0.0    0 15.1 24 320   M    M   0        32 320
16  53  29  41   0  24   0 0.00  0.0    0  7.7 15 340   M    M   2        20 340
17  44  39  42   1  23   0 0.14  0.0    0  8.5 14 130   M    M  10 123    19 150
18  45  39  42   1  23   0    T  0.0    0  5.2 10  10   M    M  10 1      13  80
19  45  39  42   1  23   0 0.05    M    0  3.7 10 130   M    M  10 1      14 130
20  55  42  49   8  16   0 0.00  0.0    0  8.2 15 160   M    M   8 1      33 230
21  66  40  53  12  12   0 0.00  0.0    0 10.4 21 200   M    M   4 1      24 220
22  58  39  49   8  16   0    T    M    0 11.3 26 360   M    M   5        35 360
23  50  38  44   3  21   0    T    M    0 19.0 31 360   M    M   5        40 360
24  52  30  41   0  24   0 0.00  0.0    0 12.6 30 360   M    M   2        33 350
25  62  33  48   7  17   0 0.00  0.0    0 15.1 25 210   M    M   0        33 230
26  54  37  46   5  19   0 0.00  0.0    0 10.5 23 360   M    M   1        27 360
27  42  25  34  -7  31   0    T    T    0  9.6 22 360   M    M   6 1      26 350
================================================================================
SM 1512 1013       486   0  0.20    T    246.4          M      136
================================================================================
AV 56.0 37.5                               9.1 FASTST   M    M   5    MAX(MPH)
                                 MISC ---->  # 33 240               # 45  240
================================================================================
NOTES:
# LAST OF SEVERAL OCCURRENCES

COLUMN 17 PEAK WIND IN M.P.H.

PRELIMINARY LOCAL CLIMATOLOGICAL DATA (WS FORM: F-6) , PAGE 2

                                          STATION:  CHILDRESS
                                          MONTH:    DECEMBER
                                          YEAR:     2014
                                          LATITUDE:   34 25 N
                                          LONGITUDE: 100 17 W

[TEMPERATURE DATA]      [PRECIPITATION DATA]       SYMBOLS USED IN COLUMN 16

AVERAGE MONTHLY: 46.8   TOTAL FOR MONTH:   0.20    1 = FOG OR MIST
DPTR FM NORMAL:   4.6   DPTR FM NORMAL:   -0.62    2 = FOG REDUCING VISIBILITY
HIGHEST:    69 ON 13, 9 GRTST 24HR  0.14 ON 17-17      TO 1/4 MILE OR LESS
LOWEST:     20 ON  2                               3 = THUNDER
                        SNOW, ICE PELLETS, HAIL    4 = ICE PELLETS
                        TOTAL MONTH:    T          5 = HAIL
                        GRTST 24HR    T  ON 27-27  6 = FREEZING RAIN OR DRIZZLE
                        GRTST DEPTH:   0           7 = DUSTSTORM OR SANDSTORM:
                                                       VSBY 1/2 MILE OR LESS
                                                   8 = SMOKE OR HAZE
[NO. OF DAYS WITH]      [WEATHER - DAYS WITH]      9 = BLOWING SNOW
                                                   X = TORNADO
MAX 32 OR BELOW:   0    0.01 INCH OR MORE:   3
MAX 90 OR ABOVE:   0    0.10 INCH OR MORE:   1
MIN 32 OR BELOW:   5    0.50 INCH OR MORE:   0
MIN  0 OR BELOW:   0    1.00 INCH OR MORE:   0

[HDD (BASE 65) ]
TOTAL THIS MO.   486    CLEAR  (SCALE 0-3)   9
DPTR FM NORMAL  -129    PTCLDY (SCALE 4-7)  12
TOTAL FM JUL 1  1041    CLOUDY (SCALE 8-10)  6
DPTR FM NORMAL  -134

[CDD (BASE 65) ]
TOTAL THIS MO.     0
DPTR FM NORMAL     0    [PRESSURE DATA]
TOTAL FM JAN 1  2317    HIGHEST SLP M ON M
DPTR FM NORMAL   110    LOWEST  SLP 29.49 ON 22

[REMARKS]
