000
CXUS54 KMRX 281000
CF6CHA
PRELIMINARY LOCAL CLIMATOLOGICAL DATA (WS FORM: F-6)

                                          STATION:   CHATTANOOGA  ASOS
                                          MONTH:     AUGUST
                                          YEAR:      2014
                                          LATITUDE:   35  1 N
                                          LONGITUDE:  85 12 W

  TEMPERATURE IN F:       :PCPN:    SNOW:  WIND      :SUNSHINE: SKY     :PK WND
================================================================================
1   2   3   4   5  6A  6B    7    8   9   10  11  12  13   14  15   16   17  18
                                     12Z  AVG MX 2MIN
DY MAX MIN AVG DEP HDD CDD  WTR  SNW DPTH SPD SPD DIR MIN PSBL S-S WX    SPD DR
================================================================================

 1  88  66  77  -3   0  12 0.03  0.0    0  2.7 10 340   M    M   M 18     13 360
 2  80  69  75  -5   0  10 0.10  0.0    0  1.9 17 330   M    M   M 138    22 310
 3  88  68  78  -2   0  13 0.00  0.0    0  3.4 14  10   M    M   M 128    20  20
 4  89  64  77  -3   0  12 0.00  0.0    0  3.7 13  10   M    M   2 18     18  10
 5  90  62  76  -4   0  11 0.00  0.0    0  2.5 14 310   M    M   3        16 320
 6  92  66  79  -1   0  14 0.00  0.0    0  3.1 15 260   M    M   4 18     21 260
 7  95  72  84   4   0  19 0.31  0.0    0  4.2 18 210   M    M   6 138    22 350
 8  87  73  80   0   0  15 0.25  0.0    0  2.2 13 290   M    M   6 138    18 290
 9  88  71  80   0   0  15 0.00  0.0    0  3.4 14 180   M    M   7 138    19 170
10  88  75  82   2   0  17 0.22  0.0    0  4.2 24  20   M    M   7 138    30  20
11  87  73  80   0   0  15 0.05  0.0    0  6.1 14 190   M    M   M 138    18 200
12  89  72  81   1   0  16    T  0.0    0  4.8 22 320   M    M   7 1      27 320
13  83  64  74  -6   0   9 0.00  0.0    0  9.2 16  20   M    M   2        22 360
14  86  61  74  -6   0   9 0.00  0.0    0  2.9 12  30   M    M   3        15  10
15  88  63  76  -4   0  11 0.00  0.0    0  3.1 12  60   M    M   3        16  60
16  90  65  78  -2   0  13 0.00  0.0    0  1.8 12 250   M    M   4 1      14 220
17  93  67  80   0   0  15 0.18  0.0    0  3.2 29 280   M    M   6 138    37 270
18  86  70  78  -2   0  13 1.07  0.0    0  4.6 16 270   M    M   M 13     24 290
19  90  72  81   1   0  16 0.00  0.0    0  3.9 15 280   M    M   M        20 270
20  95  72  84   5   0  19 0.30  0.0    0  4.6 47 250   M    M   M 138    62 270
21  94  70  82   3   0  17 0.00  0.0    0  1.4 10 270   M    M   M 1      13 280
22  94  73  84   5   0  19 0.00  0.0    0  3.3 13 330   M    M   M 1      18 310
23  91  74  83   4   0  18 0.38  0.0    0  2.4 21  10   M    M   M 3      25  20
24  90  74  82   3   0  17    T  0.0    0  4.5 14 130   M    M   6 3      17 120
25  88  73  81   2   0  16 0.00  0.0    0  4.6 10  30   M    M   7        16  30
26  88  68  78   0   0  13 0.00  0.0    0  3.4 13 360   M    M   M        17  10
27  91  67  79   1   0  14 0.00  0.0    0  2.7 13  10   M    M   2 8      16  20
================================================================================
SM 2408 1864         0 388  2.89     0.0  97.8          M       75
================================================================================
AV 89.2 69.0                               3.6 FASTST   M    M   5    MAX(MPH)
                                 MISC ---->  # 47 250               # 62  270
================================================================================
NOTES:
# LAST OF SEVERAL OCCURRENCES

COLUMN 17 PEAK WIND IN M.P.H.

PRELIMINARY LOCAL CLIMATOLOGICAL DATA (WS FORM: F-6) , PAGE 2

                                          STATION:  CHATTANOOGA  ASOS
                                          MONTH:    AUGUST
                                          YEAR:     2014
                                          LATITUDE:   35  1 N
                                          LONGITUDE:  85 12 W

[TEMPERATURE DATA]      [PRECIPITATION DATA]       SYMBOLS USED IN COLUMN 16

AVERAGE MONTHLY: 79.1   TOTAL FOR MONTH:   2.89    1 = FOG OR MIST
DPTR FM NORMAL:  -0.5   DPTR FM NORMAL:   -0.18    2 = FOG REDUCING VISIBILITY
HIGHEST:    95 ON 20, 7 GRTST 24HR  1.20 ON 17-18      TO 1/4 MILE OR LESS
LOWEST:     61 ON 14                               3 = THUNDER
                        SNOW, ICE PELLETS, HAIL    4 = ICE PELLETS
                        TOTAL MONTH:   0.0 INCH    5 = HAIL
                        GRTST 24HR     0.0         6 = FREEZING RAIN OR DRIZZLE
                        GRTST DEPTH:   0           7 = DUSTSTORM OR SANDSTORM:
                                                       VSBY 1/2 MILE OR LESS
                                                   8 = SMOKE OR HAZE
[NO. OF DAYS WITH]      [WEATHER - DAYS WITH]      9 = BLOWING SNOW
                                                   X = TORNADO
MAX 32 OR BELOW:   0    0.01 INCH OR MORE:  10
MAX 90 OR ABOVE:  12    0.10 INCH OR MORE:   8
MIN 32 OR BELOW:   0    0.50 INCH OR MORE:   1
MIN  0 OR BELOW:   0    1.00 INCH OR MORE:   1

[HDD (BASE 65) ]
TOTAL THIS MO.     0    CLEAR  (SCALE 0-3)   5
DPTR FM NORMAL     0    PTCLDY (SCALE 4-7)  11
TOTAL FM JUL 1     0    CLOUDY (SCALE 8-10)  0
DPTR FM NORMAL     0

[CDD (BASE 65) ]
TOTAL THIS MO.   388
DPTR FM NORMAL    -7    [PRESSURE DATA]
TOTAL FM JAN 1  1442    HIGHEST SLP M ON M
DPTR FM NORMAL    43    LOWEST  SLP 29.83 ON 12

[REMARKS]
