000
CXUS52 KCHS 230715
CF6CHS
PRELIMINARY LOCAL CLIMATOLOGICAL DATA (WS FORM: F-6)

                                          STATION:   NORTH CHARLESTON SC
                                          MONTH:     FEBRUARY
                                          YEAR:      2018
                                          LATITUDE:   32 54 N
                                          LONGITUDE:  80  2 W

  TEMPERATURE IN F:       :PCPN:    SNOW:  WIND      :SUNSHINE: SKY     :PK WND
================================================================================
1   2   3   4   5  6A  6B    7    8   9   10  11  12  13   14  15   16   17  18
                                     12Z  AVG MX 2MIN
DY MAX MIN AVG DEP HDD CDD  WTR  SNW DPTH SPD SPD DIR MIN PSBL S-S WX    SPD DR
================================================================================

 1  68  35  52   3  13   0 0.00  0.0    0  7.9 21 210   M    M   2 1      25 220
 2  63  38  51   1  14   0 0.01  0.0    0 12.3 24 350   M    M   6 8      29 340
 3  50  33  42  -8  23   0 0.00  0.0    0  8.9 16  30   M    M   6        22  30
 4  67  42  55   5  10   0 0.32  0.0    0 13.8 35 200   M    M   9 1      48 190
 5  63  43  53   3  12   0 0.00  0.0    0  7.2 17 340   M    M   1        23 300
 6  74  37  56   6   9   0 0.00  0.0    0  4.7 16 180   M    M   1 1      21 180
 7  75  51  63  13   2   0 0.30  0.0    0 12.3 31 210   M    M   7 13     39 200
 8  65  44  55   5  10   0 0.01  0.0    0  9.1 25 360   M    M   6        30 360
 9  68  42  55   4  10   0 0.52  0.0    0  8.1 17  90   M    M   6 1      23  90
10  77  57  67  16   0   2    T  0.0    0  7.6 18 180   M    M   9 12     23 210
11  76  66  71  20   0   6 0.09  0.0    0 14.2 25 220   M    M  10 1      34 220
12  73  57  65  14   0   0    T  0.0    0  4.5 23 100   M    M   9 1      31  90
13  57  47  52   1  13   0    T  0.0    0 11.5 22  60   M    M  10 18     26  60
14  72  46  59   7   6   0    T  0.0    0  5.3 12  30   M    M   7 128    14  20
15  81  52  67  15   0   2 0.00  0.0    0  8.3 17 200   M    M   6 1      21 220
16  83  61  72  20   0   7 0.00  0.0    0 11.2 22 260   M    M   4        29 260
17  71  58  65  13   0   0 0.00  0.0    0  9.1 21  90   M    M   7 1      26  90
18  68  59  64  12   1   0 0.00  0.0    0  9.2 20 100   M    M   6        25  80
19  79  57  68  16   0   3 0.01  0.0    0  5.7 15 180   M    M   7 12     19 180
20  82  58  70  17   0   5    T  0.0    0  7.0 20 160   M    M   7 12     23 170
21  81  60  71  18   0   6    T  0.0    0  8.5 17 190   M    M   4 1      22 160
22  82  60  71  18   0   6 0.00  0.0    0  5.8 15 170   M    M   2 1      19 160
================================================================================
SM 1575 1103       123  37  1.26     0.0 192.2          M      132
================================================================================
AV 71.6 50.1                               8.7 FASTST   M    M   6    MAX(MPH)
                                 MISC ---->  # 35 200               # 48  190
================================================================================
NOTES:
# LAST OF SEVERAL OCCURRENCES

COLUMN 17 PEAK WIND IN M.P.H.

PRELIMINARY LOCAL CLIMATOLOGICAL DATA (WS FORM: F-6) , PAGE 2

                                          STATION:  NORTH CHARLESTON SC
                                          MONTH:    FEBRUARY
                                          YEAR:     2018
                                          LATITUDE:   32 54 N
                                          LONGITUDE:  80  2 W

[TEMPERATURE DATA]      [PRECIPITATION DATA]       SYMBOLS USED IN COLUMN 16

AVERAGE MONTHLY: 60.9   TOTAL FOR MONTH:   1.26    1 = FOG OR MIST
DPTR FM NORMAL:   9.7   DPTR FM NORMAL:   -1.07    2 = FOG REDUCING VISIBILITY
HIGHEST:    83 ON 16    GRTST 24HR  0.52 ON  9- 9      TO 1/4 MILE OR LESS
LOWEST:     33 ON  3                               3 = THUNDER
                        SNOW, ICE PELLETS, HAIL    4 = ICE PELLETS
                        TOTAL MONTH:   0.0 INCH    5 = HAIL
                        GRTST 24HR     0.0         6 = FREEZING RAIN OR DRIZZLE
                        GRTST DEPTH:   0           7 = DUSTSTORM OR SANDSTORM:
                                                       VSBY 1/2 MILE OR LESS
                                                   8 = SMOKE OR HAZE
[NO. OF DAYS WITH]      [WEATHER - DAYS WITH]      9 = BLOWING SNOW
                                                   X = TORNADO
MAX 32 OR BELOW:   0    0.01 INCH OR MORE:   7
MAX 90 OR ABOVE:   0    0.10 INCH OR MORE:   3
MIN 32 OR BELOW:   0    0.50 INCH OR MORE:   1
MIN  0 OR BELOW:   0    1.00 INCH OR MORE:   0

[HDD (BASE 65) ]
TOTAL THIS MO.   123    CLEAR  (SCALE 0-3)   4
DPTR FM NORMAL  -186    PTCLDY (SCALE 4-7)  13
TOTAL FM JUL 1  1433    CLOUDY (SCALE 8-10)  5
DPTR FM NORMAL  -135

[CDD (BASE 65) ]
TOTAL THIS MO.    37
DPTR FM NORMAL    37    [PRESSURE DATA]
TOTAL FM JAN 1    40    HIGHEST SLP M ON M
DPTR FM NORMAL    38    LOWEST  SLP 29.84 ON  4

[REMARKS]
