000
CXUS55 KDVN 270253
CF6CID
PRELIMINARY LOCAL CLIMATOLOGICAL DATA (WS FORM: F-6)

                                          STATION:   CEDAR RAPIDS IA
                                          MONTH:     FEBRUARY
                                          YEAR:      2017
                                          LATITUDE:   41 52 N
                                          LONGITUDE:  91 42 W

  TEMPERATURE IN F:       :PCPN:    SNOW:  WIND      :SUNSHINE: SKY     :PK WND
================================================================================
1   2   3   4   5  6A  6B    7    8   9   10  11  12  13   14  15   16   17  18
                                     12Z  AVG MX 2MIN
DY MAX MIN AVG DEP HDD CDD  WTR  SNW DPTH SPD SPD DIR MIN PSBL S-S WX    SPD DR
================================================================================

 1  33  19  26   5  39   0 0.00    M    M 14.3 24 300   M    M   3        29 300
 2  23  11  17  -4  48   0 0.00    M    M 13.0 22 300   M    M   4        28 330
 3  27  11  19  -2  46   0 0.00    M    M  8.9 17 300   M    M   2        22 310
 4  34  13  24   3  41   0 0.00    M    M 11.7 23 170   M    M   3        31 180
 5  35  20  28   7  37   0 0.00    M    M  8.5 20 300   M    M   3        24 300
 6  52  20  36  14  29   0    T    M    M  6.4 13 160   M    M   1 12     15 150
 7  40  22  31   9  34   0 0.27    M    M 16.9 31 290   M    M  10 123    38 310
 8  22  11  17  -5  48   0 0.02    M    M 14.0 21 330   M    M   7 18     24 340
 9  21   4  13  -9  52   0 0.00    M    M  8.9 16 310   M    M   2        20 170
10  50  17  34  11  31   0 0.00    M    M 10.3 22 190   M    M   1        30 190
11  52  32  42  19  23   0 0.00    M    M  7.7 17  10   M    M   1 1      20  10
12  44  25  35  12  30   0    T    M    M 15.3 33 310   M    M   3        42 310
13  48  21  35  11  30   0 0.00    M    M  9.3 20 230   M    M   0 1      24 210
14  47  27  37  13  28   0 0.00    M    M 13.6 25 300   M    M   0        29 300
15  39  23  31   7  34   0 0.00    M    M 10.5 18 330   M    M   0        24 320
16  51  22  37  12  28   0 0.00    M    M  7.3 16 160   M    M   0        23 150
17  71  29  50  25  15   0 0.00    M    M  8.5 18 220   M    M   0        24 230
18  63  31  47  22  18   0 0.00    M    M  5.6 12 330   M    M   0        14 330
19  70  28  49  23  16   0 0.00    M    M  7.1 14 150   M    M   0 12     19 150
20  61  50  56  30   9   0 0.16    M    M  9.6 21 160   M    M   7 128    29 150
21  64  33  49  23  16   0 0.00    M    M  5.1 18 310   M    M   0 12     21 300
22  76  43  60  33   5   0 0.00    M    M 13.7 26 190   M    M   0 12     32 210
23  45  37  41  14  24   0 0.09    M    M 16.3 29  70   M    M   8 13     35  70
24  37  22  30   2  35   0 0.07    M    M 17.3 28  50   M    M  10 1      34 340
25  28  15  22  -6  43   0    T    M    M 14.7 28 320   M    M   4 1      33 310
================================================================================
SM 1133  586       759   0  0.61    M    274.5          M       69
================================================================================
AV 45.3 23.4                              11.0 FASTST   M    M   3    MAX(MPH)
                                 MISC ---->  # 33 310               # 42  310
================================================================================
NOTES:
# LAST OF SEVERAL OCCURRENCES

COLUMN 17 PEAK WIND IN M.P.H.

PRELIMINARY LOCAL CLIMATOLOGICAL DATA (WS FORM: F-6) , PAGE 2

                                          STATION:  CEDAR RAPIDS IA
                                          MONTH:    FEBRUARY
                                          YEAR:     2017
                                          LATITUDE:   41 52 N
                                          LONGITUDE:  91 42 W

[TEMPERATURE DATA]      [PRECIPITATION DATA]       SYMBOLS USED IN COLUMN 16

AVERAGE MONTHLY: 34.4   TOTAL FOR MONTH:   0.61    1 = FOG OR MIST
DPTR FM NORMAL:  10.5   DPTR FM NORMAL:   -0.45    2 = FOG REDUCING VISIBILITY
HIGHEST:    76 ON 22    GRTST 24HR  0.27 ON  7- 7      TO 1/4 MILE OR LESS
LOWEST:      4 ON  9                               3 = THUNDER
                        SNOW, ICE PELLETS, HAIL    4 = ICE PELLETS
                        TOTAL MONTH:    M          5 = HAIL
                        GRTST 24HR    M  ON   M    6 = FREEZING RAIN OR DRIZZLE
                        GRTST DEPTH:  M  ON   M    7 = DUSTSTORM OR SANDSTORM:
                                                       VSBY 1/2 MILE OR LESS
                                                   8 = SMOKE OR HAZE
[NO. OF DAYS WITH]      [WEATHER - DAYS WITH]      9 = BLOWING SNOW
                                                   X = TORNADO
MAX 32 OR BELOW:   5    0.01 INCH OR MORE:   5
MAX 90 OR ABOVE:   0    0.10 INCH OR MORE:   2
MIN 32 OR BELOW:  21    0.50 INCH OR MORE:   0
MIN  0 OR BELOW:   0    1.00 INCH OR MORE:   0

[HDD (BASE 65) ]
TOTAL THIS MO.   759    CLEAR  (SCALE 0-3)  17
DPTR FM NORMAL  -268    PTCLDY (SCALE 4-7)   6
TOTAL FM JUL 1  4210    CLOUDY (SCALE 8-10)  2
DPTR FM NORMAL  -965

[CDD (BASE 65) ]
TOTAL THIS MO.     0
DPTR FM NORMAL     0    [PRESSURE DATA]
TOTAL FM JAN 1     0    HIGHEST SLP M ON M
DPTR FM NORMAL     0    LOWEST  SLP 29.38 ON  7

[REMARKS]
