000
CXUS55 KDVN 181100
CF6CID
PRELIMINARY LOCAL CLIMATOLOGICAL DATA (WS FORM: F-6)

                                          STATION:   CEDAR RAPIDS IA
                                          MONTH:     DECEMBER
                                          YEAR:      2014
                                          LATITUDE:   41 52 N
                                          LONGITUDE:  91 42 W

  TEMPERATURE IN F:       :PCPN:    SNOW:  WIND      :SUNSHINE: SKY     :PK WND
================================================================================
1   2   3   4   5  6A  6B    7    8   9   10  11  12  13   14  15   16   17  18
                                     12Z  AVG MX 2MIN
DY MAX MIN AVG DEP HDD CDD  WTR  SNW DPTH SPD SPD DIR MIN PSBL S-S WX    SPD DR
================================================================================

 1  18   7  13 -16  52   0 0.00    M    M 11.1 24 340   M    M   0        30 340
 2  29  10  20  -8  45   0 0.00    M    M  8.3 16 190   M    M   5        20 170
 3  33  14  24  -4  41   0 0.00    M    M  8.5 21 320   M    M   0        26 300
 4  32  20  26  -1  39   0 0.00    M    M  8.2 15 120   M    M   7 8      19 110
 5  39  31  35   8  30   0 0.00    M    M  5.9 14 350   M    M  10 12     16 350
 6  42  26  34   8  31   0 0.00    M    M  9.2 18  20   M    M   3 18     22  10
 7  36  24  30   4  35   0    T    M    M  9.8 20 150   M    M   2 1      26 150
 8  38  29  34   8  31   0 0.01    M    M 13.9 30 310   M    M  10 1      36 310
 9  35  23  29   4  36   0 0.00    M    M  7.9 17 350   M    M   9        22 360
10  31  28  30   5  35   0 0.00    M    M  3.3  8  80   M    M  10        10  80
11  32  26  29   5  36   0 0.00    M    M  4.3 10 240   M    M  10 18     12 230
12   M  28   M   M   M   M 0.00    M    M  5.9  9 190   M    M   8 18     12 190
13  53   M   M   M   M   M    T    M    M  6.8 12 170   M    M   8 128    16 180
14  54  46  50  27  15   0 0.00    M    M  8.9 15 130   M    M  10 12     20 140
15  49  45  47  24  18   0 0.17    M    M 10.4 18 140   M    M  10 1      26 140
16  45  18  32   9  33   0 0.04    M    M 21.4 31 310   M    M  10        38 310
17  26  13  20  -2  45   0 0.00    M    M  9.5 17 300   M    M   4        22 300
================================================================================
SM  592  388       522   0  0.22    M    153.3          M      116
================================================================================
AV 37.0 24.2                               9.0 FASTST   M    M   7    MAX(MPH)
                                 MISC ---->  # 31 310               # 38  310
================================================================================
NOTES:
# LAST OF SEVERAL OCCURRENCES

COLUMN 17 PEAK WIND IN M.P.H.

PRELIMINARY LOCAL CLIMATOLOGICAL DATA (WS FORM: F-6) , PAGE 2

                                          STATION:  CEDAR RAPIDS IA
                                          MONTH:    DECEMBER
                                          YEAR:     2014
                                          LATITUDE:   41 52 N
                                          LONGITUDE:  91 42 W

[TEMPERATURE DATA]      [PRECIPITATION DATA]       SYMBOLS USED IN COLUMN 16

AVERAGE MONTHLY: 30.6   TOTAL FOR MONTH:   0.22    1 = FOG OR MIST
DPTR FM NORMAL:   5.3   DPTR FM NORMAL:   -0.67    2 = FOG REDUCING VISIBILITY
HIGHEST:    54 ON 14    GRTST 24HR  0.21 ON 15-16      TO 1/4 MILE OR LESS
LOWEST:      7 ON  1                               3 = THUNDER
                        SNOW, ICE PELLETS, HAIL    4 = ICE PELLETS
                        TOTAL MONTH:    M          5 = HAIL
                        GRTST 24HR    M  ON   M    6 = FREEZING RAIN OR DRIZZLE
                        GRTST DEPTH:  M  ON   M    7 = DUSTSTORM OR SANDSTORM:
                                                       VSBY 1/2 MILE OR LESS
                                                   8 = SMOKE OR HAZE
[NO. OF DAYS WITH]      [WEATHER - DAYS WITH]      9 = BLOWING SNOW
                                                   X = TORNADO
MAX 32 OR BELOW:   6    0.01 INCH OR MORE:   3
MAX 90 OR ABOVE:   0    0.10 INCH OR MORE:   1
MIN 32 OR BELOW:  14    0.50 INCH OR MORE:   0
MIN  0 OR BELOW:   0    1.00 INCH OR MORE:   0

[HDD (BASE 65) ]
TOTAL THIS MO.   522    CLEAR  (SCALE 0-3)   3
DPTR FM NORMAL  -153    PTCLDY (SCALE 4-7)   6
TOTAL FM JUL 1  2183    CLOUDY (SCALE 8-10)  8
DPTR FM NORMAL    62

[CDD (BASE 65) ]
TOTAL THIS MO.     0
DPTR FM NORMAL     0    [PRESSURE DATA]
TOTAL FM JAN 1   670    HIGHEST SLP M ON M
DPTR FM NORMAL   -78    LOWEST  SLP 29.61 ON M

[REMARKS]
