000
CXUS53 KARX 280930
CF6CMY
PRELIMINARY LOCAL CLIMATOLOGICAL DATA (WS FORM: F-6)

                                          STATION:   SPARTA - FORT MCCOY WI
                                          MONTH:     FEBRUARY
                                          YEAR:      2017
                                          LATITUDE:   43 58 N
                                          LONGITUDE:  90 44 W

  TEMPERATURE IN F:       :PCPN:    SNOW:  WIND      :SUNSHINE: SKY     :PK WND
================================================================================
1   2   3   4   5  6A  6B    7    8   9   10  11  12  13   14  15   16   17  18
                                     12Z  AVG MX 2MIN
DY MAX MIN AVG DEP HDD CDD  WTR  SNW DPTH SPD SPD DIR MIN PSBL S-S WX    SPD DR
================================================================================

 1  28   7  18   M  47   0    M    M    3  7.0 18 310   M    M   4 1      24 310
 2  17  -2   8   M  57   0 0.00  0.0    3  5.9 14 280   M    M   1        20 270
 3  21  -5   8   M  57   0 0.00  0.0    3  3.6 12 260   M    M   0        16 260
 4  32  -6  13   M  52   0 0.00  0.0    3  5.1 15 200   M    M   4        24 200
 5  31  11  21   M  44   0 0.00  0.0    3  5.4 13 330   M    M   3        20 330
 6  43   7  25   M  40   0 0.00  0.0    3  3.6 10  90   M    M   3         M  M
 7  33  21  27   M  38   0 0.00  0.0    2  9.1 18 300   M    M  10 1      30 300
 8  21   5  13   M  52   0 0.00  0.0    2  8.4 14 320   M    M   5        17 300
 9  19   3  11   M  54   0 0.00  0.0    M  4.4  9 290   M    M   1         M  M
10  41  19  30   M  35   0 0.00  0.0    M  6.6 12 190   M    M   2        18 190
11  44  33  39   M  26   0 0.00  0.0    M  0.4  6  20   M    M   5         M  M
12  38  21  30   M  35   0    T  0.0    M  8.7 20 280   M    M   3        35 290
13  47  15  31   M  34   0 0.00  0.0    M  3.9 13 210   M    M   0        21 240
14  45  22  34   M  31   0 0.00  0.0    M  8.7 16 300   M    M   1        31 280
15  33  21  27   M  38   0 0.00  0.0    M  6.9 13 310   M    M   3        20 320
16  40  20  30   M  35   0 0.00  0.0    0  4.1 12 150   M    M   1         M  M
17  60  21  41   M  24   0 0.00  0.0    0  2.3  8 190   M    M   0        17 210
18  61  27  44   M  21   0 0.00  0.0    0  2.3  7 350   M    M   0         M  M
19  64  22  43   M  22   0 0.00  0.0    0  2.5 10 170   M    M   0         M  M
20  59  42  51   M  14   0 0.43  0.0    0  7.9 17 180   M    M   7        27 160
21  63  37  50   M  15   0 0.01    M    0  4.3 12 180   M    M   5        22 260
22  62  34  48   M  17   0 0.00  0.0    0  3.2  8 270   M    M   1         M  M
23  47  34  41   M  24   0 0.01    M    M  9.5 15 290   M    M   8        22  50
24  34  19  27   M  38   0    M    M    M 10.8 16  50   M    M   8 13     27  30
25  27  14  21   M  44   0999.00   M    M 10.0 16 290   M    M   3 8      28 300
26  40  20  30   M  35   0 0.00  0.0    M  5.9 15 220   M    M   4        22 220
27  46  13  30   M  35   0 0.00  0.0    M  3.5  9 200   M    M   1        18 200
================================================================================
SM 1096  475       964   0999.45     0.0 154.0          M       83
================================================================================
AV 40.6 17.6                               5.7 FASTST   M    M   3    MAX(MPH)
                                 MISC ---->  # 20 280               # 35  290
================================================================================
NOTES:
# LAST OF SEVERAL OCCURRENCES

COLUMN 17 PEAK WIND IN M.P.H.

PRELIMINARY LOCAL CLIMATOLOGICAL DATA (WS FORM: F-6) , PAGE 2

                                          STATION:  SPARTA - FORT MCCOY WI
                                          MONTH:    FEBRUARY
                                          YEAR:     2017
                                          LATITUDE:   43 58 N
                                          LONGITUDE:  90 44 W

[TEMPERATURE DATA]      [PRECIPITATION DATA]       SYMBOLS USED IN COLUMN 16

AVERAGE MONTHLY: 29.1   TOTAL FOR MONTH: 999.45    1 = FOG OR MIST
DPTR FM NORMAL:     M   DPTR FM NORMAL:       M    2 = FOG REDUCING VISIBILITY
HIGHEST:    64 ON 19    GRTST 24HR 999.00ON 25-25      TO 1/4 MILE OR LESS
LOWEST:     -6 ON  4                               3 = THUNDER
                        SNOW, ICE PELLETS, HAIL    4 = ICE PELLETS
                        TOTAL MONTH:   0.0 INCH    5 = HAIL
                        GRTST 24HR     0.0         6 = FREEZING RAIN OR DRIZZLE
                        GRTST DEPTH:   3 ON  6, 5  7 = DUSTSTORM OR SANDSTORM:
                                                       VSBY 1/2 MILE OR LESS
                                                   8 = SMOKE OR HAZE
[NO. OF DAYS WITH]      [WEATHER - DAYS WITH]      9 = BLOWING SNOW
                                                   X = TORNADO
MAX 32 OR BELOW:   8    0.01 INCH OR MORE:   4
MAX 90 OR ABOVE:   0    0.10 INCH OR MORE:   2
MIN 32 OR BELOW:  22    0.50 INCH OR MORE:   1
MIN  0 OR BELOW:   3    1.00 INCH OR MORE:   1

[HDD (BASE 65) ]
TOTAL THIS MO.   964    CLEAR  (SCALE 0-3)  16
DPTR FM NORMAL     M    PTCLDY (SCALE 4-7)  10
TOTAL FM JUL 1  5016    CLOUDY (SCALE 8-10)  1
DPTR FM NORMAL     M

[CDD (BASE 65) ]
TOTAL THIS MO.     0
DPTR FM NORMAL     M    [PRESSURE DATA]
TOTAL FM JAN 1     0    HIGHEST SLP M ON M
DPTR FM NORMAL     M    LOWEST  SLP M ON M

[REMARKS]
