000
CXUS53 KARX 250930
CF6CMY
PRELIMINARY LOCAL CLIMATOLOGICAL DATA (WS FORM: F-6)

                                          STATION:   SPARTA - FORT MCCOY WI
                                          MONTH:     OCTOBER
                                          YEAR:      2014
                                          LATITUDE:   43 58 N
                                          LONGITUDE:  90 44 W

  TEMPERATURE IN F:       :PCPN:    SNOW:  WIND      :SUNSHINE: SKY     :PK WND
================================================================================
1   2   3   4   5  6A  6B    7    8   9   10  11  12  13   14  15   16   17  18
                                     12Z  AVG MX 2MIN
DY MAX MIN AVG DEP HDD CDD  WTR  SNW DPTH SPD SPD DIR MIN PSBL S-S WX    SPD DR
================================================================================

 1  64  45  55   M  10   0 0.00  0.0    0  4.1 10 110   M    M   9         M  M
 2  70  52  61   M   4   0 0.74  0.0    0  2.1 16 310   M    M   9 128    22 340
 3  55  38  47   M  18   0    T  0.0    0 11.9 17 290   M    M  10 8      30 290
 4  49  31  40   M  25   0 0.30    M    0  8.2 15 290   M    M   7 1      22 290
 5  51  26  39   M  26   0 0.00  0.0    0  3.2 15 280   M    M   6        21 280
 6  56  27  42   M  23   0 0.00  0.0    0  4.7 16 260   M    M   3 2      22 270
 7  62  33  48   M  17   0 0.00  0.0    0  4.8 14 280   M    M   3        21 280
 8  61  29  45   M  20   0 0.00  0.0    0  6.5 17 280   M    M   1        25 270
 9  56  25  41   M  24   0 0.00  0.0    0  2.5  8 310   M    M   0         M  M
10  57  24  41   M  24   0 0.00  0.0    0  1.3  8 310   M    M   2 2       M  M
11  58  23  41   M  24   0 0.00  0.0    0  1.2  7 290   M    M   2 1       M  M
12  58  28  43   M  22   0 0.00  0.0    0  3.7 13 170   M    M   5        18 170
13  57  49  53   M  12   0 0.79  0.0    0  4.1 12  10   M    M  10 1       M  M
14  51  48  50   M  15   0 0.99  0.0    0  9.6 15 360   M    M  10 1      23  10
15  60  38  49   M  16   0 0.02  0.0    0  5.8 13 340   M    M   8 1      16 350
16  67  37  52   M  13   0 0.00  0.0    0  2.2  9 180   M    M   4 12      M  M
17  54  41  48   M  17   0    T  0.0    0  8.2 15 300   M    M   8        25 300
18  54  28  41   M  24   0    T  0.0    0  5.5 12 330   M    M   5        17 350
19  62  24  43   M  22   0 0.00  0.0    0  4.0 15 190   M    M   1        23 210
20  62  35  49   M  16   0 0.00  0.0    0  5.9 13 320   M    M   4        23 320
21  56  28  42   M  23   0 0.00  0.0    0  3.0  9  90   M    M   1         M  M
22  60  25  43   M  22   0 0.00  0.0    0  3.9 12 180   M    M   0        16 180
23  51  46  49   M  16   0 0.36  0.0    0  2.8 10 170   M    M  10 1       M  M
24  64  47  56   M   9   0 0.00  0.0    0  3.2 10 170   M    M   9 1       M  M
================================================================================
SM 1395  827       442   0  3.20     0.0 112.4          M      127
================================================================================
AV 58.1 34.5                               4.7 FASTST   M    M   5    MAX(MPH)
                                 MISC ---->    17   M                 30    M
================================================================================
NOTES:
# LAST OF SEVERAL OCCURRENCES

COLUMN 17 PEAK WIND IN M.P.H.

PRELIMINARY LOCAL CLIMATOLOGICAL DATA (WS FORM: F-6) , PAGE 2

                                          STATION:  SPARTA - FORT MCCOY WI
                                          MONTH:    OCTOBER
                                          YEAR:     2014
                                          LATITUDE:   43 58 N
                                          LONGITUDE:  90 44 W

[TEMPERATURE DATA]      [PRECIPITATION DATA]       SYMBOLS USED IN COLUMN 16

AVERAGE MONTHLY: 46.3   TOTAL FOR MONTH:   3.20    1 = FOG OR MIST
DPTR FM NORMAL:     M   DPTR FM NORMAL:       M    2 = FOG REDUCING VISIBILITY
HIGHEST:    70 ON  2    GRTST 24HR  0.99 ON 14-14      TO 1/4 MILE OR LESS
LOWEST:     23 ON 11                               3 = THUNDER
                        SNOW, ICE PELLETS, HAIL    4 = ICE PELLETS
                        TOTAL MONTH:   0.0 INCH    5 = HAIL
                        GRTST 24HR     0.0         6 = FREEZING RAIN OR DRIZZLE
                        GRTST DEPTH:   0           7 = DUSTSTORM OR SANDSTORM:
                                                       VSBY 1/2 MILE OR LESS
                                                   8 = SMOKE OR HAZE
[NO. OF DAYS WITH]      [WEATHER - DAYS WITH]      9 = BLOWING SNOW
                                                   X = TORNADO
MAX 32 OR BELOW:   0    0.01 INCH OR MORE:   6
MAX 90 OR ABOVE:   0    0.10 INCH OR MORE:   5
MIN 32 OR BELOW:  12    0.50 INCH OR MORE:   3
MIN  0 OR BELOW:   0    1.00 INCH OR MORE:   0

[HDD (BASE 65) ]
TOTAL THIS MO.   442    CLEAR  (SCALE 0-3)   8
DPTR FM NORMAL     M    PTCLDY (SCALE 4-7)   8
TOTAL FM JUL 1   745    CLOUDY (SCALE 8-10)  8
DPTR FM NORMAL     M

[CDD (BASE 65) ]
TOTAL THIS MO.     0
DPTR FM NORMAL     M    [PRESSURE DATA]
TOTAL FM JAN 1   394    HIGHEST SLP M ON M
DPTR FM NORMAL     M    LOWEST  SLP M ON M

[REMARKS]
