000
CXUS51 KGYX 291000
CF6CON
PRELIMINARY LOCAL CLIMATOLOGICAL DATA (WS FORM: F-6)

                                          STATION:   CONCORD NH
                                          MONTH:     AUGUST
                                          YEAR:      2015
                                          LATITUDE:   43 12 N
                                          LONGITUDE:  71 30 W

  TEMPERATURE IN F:       :PCPN:    SNOW:  WIND      :SUNSHINE: SKY     :PK WND
================================================================================
1   2   3   4   5  6A  6B    7    8   9   10  11  12  13   14  15   16   17  18
                                     12Z  AVG MX 2MIN
DY MAX MIN AVG DEP HDD CDD  WTR  SNW DPTH SPD SPD DIR MIN PSBL S-S WX    SPD DR
================================================================================

 1  87  57  72   2   0   7 0.00  0.0    0  5.4 20 290   M    M   2        26 270
 2  88  52  70   0   0   5 0.00  0.0    0  4.8 15 220   M    M   1        22 230
 3  92  61  77   7   0  12 0.41  0.0    0  7.7 28 200   M    M   2 138    40 190
 4  86  59  73   3   0   8 0.01  0.0    0  2.9 18 340   M    M   4 123    26 360
 5  84  54  69  -1   0   4    T  0.0    0  4.3 17 290   M    M   3 1      26 290
 6  81  50  66  -4   0   1 0.00  0.0    0  5.4 15 300   M    M   3        26 330
 7  80  49  65  -5   0   0 0.00  0.0    0  2.9 13 340   M    M   3        17 260
 8  83  50  67  -3   0   2 0.00  0.0    0  3.5 13  20   M    M   1        16 340
 9  81  57  69  -1   0   4 0.00  0.0    0  4.4 15  40   M    M   3        20  30
10  87  53  70   0   0   5 0.00  0.0    0  4.7 14 190   M    M   2 12     20 180
11  74  66  70   1   0   5 0.84  0.0    0  7.5 15 110   M    M  10 13     24 130
12  85  61  73   4   0   8 0.00  0.0    0  5.3 20 280   M    M   4 12     25 280
13  82  55  69   0   0   4 0.00  0.0    0  4.0 13 320   M    M   1        19 250
14  87  50  69   0   0   4 0.00  0.0    0  3.7 15 220   M    M   0        22 190
15  89  61  75   6   0  10 0.05  0.0    0  2.5 17  20   M    M   4 13     22  20
16  90  62  76   7   0  11 0.00  0.0    0  2.3  9 310   M    M   2 12     12 280
17  93  61  77   8   0  12 0.00  0.0    0  2.3  7 250   M    M   2 1       M  M
18  94  62  78  10   0  13 2.48  0.0    0  3.6 25  70   M    M   4 13     33  70
19   M   M   M   M   M   M    M    M    M   M   M   M   M    M   0         M  M
20   M   M   M   M   M   M    M    M    M   M   M   M   M    M   0         M  M
21  80  69  75   7   0  10 0.17  0.0    0  2.7  7 310   M    M   4 13      M  M
22  83  61  72   4   0   7 0.00  0.0    0  4.3 10 350   M    M   4 1      13  30
23  79  61  70   2   0   5    T  0.0    0  4.5 13  80   M    M   9 128    17  90
24  84  68  76   9   0  11 0.00  0.0    0  3.6 15 170   M    M   6        19 180
25  78  65  72   5   0   7 1.60  0.0    0  4.4 14 130   M    M   8 123    20 130
26  83  58  71   4   0   6 0.00  0.0    0  4.4 13 280   M    M   6 12     17 340
27  79  54  67   0   0   2 0.00  0.0    0  4.4 18 320   M    M   4        25 310
28  80  50  65  -1   0   0 0.00  0.0    0  3.5 14 300   M    M   0        16 290
================================================================================
SM 2189 1506         0 163  5.56     0.0 109.0          M       92
================================================================================
AV 84.2 57.9                               4.2 FASTST   M    M   3    MAX(MPH)
                                 MISC ---->  # 28 200               # 40  190
================================================================================
NOTES:
# LAST OF SEVERAL OCCURRENCES

COLUMN 17 PEAK WIND IN M.P.H.

PRELIMINARY LOCAL CLIMATOLOGICAL DATA (WS FORM: F-6) , PAGE 2

                                          STATION:  CONCORD NH
                                          MONTH:    AUGUST
                                          YEAR:     2015
                                          LATITUDE:   43 12 N
                                          LONGITUDE:  71 30 W

[TEMPERATURE DATA]      [PRECIPITATION DATA]       SYMBOLS USED IN COLUMN 16

AVERAGE MONTHLY: 71.1   TOTAL FOR MONTH:   5.56    1 = FOG OR MIST
DPTR FM NORMAL:   2.3   DPTR FM NORMAL:    2.66    2 = FOG REDUCING VISIBILITY
HIGHEST:    94 ON 18    GRTST 24HR  2.48 ON 18-18      TO 1/4 MILE OR LESS
LOWEST:     49 ON  7                               3 = THUNDER
                        SNOW, ICE PELLETS, HAIL    4 = ICE PELLETS
                        TOTAL MONTH:   0.0 INCH    5 = HAIL
                        GRTST 24HR     0.0         6 = FREEZING RAIN OR DRIZZLE
                        GRTST DEPTH:   0           7 = DUSTSTORM OR SANDSTORM:
                                                       VSBY 1/2 MILE OR LESS
                                                   8 = SMOKE OR HAZE
[NO. OF DAYS WITH]      [WEATHER - DAYS WITH]      9 = BLOWING SNOW
                                                   X = TORNADO
MAX 32 OR BELOW:   0    0.01 INCH OR MORE:   7
MAX 90 OR ABOVE:   4    0.10 INCH OR MORE:   5
MIN 32 OR BELOW:   0    0.50 INCH OR MORE:   3
MIN  0 OR BELOW:   0    1.00 INCH OR MORE:   2

[HDD (BASE 65) ]
TOTAL THIS MO.     0    CLEAR  (SCALE 0-3)  16
DPTR FM NORMAL   -26    PTCLDY (SCALE 4-7)  10
TOTAL FM JUL 1     8    CLOUDY (SCALE 8-10)  2
DPTR FM NORMAL   -35

[CDD (BASE 65) ]
TOTAL THIS MO.   163
DPTR FM NORMAL    33    [PRESSURE DATA]
TOTAL FM JAN 1   488    HIGHEST SLP M ON M
DPTR FM NORMAL    84    LOWEST  SLP 29.70 ON  1

[REMARKS]
