000
CXUS53 KLSX 020026 CCA
CF6COU

PRELIMINARY LOCAL CLIMATOLOGICAL DATA (WS FORM: F-6)

                                          STATION:   COLUMBIA ASOS
                                          MONTH:     MAY
                                          YEAR:      2015
                                          LATITUDE:   38 49 N
                                          LONGITUDE:  92 13 W

  TEMPERATURE IN F:       :PCPN:    SNOW:  WIND      :SUNSHINE: SKY     :PK WND
================================================================================
1   2   3   4   5  6A  6B    7    8   9   10  11  12  13   14  15   16   17  18
                                     12Z  AVG MX 2MIN
DY MAX MIN AVG DEP HDD CDD  WTR  SNW DPTH SPD SPD DIR MIN PSBL S-S WX    SPD DR
================================================================================

 1  72  42  57  -3   8   0    T  0.0    0  4.0 10 360   M    M   0        13 360
 2  77  51  64   4   1   0    T  0.0    0  6.6 15 220   M    M   4        18 200
 3  83  56  70  10   0   5 0.00  0.0    0 10.5 21 180   M    M   1        25 220
 4  82  62  72  11   0   7    T  0.0    0  9.0 17 230   M    M   2        22 210
 5  82  62  72  11   0   7 0.12  0.0    0  7.7 23 200   M    M   3 3      28 200
 6  81  61  71  10   0   6 0.00  0.0    0 11.6 26 200   M    M   3        32 170
 7  82  64  73  11   0   8    T  0.0    0 10.8 23 240   M    M   3        28 180
 8  73  59  66   4   0   1 0.54  0.0    0  4.2 14  70   M    M   7 1238   18  70
 9  71  57  64   2   1   0 0.13  0.0    0  7.2 16  80   M    M   8 12     21  80
10  76  64  70   8   0   5 0.27  0.0    0  9.5 29 220   M    M   5 13     38 220
11  68  50  59  -4   6   0 0.04  0.0    0 13.3 25 260   M    M   5 1      33 280
12  70  46  58  -5   7   0 0.00  0.0    0  8.6 23 310   M    M   0        27 320
13  72  48  60  -3   5   0    T  0.0    0 11.2 18 110   M    M   2        24 100
14  68  55  62  -1   3   0 0.86  0.0    0 10.4 17 140   M    M  10 1      23 140
15  80  64  72   8   0   7 0.32  0.0    0  8.4 26 180   M    M   4 13     35 170
16  79  65  72   8   0   7    T  0.0    0 11.5 20 150   M    M   5 1      26 160
17  79  62  71   7   0   6 0.34  0.0    0 12.7 28 270   M    M   2 13     36 270
18  75  54  65   0   0   0 0.00  0.0    0  9.5 17 320   M    M   2        21 330
19  63  45  54 -11  11   0 0.00  0.0    0  8.5 14  60   M    M   0        20  20
20  54  46  50 -15  15   0 0.51  0.0    0 11.0 17  50   M    M   9 1      22  60
21  67  43  55 -10  10   0 0.00  0.0    0  7.2 16 330   M    M   4        20 340
22  70  47  59  -7   6   0    T  0.0    0  6.1 14 230   M    M   2 8      18 220
23  73  58  66   0   0   1 0.01  0.0    0  8.9 18 150   M    M   8 8      23 140
24  81  61  71   5   0   6 0.90  0.0    0  9.4 25 170   M    M   8 13     32 170
25  82  63  73   6   0   8 0.08  0.0    0 10.9 23 240   M    M   6 1      28 240
26  78  65  72   5   0   7 0.09  0.0    0 13.3 23 230   M    M   6 1      30 220
27  83  63  73   6   0   8 0.00  0.0    0  6.1 17 310   M    M   1        19 320
28  81  62  72   5   0   7 0.47  0.0    0  7.2 31 230   M    M   2 13     41 240
29  76  65  71   3   0   6 0.60  0.0    0  7.4 18 240   M    M   7 1      24 230
30  75  59  67  -1   0   2 0.40  0.0    0  9.8 21 320   M    M  10 1      26 330
31  62  53  58 -10   7   0    T  0.0    0  8.1 18  20   M    M   8 1      22  30
================================================================================
SM 2315 1752        80 104  5.68     0.0 280.6          M      137
================================================================================
AV 74.7 56.5                               9.1 FASTST   M    M   4    MAX(MPH)
                                 MISC ---->  # 31 230               # 41  240
================================================================================
NOTES:
# LAST OF SEVERAL OCCURRENCES

COLUMN 17 PEAK WIND IN M.P.H.

PRELIMINARY LOCAL CLIMATOLOGICAL DATA (WS FORM: F-6) , PAGE 2

                                          STATION:  COLUMBIA ASOS
                                          MONTH:    MAY
                                          YEAR:     2015
                                          LATITUDE:   38 49 N
                                          LONGITUDE:  92 13 W

[TEMPERATURE DATA]      [PRECIPITATION DATA]       SYMBOLS USED IN COLUMN 16

AVERAGE MONTHLY: 65.6   TOTAL FOR MONTH:   5.68    1 = FOG OR MIST
DPTR FM NORMAL:   1.6   DPTR FM NORMAL:    0.70    2 = FOG REDUCING VISIBILITY
HIGHEST:    83 ON 27, 3 GRTST 24HR  1.00 ON 29-30      TO 1/4 MILE OR LESS
LOWEST:     42 ON  1                               3 = THUNDER
                        SNOW, ICE PELLETS, HAIL    4 = ICE PELLETS
                        TOTAL MONTH:   0.0 INCH    5 = HAIL
                        GRTST 24HR     0.0         6 = FREEZING RAIN OR DRIZZLE
                        GRTST DEPTH:   0           7 = DUSTSTORM OR SANDSTORM:
                                                       VSBY 1/2 MILE OR LESS
                                                   8 = SMOKE OR HAZE
[NO. OF DAYS WITH]      [WEATHER - DAYS WITH]      9 = BLOWING SNOW
                                                   X = TORNADO
MAX 32 OR BELOW:   0    0.01 INCH OR MORE:  16
MAX 90 OR ABOVE:   0    0.10 INCH OR MORE:  12
MIN 32 OR BELOW:   0    0.50 INCH OR MORE:   5
MIN  0 OR BELOW:   0    1.00 INCH OR MORE:   0

[HDD (BASE 65) ]
TOTAL THIS MO.    80    CLEAR  (SCALE 0-3)  14
DPTR FM NORMAL   -29    PTCLDY (SCALE 4-7)  10
TOTAL FM JUL 1  4939    CLOUDY (SCALE 8-10)  7
DPTR FM NORMAL   -73

[CDD (BASE 65) ]
TOTAL THIS MO.   104
DPTR FM NORMAL    26    [PRESSURE DATA]
TOTAL FM JAN 1   119    HIGHEST SLP 30.37 ON 13
DPTR FM NORMAL    16    LOWEST  SLP 29.75 ON 26

[REMARKS]
#FINAL-05-15#
