000
CXUS53 KLSX 221600
CF6COU
PRELIMINARY LOCAL CLIMATOLOGICAL DATA (WS FORM: F-6)

                                          STATION:   COLUMBIA ASOS
                                          MONTH:     DECEMBER
                                          YEAR:      2014
                                          LATITUDE:   38 49 N
                                          LONGITUDE:  92 13 W

  TEMPERATURE IN F:       :PCPN:    SNOW:  WIND      :SUNSHINE: SKY     :PK WND
================================================================================
1   2   3   4   5  6A  6B    7    8   9   10  11  12  13   14  15   16   17  18
                                     12Z  AVG MX 2MIN
DY MAX MIN AVG DEP HDD CDD  WTR  SNW DPTH SPD SPD DIR MIN PSBL S-S WX    SPD DR
================================================================================

 1  30  20  25 -12  40   0 0.00  0.0    0 14.1 22  40   M    M   7        26  50
 2  34  21  28  -9  37   0 0.00  0.0    0  6.5 15 200   M    M   9        19 190
 3  48  26  37   1  28   0 0.00  0.0    0  7.8 15  60   M    M   0        18  60
 4  39  31  35  -1  30   0 0.01  0.0    0  7.9 15 100   M    M  10 18     20  80
 5  47  39  43   8  22   0 1.22  0.0    0  8.5 16  10   M    M  10 1      20 360
 6  41  34  38   3  27   0 0.00  0.0    0 10.4 17 350   M    M  10 1      20 350
 7  39  33  36   1  29   0    T  0.0    0  8.3 14 140   M    M   8 18     18 100
 8  52  35  44  10  21   0    T  0.0    0  9.6 25 290   M    M   5 18     31 290
 9  37  31  34   0  31   0 0.00  0.0    0  8.0 20 360   M    M   9        24 360
10  36  31  34   0  31   0 0.03    T    0  5.4 12 100   M    M  10 14     14 110
11  37  29  33   0  32   0 0.00  0.0    0  5.2 10  90   M    M   9 1      13  90
12  55  37  46  13  19   0 0.00  0.0    0  5.5 10 190   M    M   8 1      13 190
13  50  37  44  11  21   0 0.00  0.0    0  7.8 13 170   M    M   8 1      15 170
14  67  47  57  25   8   0 0.00  0.0    0 10.8 18 140   M    M   4 1      25 150
15  57  38  48  16  17   0 0.33  0.0    0 16.5 30 240   M    M  10 1      37 240
16  38  29  34   2  31   0 0.02  0.0    0 14.8 28 290   M    M  10 1      37 280
17  34  23  29  -3  36   0 0.00  0.0    0  4.6 10  30   M    M   4        14  40
18  34  28  31   0  34   0 0.11  1.0    1  6.4 12  60   M    M  10 1      13  40
19  37  31  34   3  31   0 0.00  0.0    0  5.5 10 160   M    M  10 18     12 160
20  41  35  38   7  27   0 0.00  0.0    0  6.1 10 180   M    M  10 1      13 190
21  46  40  43  12  22   0    T  0.0    0 11.9 20 170   M    M  10        24 160
================================================================================
SM  899  675       574   0  1.72     1.0 181.6          M      171
================================================================================
AV 42.8 32.1                               8.6 FASTST   M    M   8    MAX(MPH)
                                 MISC ---->  # 30 240               # 37  240
================================================================================
NOTES:
# LAST OF SEVERAL OCCURRENCES

COLUMN 17 PEAK WIND IN M.P.H.

PRELIMINARY LOCAL CLIMATOLOGICAL DATA (WS FORM: F-6) , PAGE 2

                                          STATION:  COLUMBIA ASOS
                                          MONTH:    DECEMBER
                                          YEAR:     2014
                                          LATITUDE:   38 49 N
                                          LONGITUDE:  92 13 W

[TEMPERATURE DATA]      [PRECIPITATION DATA]       SYMBOLS USED IN COLUMN 16

AVERAGE MONTHLY: 37.5   TOTAL FOR MONTH:   1.72    1 = FOG OR MIST
DPTR FM NORMAL:   4.0   DPTR FM NORMAL:   -0.02    2 = FOG REDUCING VISIBILITY
HIGHEST:    67 ON 14    GRTST 24HR  1.22 ON  5- 5      TO 1/4 MILE OR LESS
LOWEST:     20 ON  1                               3 = THUNDER
                        SNOW, ICE PELLETS, HAIL    4 = ICE PELLETS
                        TOTAL MONTH:   1.0 INCH    5 = HAIL
                        GRTST 24HR   1.0 ON 18-18  6 = FREEZING RAIN OR DRIZZLE
                        GRTST DEPTH:   1 ON 18     7 = DUSTSTORM OR SANDSTORM:
                                                       VSBY 1/2 MILE OR LESS
                                                   8 = SMOKE OR HAZE
[NO. OF DAYS WITH]      [WEATHER - DAYS WITH]      9 = BLOWING SNOW
                                                   X = TORNADO
MAX 32 OR BELOW:   1    0.01 INCH OR MORE:   6
MAX 90 OR ABOVE:   0    0.10 INCH OR MORE:   3
MIN 32 OR BELOW:  11    0.50 INCH OR MORE:   1
MIN  0 OR BELOW:   0    1.00 INCH OR MORE:   1

[HDD (BASE 65) ]
TOTAL THIS MO.   574    CLEAR  (SCALE 0-3)   1
DPTR FM NORMAL   -87    PTCLDY (SCALE 4-7)   6
TOTAL FM JUL 1  1655    CLOUDY (SCALE 8-10) 14
DPTR FM NORMAL     9

[CDD (BASE 65) ]
TOTAL THIS MO.     0
DPTR FM NORMAL     0    [PRESSURE DATA]
TOTAL FM JAN 1  1266    HIGHEST SLP M ON M
DPTR FM NORMAL    17    LOWEST  SLP 29.65 ON 15

[REMARKS]
