934
CXUS55 KRIW 220945
CF6CPR
PRELIMINARY LOCAL CLIMATOLOGICAL DATA (WS FORM: F-6)

                                          STATION:   CASPER WY
                                          MONTH:     JULY
                                          YEAR:      2017
                                          LATITUDE:   42 55 N
                                          LONGITUDE: 106 28 W

  TEMPERATURE IN F:       :PCPN:    SNOW:  WIND      :SUNSHINE: SKY     :PK WND
================================================================================
1   2   3   4   5  6A  6B    7    8   9   10  11  12  13   14  15   16   17  18
                                     12Z  AVG MX 2MIN
DY MAX MIN AVG DEP HDD CDD  WTR  SNW DPTH SPD SPD DIR MIN PSBL S-S WX    SPD DR
================================================================================

 1  87  41  64  -4   1   0 0.00  0.0    0  5.6 15 280   M    M   0 8      20 280
 2  90  45  68   0   0   3 0.00  0.0    0  6.4 23 260   M    M   1        29 260
 3  93  52  73   5   0   8 0.00  0.0    0 10.0 22 300   M    M   0        28 310
 4  93  52  73   4   0   8 0.00  0.0    0  6.0 15 360   M    M   0        19  30
 5  98  50  74   5   0   9 0.00  0.0    0  7.9 28  10   M    M   0        32  10
 6  96  57  77   8   0  12 0.04  0.0    0  6.6 38 360   M    M   0 8      51 360
 7  94  50  72   3   0   7 0.00  0.0    0  7.9 25 350   M    M   0        32 360
 8  93  56  75   5   0  10 0.00  0.0    0  5.8 14  10   M    M   1        19  40
 9  97  62  80  10   0  15 0.01  0.0    0 11.9 45  10   M    M   1 3      58  10
10  89  57  73   3   0   8    T  0.0    0  7.2 18 350   M    M   1 8      25 350
11  93  51  72   2   0   7 0.00  0.0    0 11.7 35 360   M    M   0 8      41 350
12  89  51  70   0   0   5 0.00  0.0    0  6.9 18  80   M    M   0        22  90
13  95  51  73   2   0   8 0.00  0.0    0  8.2 26 180   M    M   1        35 180
14  98  61  80   9   0  15 0.01  0.0    0 12.3 31  20   M    M   2 3      38  10
15  93  51  72   1   0   7 0.00  0.0    0  8.3 22  80   M    M   0        27  80
16  97  53  75   4   0  10    T  0.0    0  8.4 26  40   M    M   0        35  30
17  94  53  74   3   0   9    T  0.0    0  9.7 26 280   M    M   1        34 310
18  95  55  75   4   0  10    T  0.0    0  7.1 29 330   M    M   1        36 320
19  94  57  76   5   0  11    T  0.0    0 11.8 31 200   M    M   0 3      39 210
20  95  60  78   6   0  13    T  0.0    0 10.7 35 340   M    M   1 3      43 340
21  92  63  78   6   0  13 0.00  0.0    0  9.8 24 200   M    M   1        30 200
================================================================================
SM 1965 1128         1 188  0.06     0.0 180.2          M       11
================================================================================
AV 93.6 53.7                               8.6 FASTST   M    M   1    MAX(MPH)
                                 MISC ---->  # 45  10               # 58   10
================================================================================
NOTES:
# LAST OF SEVERAL OCCURRENCES

COLUMN 17 PEAK WIND IN M.P.H.

PRELIMINARY LOCAL CLIMATOLOGICAL DATA (WS FORM: F-6) , PAGE 2

                                          STATION:  CASPER WY
                                          MONTH:    JULY
                                          YEAR:     2017
                                          LATITUDE:   42 55 N
                                          LONGITUDE: 106 28 W

[TEMPERATURE DATA]      [PRECIPITATION DATA]       SYMBOLS USED IN COLUMN 16

AVERAGE MONTHLY: 73.6   TOTAL FOR MONTH:   0.06    1 = FOG OR MIST
DPTR FM NORMAL:   3.6   DPTR FM NORMAL:   -0.89    2 = FOG REDUCING VISIBILITY
HIGHEST:    98 ON 14, 5 GRTST 24HR  0.04 ON  6- 6      TO 1/4 MILE OR LESS
LOWEST:     41 ON  1                               3 = THUNDER
                        SNOW, ICE PELLETS, HAIL    4 = ICE PELLETS
                        TOTAL MONTH:   0.0 INCH    5 = HAIL
                        GRTST 24HR     0.0         6 = FREEZING RAIN OR DRIZZLE
                        GRTST DEPTH:   0           7 = DUSTSTORM OR SANDSTORM:
                                                       VSBY 1/2 MILE OR LESS
                                                   8 = SMOKE OR HAZE
[NO. OF DAYS WITH]      [WEATHER - DAYS WITH]      9 = BLOWING SNOW
                                                   X = TORNADO
MAX 32 OR BELOW:   0    0.01 INCH OR MORE:   3
MAX 90 OR ABOVE:  18    0.10 INCH OR MORE:   0
MIN 32 OR BELOW:   0    0.50 INCH OR MORE:   0
MIN  0 OR BELOW:   0    1.00 INCH OR MORE:   0

[HDD (BASE 65) ]
TOTAL THIS MO.     1    CLEAR  (SCALE 0-3)  21
DPTR FM NORMAL   -10    PTCLDY (SCALE 4-7)   0
TOTAL FM JUL 1     1    CLOUDY (SCALE 8-10)  0
DPTR FM NORMAL   -10

[CDD (BASE 65) ]
TOTAL THIS MO.   188
DPTR FM NORMAL    68    [PRESSURE DATA]
TOTAL FM JAN 1   224    HIGHEST SLP M ON M
DPTR FM NORMAL    47    LOWEST  SLP 29.80 ON 10

[REMARKS]
