000
CXUS51 KRLX 271400
CF6CRW
PRELIMINARY LOCAL CLIMATOLOGICAL DATA (WS FORM: F-6)

                                          STATION:   CHARLESTON WV
                                          MONTH:     DECEMBER
                                          YEAR:      2014
                                          LATITUDE:   38 22 N
                                          LONGITUDE:  81 36 W

  TEMPERATURE IN F:       :PCPN:    SNOW:  WIND      :SUNSHINE: SKY     :PK WND
================================================================================
1   2   3   4   5  6A  6B    7    8   9   10  11  12  13   14  15   16   17  18
                                     12Z  AVG MX 2MIN
DY MAX MIN AVG DEP HDD CDD  WTR  SNW DPTH SPD SPD DIR MIN PSBL S-S WX    SPD DR
================================================================================

 1  64  37  51   9  14   0 0.58  0.0    0  7.9 18 330   M    M  10 1      26 330
 2  50  36  43   2  22   0 0.12  0.0    0  3.0  9  60   M    M  10 1      12  60
 3  48  37  43   2  22   0 0.03  0.0    0  4.8 18 300   M    M  10 12     28 270
 4  39  34  37  -3  28   0 0.08  0.0    0  3.7  9  50   M    M  10 14     12  50
 5  57  39  48   8  17   0 0.22  0.0    0  1.6  8 170   M    M  10 1      11 180
 6  57  37  47   7  18   0 1.09  0.0    0  6.5 22 330   M    M  10 1      32 330
 7  45  30  38  -2  27   0 0.00  0.0    0  4.3 12 360   M    M   7 1      16  20
 8  45  30  38  -1  27   0 0.00  0.0    0  3.6 20 140   M    M   8        26 140
 9  45  37  41   2  24   0    T  0.0    0  4.0 15 310   M    M  10        20 330
10  40  30  35  -4  30   0    T    T    0  9.9 22 310   M    M  10 1      28 310
11  40  30  35  -3  30   0    T  0.0    0  9.3 18 260   M    M   5        27 250
12  45  29  37  -1  28   0 0.00  0.0    0  7.7 14 230   M    M   1        18 270
13  37  27  32  -6  33   0    T  0.0    0  6.5 12 250   M    M   8 168    15 240
14  43  37  40   2  25   0 0.00  0.0    0  4.5 10 230   M    M  10 8      13 230
15  55  38  47  10  18   0 0.00  0.0    0  1.5 12 100   M    M   7 1      15 100
16  57  39  48  11  17   0 0.13  0.0    0  9.0 22 270   M    M   9 1      29 280
17  43  33  38   1  27   0 0.05  0.0    0  8.8 18 270   M    M  10 1      24 290
18  33  29  31  -6  34   0    T    T    0  3.8 13 320   M    M  10        17 330
19  32  28  30  -6  35   0    T    T    0  2.4  6  70   M    M  10         7 320
20  36  28  32  -4  33   0 0.00  0.0    0  1.8  9  70   M    M   9        12  60
21  46  27  37   1  28   0 0.00  0.0    0  1.1  5  10   M    M   5 1       7 350
22  55  28  42   6  23   0 0.00  0.0    0  4.6 16 140   M    M   8        20 130
23  63  47  55  19  10   0 0.11  0.0    0  4.0 14 150   M    M   8 1      19 150
24  67  43  55  19  10   0 0.19  0.0    0 10.0 35 260   M    M   9 13     49 270
25  44  29  37   2  28   0 0.02  0.0    0  6.4 20 240   M    M   7 1      27 230
26  52  25  39   4  26   0 0.00  0.0    0  2.1 10 200   M    M   4 12     14 200
================================================================================
SM 1238  864       634   0  2.62    T    132.8          M      215
================================================================================
AV 47.6 33.2                               5.1 FASTST   M    M   8    MAX(MPH)
                                 MISC ---->  # 35 260               # 49  270
================================================================================
NOTES:
# LAST OF SEVERAL OCCURRENCES

COLUMN 17 PEAK WIND IN M.P.H.

PRELIMINARY LOCAL CLIMATOLOGICAL DATA (WS FORM: F-6) , PAGE 2

                                          STATION:  CHARLESTON WV
                                          MONTH:    DECEMBER
                                          YEAR:     2014
                                          LATITUDE:   38 22 N
                                          LONGITUDE:  81 36 W

[TEMPERATURE DATA]      [PRECIPITATION DATA]       SYMBOLS USED IN COLUMN 16

AVERAGE MONTHLY: 40.4   TOTAL FOR MONTH:   2.62    1 = FOG OR MIST
DPTR FM NORMAL:   2.5   DPTR FM NORMAL:   -0.16    2 = FOG REDUCING VISIBILITY
HIGHEST:    67 ON 24    GRTST 24HR  1.14 ON  5- 6      TO 1/4 MILE OR LESS
LOWEST:     25 ON 26                               3 = THUNDER
                        SNOW, ICE PELLETS, HAIL    4 = ICE PELLETS
                        TOTAL MONTH:    T          5 = HAIL
                        GRTST 24HR    T  ON 19-19  6 = FREEZING RAIN OR DRIZZLE
                        GRTST DEPTH:   0           7 = DUSTSTORM OR SANDSTORM:
                                                       VSBY 1/2 MILE OR LESS
                                                   8 = SMOKE OR HAZE
[NO. OF DAYS WITH]      [WEATHER - DAYS WITH]      9 = BLOWING SNOW
                                                   X = TORNADO
MAX 32 OR BELOW:   1    0.01 INCH OR MORE:  11
MAX 90 OR ABOVE:   0    0.10 INCH OR MORE:   7
MIN 32 OR BELOW:  13    0.50 INCH OR MORE:   2
MIN  0 OR BELOW:   0    1.00 INCH OR MORE:   1

[HDD (BASE 65) ]
TOTAL THIS MO.   634    CLEAR  (SCALE 0-3)   1
DPTR FM NORMAL   -72    PTCLDY (SCALE 4-7)   8
TOTAL FM JUL 1  1677    CLOUDY (SCALE 8-10) 17
DPTR FM NORMAL    87

[CDD (BASE 65) ]
TOTAL THIS MO.     0
DPTR FM NORMAL     0    [PRESSURE DATA]
TOTAL FM JAN 1  1049    HIGHEST SLP M ON M
DPTR FM NORMAL   -47    LOWEST  SLP 29.38 ON 24

[REMARKS]
