000
CXUS54 KOUN 010800
CF6CSM
PRELIMINARY LOCAL CLIMATOLOGICAL DATA (WS FORM: F-6)

                                          STATION:   CLINTON
                                          MONTH:     OCTOBER
                                          YEAR:      2014
                                          LATITUDE:   35 20 N
                                          LONGITUDE:  99 12 W

  TEMPERATURE IN F:       :PCPN:    SNOW:  WIND      :SUNSHINE: SKY     :PK WND
================================================================================
1   2   3   4   5  6A  6B    7    8   9   10  11  12  13   14  15   16   17  18
                                     12Z  AVG MX 2MIN
DY MAX MIN AVG DEP HDD CDD  WTR  SNW DPTH SPD SPD DIR MIN PSBL S-S WX    SPD DR
================================================================================

 1  95  68  82  14   0  17    T  0.0    0 13.8 23 200   M    M   0        29 240
 2  78  54  66  -1   0   1    T  0.0    0 16.6 32 320   M    M   1 8      41 350
 3  69  47  58  -9   7   0    T  0.0    0 11.6 32 350   M    M   0        40  10
 4  80  46  63  -3   2   0 0.00  0.0    0 12.5 25 230   M    M   0        32 240
 5  88  52  70   4   0   5 0.00  0.0    0  6.7 15 360   M    M   0        16 360
 6  88  54  71   5   0   6 0.00  0.0    0  7.6 18 200   M    M   0        22 210
 7  95  57  76  11   0  11 0.00  0.0    0  8.3 14  90   M    M   0 1      18 110
 8  92  62  77  12   0  12 0.00  0.0    0 13.7 25 160   M    M   0        30 160
 9  88  69  79  15   0  14    T  0.0    0 14.4 23 340   M    M   4 3      28 340
10  76  47  62  -2   3   0 0.40    M    0 18.4 31  10   M    M   8 123    37  10
11  64  46  55  -9  10   0 0.00  0.0    0 12.1 23 360   M    M   7 1      28 360
12  80  47  64   1   1   0 0.82    M    0 18.5 38 320   M    M   0 13     44 320
13  66  50  58  -5   7   0 1.04  0.0    0 23.8 37 340   M    M   6 1      50 330
14  74  48  61  -1   4   0 0.00  0.0    0 10.9 21 310   M    M   0        27 300
15  78  49  64   2   1   0 0.00  0.0    0  8.5 15 190   M    M   0        19 180
16  90  53  72  11   0   7 0.00  0.0    0 12.0 21 220   M    M   0        25 220
17  76  52  64   3   1   0 0.00  0.0    0 12.9 23  50   M    M   0        27  50
18  71  50  61   0   4   0 0.00  0.0    0 10.3 18  50   M    M   0        25  40
19  75  52  64   4   1   0 0.00  0.0    0 11.7 21 180   M    M   2        25 170
20  83  59  71  11   0   6 0.00  0.0    0  8.7 15 200   M    M   3 18     18 210
21  83  60  72  13   0   7 0.00  0.0    0  9.8 17 160   M    M   2        31 180
22  76  55  66   7   0   1 0.22  0.0    0 10.9 20 190   M    M   4 1      23 190
23  77  57  67   8   0   2    T  0.0    0  8.5 16 200   M    M   2 128    20 200
24  86  59  73  15   0   8 0.00  0.0    0 10.4 17 190   M    M   0 18     20 200
25  91  60  76  18   0  11 0.00  0.0    0 11.6 18 180   M    M   0        22 190
26  91  57  74  17   0   9 0.00  0.0    0 19.1 32 190   M    M   0        39 180
27  83  59  71  14   0   6 0.00  0.0    0 16.5 28  10   M    M   1        32  10
28  67  48  58   1   7   0 0.00  0.0    0 10.1 24  10   M    M   0        30  10
29  72  43  58   2   7   0 0.00  0.0    0  7.8 16 180   M    M   0 8      23 180
30  77  50  64   8   1   0 0.00  0.0    0 12.2 26  50   M    M   0        31  30
31  59  39  49  -6  16   0 0.00  0.0    0 12.1 21  40   M    M   0        26  20
================================================================================
SM 2468 1649        72 123  2.48     0.0 382.0          M       40
================================================================================
AV 79.6 53.2                              12.3 FASTST   M    M   1    MAX(MPH)
                                 MISC ---->  # 38 320               # 50  330
================================================================================
NOTES:
# LAST OF SEVERAL OCCURRENCES

COLUMN 17 PEAK WIND IN M.P.H.

PRELIMINARY LOCAL CLIMATOLOGICAL DATA (WS FORM: F-6) , PAGE 2

                                          STATION:  CLINTON
                                          MONTH:    OCTOBER
                                          YEAR:     2014
                                          LATITUDE:   35 20 N
                                          LONGITUDE:  99 12 W

[TEMPERATURE DATA]      [PRECIPITATION DATA]       SYMBOLS USED IN COLUMN 16

AVERAGE MONTHLY: 66.4   TOTAL FOR MONTH:   2.48    1 = FOG OR MIST
DPTR FM NORMAL:   4.9   DPTR FM NORMAL:   -0.08    2 = FOG REDUCING VISIBILITY
HIGHEST:    95 ON  7, 1 GRTST 24HR  1.86 ON 12-13      TO 1/4 MILE OR LESS
LOWEST:     39 ON 31                               3 = THUNDER
                        SNOW, ICE PELLETS, HAIL    4 = ICE PELLETS
                        TOTAL MONTH:   0.0 INCH    5 = HAIL
                        GRTST 24HR     0.0         6 = FREEZING RAIN OR DRIZZLE
                        GRTST DEPTH:   0           7 = DUSTSTORM OR SANDSTORM:
                                                       VSBY 1/2 MILE OR LESS
                                                   8 = SMOKE OR HAZE
[NO. OF DAYS WITH]      [WEATHER - DAYS WITH]      9 = BLOWING SNOW
                                                   X = TORNADO
MAX 32 OR BELOW:   0    0.01 INCH OR MORE:   4
MAX 90 OR ABOVE:   6    0.10 INCH OR MORE:   4
MIN 32 OR BELOW:   0    0.50 INCH OR MORE:   2
MIN  0 OR BELOW:   0    1.00 INCH OR MORE:   1

[HDD (BASE 65) ]
TOTAL THIS MO.    72    CLEAR  (SCALE 0-3)  26
DPTR FM NORMAL  -101    PTCLDY (SCALE 4-7)   5
TOTAL FM JUL 1    84    CLOUDY (SCALE 8-10)  0
DPTR FM NORMAL  -106

[CDD (BASE 65) ]
TOTAL THIS MO.   123
DPTR FM NORMAL    58    [PRESSURE DATA]
TOTAL FM JAN 1  2225    HIGHEST SLP M ON M
DPTR FM NORMAL   255    LOWEST  SLP 28.99 ON 31

[REMARKS]
#FINAL-10-14#
