000
CXUS55 KOHX 281010
CF6CSV
PRELIMINARY LOCAL CLIMATOLOGICAL DATA (WS FORM: F-6)

                                          STATION:   CROSSVILLE
                                          MONTH:     JULY
                                          YEAR:      2015
                                          LATITUDE:   35 57 N
                                          LONGITUDE:  85  5 W

  TEMPERATURE IN F:       :PCPN:    SNOW:  WIND      :SUNSHINE: SKY     :PK WND
================================================================================
1   2   3   4   5  6A  6B    7    8   9   10  11  12  13   14  15   16   17  18
                                     12Z  AVG MX 2MIN
DY MAX MIN AVG DEP HDD CDD  WTR  SNW DPTH SPD SPD DIR MIN PSBL S-S WX    SPD DR
================================================================================

 1  77  66  72  -2   0   7 0.06    M    M  6.3 18 290   M    M   8 18     24 300
 2  78  66  72  -2   0   7 4.81    M    M  4.4 14 270   M    M   8 13     20 250
 3  77  67  72  -2   0   7 0.43    M    M  7.4 17 260   M    M   7 13     27 260
 4  77  67  72  -2   0   7 0.48    M    M  4.0 12 170   M    M   8 1      19 160
 5  79  67  73  -1   0   8 0.37    M    M  5.2 18 270   M    M   7 18     24 270
 6  82  66  74   0   0   9 0.00    M    M  4.3 12 270   M    M   4 18     16 280
 7  85  70  78   4   0  13 0.11    M    M  5.6 15 260   M    M   5 18     21 220
 8  86  69  78   3   0  13 0.09    M    M  4.5 16 260   M    M   2 1      23 260
 9  86  70  78   3   0  13 0.00    M    M  6.1 20 260   M    M   1        26 270
10  87  68  78   3   0  13 0.00    M    M  5.1 18 280   M    M   1 1      23 290
11  86  69  78   3   0  13 0.05    M    M  3.7 18 330   M    M   3 138    25 330
12  83  68  76   1   0  11 0.16    M    M  2.7 14 260   M    M   1 138    20 310
13  86  72  79   4   0  14 0.00    M    M  4.6 12 280   M    M   2 18     18 270
14  84  69  77   2   0  12 2.04    M    M  8.0 35  20   M    M   6 123    47  30
15  83  68  76   1   0  11 0.00    M    M  6.7 14 350   M    M   5 1      19 350
16  85  64  75   0   0  10 0.00    M    M  2.1  8  70   M    M   3 12     11  80
17  87  65  76   1   0  11 0.00    M    M  2.9  9 140   M    M   2 1      12 140
18  87  72  80   5   0  15 0.24    M    M  2.4 13  70   M    M   2 138    17  70
19  87  71  79   4   0  14 0.01    M    M  3.7 16 280   M    M   1 12     18 280
20  88  73  81   6   0  16 0.34    M    M  4.4 23 250   M    M   1 138    36 260
21  85  71  78   3   0  13 0.00    M    M  6.1 15 270   M    M   3 18     20 310
22  84  67  76   1   0  11 0.08    M    M  2.2  9 260   M    M   4 18     11 260
23  80  70  75   0   0  10 1.03    M    M  3.0 14 350   M    M   7 1238   21 240
24  84  67  76   1   0  11 0.00    M    M  3.0 10  10   M    M   5 128    14  20
25  86  63  75   0   0  10 0.00    M    M  1.7  9 340   M    M   1 18     12 340
26  87  68  78   3   0  13 0.00    M    M  3.3 13 280   M    M   1 18     17 290
27  88  71  80   5   0  15 0.00    M    M  1.8  9 300   M    M   2 18     11 300
================================================================================
SM 2264 1844         0 307 10.30    M    115.2          M      100
================================================================================
AV 83.9 68.3                               4.3 FASTST   M    M   4    MAX(MPH)
                                 MISC ---->  # 35  20               # 47   30
================================================================================
NOTES:
# LAST OF SEVERAL OCCURRENCES

COLUMN 17 PEAK WIND IN M.P.H.

PRELIMINARY LOCAL CLIMATOLOGICAL DATA (WS FORM: F-6) , PAGE 2

                                          STATION:  CROSSVILLE
                                          MONTH:    JULY
                                          YEAR:     2015
                                          LATITUDE:   35 57 N
                                          LONGITUDE:  85  5 W

[TEMPERATURE DATA]      [PRECIPITATION DATA]       SYMBOLS USED IN COLUMN 16

AVERAGE MONTHLY: 76.1   TOTAL FOR MONTH:  10.30    1 = FOG OR MIST
DPTR FM NORMAL:   1.3   DPTR FM NORMAL:    5.80    2 = FOG REDUCING VISIBILITY
HIGHEST:    88 ON 27,20 GRTST 24HR  5.05 ON  2- 3      TO 1/4 MILE OR LESS
LOWEST:     63 ON 25                               3 = THUNDER
                        SNOW, ICE PELLETS, HAIL    4 = ICE PELLETS
                        TOTAL MONTH:    M          5 = HAIL
                        GRTST 24HR    M  ON   M    6 = FREEZING RAIN OR DRIZZLE
                        GRTST DEPTH:  M  ON   M    7 = DUSTSTORM OR SANDSTORM:
                                                       VSBY 1/2 MILE OR LESS
                                                   8 = SMOKE OR HAZE
[NO. OF DAYS WITH]      [WEATHER - DAYS WITH]      9 = BLOWING SNOW
                                                   X = TORNADO
MAX 32 OR BELOW:   0    0.01 INCH OR MORE:  15
MAX 90 OR ABOVE:   0    0.10 INCH OR MORE:  10
MIN 32 OR BELOW:   0    0.50 INCH OR MORE:   3
MIN  0 OR BELOW:   0    1.00 INCH OR MORE:   3

[HDD (BASE 65) ]
TOTAL THIS MO.     0    CLEAR  (SCALE 0-3)  15
DPTR FM NORMAL     0    PTCLDY (SCALE 4-7)  11
TOTAL FM JUL 1     0    CLOUDY (SCALE 8-10)  1
DPTR FM NORMAL     0

[CDD (BASE 65) ]
TOTAL THIS MO.   307
DPTR FM NORMAL    43    [PRESSURE DATA]
TOTAL FM JAN 1   711    HIGHEST SLP M ON M
DPTR FM NORMAL   169    LOWEST  SLP 29.69 ON 14

[REMARKS]
