000
CXUS52 KCHS 200915
CF6CXM
PRELIMINARY LOCAL CLIMATOLOGICAL DATA (WS FORM: F-6)

                                          STATION:   DOWNTOWN CHARLESTON SC
                                          MONTH:     APRIL
                                          YEAR:      2014
                                          LATITUDE:   32 46 N
                                          LONGITUDE:  79 56 W

  TEMPERATURE IN F:       :PCPN:    SNOW:  WIND      :SUNSHINE: SKY     :PK WND
================================================================================
1   2   3   4   5  6A  6B    7    8   9   10  11  12  13   14  15   16   17  18
                                     12Z  AVG MX 2MIN
DY MAX MIN AVG DEP HDD CDD  WTR  SNW DPTH SPD SPD DIR MIN PSBL S-S WX    SPD DR
================================================================================

 1  73  53  63   1   2   0 0.00  0.0    M   M  16 180   M    M   M        19 200
 2  79  58  69   7   0   4 0.00  0.0    M  6.3 15 210   M    M   M        20 210
 3  78  62  70   8   0   5 0.00  0.0    M   M  17 190   M    M   M        22 200
 4  75  62  69   6   0   4 0.00  0.0    M  9.5 19 210   M    M   M        26 210
 5  80  65  73  10   0   8 0.00  0.0    M 10.0 14 210   M    M   M        20 200
 6  69  59  64   1   1   0 0.00  0.0    M 10.2 18  50   M    M   M        24  50
 7  74  59  67   4   0   2 0.49  0.0    M 10.7 22 200   M    M   M        31 190
 8  73  62  68   4   0   3 0.28  0.0    M  8.8 12 260   M    M   M        22 260
 9  73  54  64   0   1   0 0.00  0.0    M  6.7 12 350   M    M   M        21 350
10  72  55  64   0   1   0 0.00  0.0    0  6.5 18 190   M    M   M        24 190
11  75  60  68   4   0   3 0.00  0.0    0   M  16 210   M    M   M        23 210
12  76  61  69   4   0   4 0.00  0.0    0   M  14 180   M    M   M        18 180
13  75  64  70   5   0   5 0.00  0.0    0  4.9 12 100   M    M   M        12 120
14  75  67  71   6   0   6 0.07  0.0    0  6.5 15 110   M    M   M        20 170
15  73  53  63  -2   2   0 0.27  0.0    0   M  35  20   M    M   M         M  M
16  59  43  51 -15  14   0 0.00  0.0    0   M   M   M   M    M   M         M  M
17  66  46  56 -10   9   0 0.00    M    M   M   M   M   M    M   M         M  M
18  63  57  60  -6   5   0 2.71    M    M   M   M   M   M    M   M         M  M
19  63  54  59  -7   6   0 0.87    M    M   M   M   M   M    M   M         M  M
================================================================================
SM 1371 1094        41  44  4.69     0.0  80.1          M        M
================================================================================
AV 72.2 57.6                               8.0 FASTST   M    M   5    MAX(MPH)
                                 MISC ---->    35   M               # 31  190
================================================================================
NOTES:
# LAST OF SEVERAL OCCURRENCES

COLUMN 17 PEAK WIND IN M.P.H.

PRELIMINARY LOCAL CLIMATOLOGICAL DATA (WS FORM: F-6) , PAGE 2

                                          STATION:  DOWNTOWN CHARLESTON SC
                                          MONTH:    APRIL
                                          YEAR:     2014
                                          LATITUDE:   32 46 N
                                          LONGITUDE:  79 56 W

[TEMPERATURE DATA]      [PRECIPITATION DATA]       SYMBOLS USED IN COLUMN 16

AVERAGE MONTHLY: 64.9   TOTAL FOR MONTH:   4.69    1 = FOG OR MIST
DPTR FM NORMAL:   0.8   DPTR FM NORMAL:    3.03    2 = FOG REDUCING VISIBILITY
HIGHEST:    80 ON  5    GRTST 24HR  2.71 ON 18-18      TO 1/4 MILE OR LESS
LOWEST:     43 ON 16                               3 = THUNDER
                        SNOW, ICE PELLETS, HAIL    4 = ICE PELLETS
                        TOTAL MONTH:   0.0 INCH    5 = HAIL
                        GRTST 24HR     0.0         6 = FREEZING RAIN OR DRIZZLE
                        GRTST DEPTH:   0           7 = DUSTSTORM OR SANDSTORM:
                                                       VSBY 1/2 MILE OR LESS
                                                   8 = SMOKE OR HAZE
[NO. OF DAYS WITH]      [WEATHER - DAYS WITH]      9 = BLOWING SNOW
                                                   X = TORNADO
MAX 32 OR BELOW:   0    0.01 INCH OR MORE:   6
MAX 90 OR ABOVE:   0    0.10 INCH OR MORE:   5
MIN 32 OR BELOW:   0    0.50 INCH OR MORE:   2
MIN  0 OR BELOW:   0    1.00 INCH OR MORE:   1

[HDD (BASE 65) ]
TOTAL THIS MO.    41    CLEAR  (SCALE 0-3)   0
DPTR FM NORMAL   -16    PTCLDY (SCALE 4-7)   0
TOTAL FM JUL 1  1241    CLOUDY (SCALE 8-10)  0
DPTR FM NORMAL  -472

[CDD (BASE 65) ]
TOTAL THIS MO.    44
DPTR FM NORMAL     5    [PRESSURE DATA]
TOTAL FM JAN 1    45    HIGHEST SLP M ON M
DPTR FM NORMAL   -17    LOWEST  SLP M ON M

[REMARKS]
