000
CXUS52 KCHS 230715
CF6CXM
PRELIMINARY LOCAL CLIMATOLOGICAL DATA (WS FORM: F-6)

                                          STATION:   DOWNTOWN CHARLESTON SC
                                          MONTH:     JULY
                                          YEAR:      2017
                                          LATITUDE:   32 46 N
                                          LONGITUDE:  79 56 W

  TEMPERATURE IN F:       :PCPN:    SNOW:  WIND      :SUNSHINE: SKY     :PK WND
================================================================================
1   2   3   4   5  6A  6B    7    8   9   10  11  12  13   14  15   16   17  18
                                     12Z  AVG MX 2MIN
DY MAX MIN AVG DEP HDD CDD  WTR  SNW DPTH SPD SPD DIR MIN PSBL S-S WX    SPD DR
================================================================================

 1  87  74  81  -1   0  16 0.10    M    M  6.2 12 200   M    M   M        16 210
 2  89  79  84   2   0  19 0.00    M    M  5.9 12 180   M    M   M        16 220
 3  85  78  82   0   0  17 0.00    M    M  4.3 14 180   M    M   M        17 180
 4  94  76  85   3   0  20 0.10    M    M  5.6 10 290   M    M   M        19 230
 5  94  80  87   5   0  22 0.00    M    M  5.6 12 190   M    M   M        16 220
 6  92  79  86   4   0  21 0.00    M    M  6.8 14 190   M    M   M        17 190
 7  93  78  86   4   0  21 0.77    M    M  7.6 20 240   M    M   M        29 220
 8  88  73  81  -1   0  16 0.47  0.0    M  8.3 16 210   M    M   M 3      31 290
 9  87  75  81  -1   0  16 0.00    M    M  6.4 15 180   M    M   M        18 180
10  86  74  80  -2   0  15 0.55    M    M  4.5 12 170   M    M   M        21 260
11  86  79  83   1   0  18 0.00    M    M  5.8 13 180   M    M   M        16 200
12  87  79  83   1   0  18 0.00    M    M  6.2 11 170   M    M   M        14 180
13  87  80  84   2   0  19 0.00    M    M  5.5 12 150   M    M   M        14 190
14  89  80  85   3   0  20 0.00    M    M  6.5 14 190   M    M   M        17 200
15  90  78  84   2   0  19 0.00    M    M  6.5 15 190   M    M   M        19 180
16  86  72  79  -4   0  14 2.75    M    M  4.3 18 150   M    M   M        24 250
17  82  73  78  -5   0  13 0.36    M    M  4.0 10  40   M    M   M        15 200
18  83  78  81  -2   0  16 0.00    M    M  4.7 10 170   M    M   M        13 180
19  86  73  80  -3   0  15 0.54    M    M  4.4 12 340   M    M   M        20 340
20  88  76  82  -1   0  17 0.00    M    M  5.2 12 170   M    M   M        18 240
21  88  77  83   0   0  18 0.00    M    M  6.3 13 200   M    M   M        15 200
22  88  80  84   1   0  19 0.00    M    M  6.8 15 200   M    M   M        18 200
================================================================================
SM 1935 1691         0 389  5.64     0.0 127.4          M        M
================================================================================
AV 88.0 76.9                               5.8 FASTST   M    M   4    MAX(MPH)
                                 MISC ---->  # 20 240               # 31  290
================================================================================
NOTES:
# LAST OF SEVERAL OCCURRENCES

COLUMN 17 PEAK WIND IN M.P.H.

PRELIMINARY LOCAL CLIMATOLOGICAL DATA (WS FORM: F-6) , PAGE 2

                                          STATION:  DOWNTOWN CHARLESTON SC
                                          MONTH:    JULY
                                          YEAR:     2017
                                          LATITUDE:   32 46 N
                                          LONGITUDE:  79 56 W

[TEMPERATURE DATA]      [PRECIPITATION DATA]       SYMBOLS USED IN COLUMN 16

AVERAGE MONTHLY: 82.4   TOTAL FOR MONTH:   5.64    1 = FOG OR MIST
DPTR FM NORMAL:   0.1   DPTR FM NORMAL:    1.95    2 = FOG REDUCING VISIBILITY
HIGHEST:    94 ON  5, 4 GRTST 24HR  2.75 ON 16-16      TO 1/4 MILE OR LESS
LOWEST:     72 ON 16                               3 = THUNDER
                        SNOW, ICE PELLETS, HAIL    4 = ICE PELLETS
                        TOTAL MONTH:   0.0 INCH    5 = HAIL
                        GRTST 24HR     0.0         6 = FREEZING RAIN OR DRIZZLE
                        GRTST DEPTH:  M  ON   M    7 = DUSTSTORM OR SANDSTORM:
                                                       VSBY 1/2 MILE OR LESS
                                                   8 = SMOKE OR HAZE
[NO. OF DAYS WITH]      [WEATHER - DAYS WITH]      9 = BLOWING SNOW
                                                   X = TORNADO
MAX 32 OR BELOW:   0    0.01 INCH OR MORE:   8
MAX 90 OR ABOVE:   5    0.10 INCH OR MORE:   8
MIN 32 OR BELOW:   0    0.50 INCH OR MORE:   4
MIN  0 OR BELOW:   0    1.00 INCH OR MORE:   1

[HDD (BASE 65) ]
TOTAL THIS MO.     0    CLEAR  (SCALE 0-3)   0
DPTR FM NORMAL     0    PTCLDY (SCALE 4-7)   0
TOTAL FM JUL 1     0    CLOUDY (SCALE 8-10)  0
DPTR FM NORMAL     0

[CDD (BASE 65) ]
TOTAL THIS MO.   389
DPTR FM NORMAL    15    [PRESSURE DATA]
TOTAL FM JAN 1  1347    HIGHEST SLP M ON M
DPTR FM NORMAL   187    LOWEST  SLP 29.91 ON  8

[REMARKS]
