000
CXUS55 KCYS 011538
CF6CYS
PRELIMINARY LOCAL CLIMATOLOGICAL DATA (WS FORM: F-6)     ...CORRECTED...

                                          STATION:   CHEYENNE WYOMING AIRPORT
                                          MONTH:     SEPTEMBER
                                          YEAR:      2014
                                          LATITUDE:   41  9 N
                                          LONGITUDE: 104 49 W

  TEMPERATURE IN F:       :PCPN:    SNOW:  WIND      :SUNSHINE: SKY     :PK WND
================================================================================
1   2   3   4   5  6A  6B    7    8   9   10  11  12  13   14  15   16   17  18
                                     12Z  AVG MX 2MIN
DY MAX MIN AVG DEP HDD CDD  WTR  SNW DPTH SPD SPD DIR MIN PSBL S-S WX    SPD DR
================================================================================

 1  76  44  60  -4   5   0 0.00  0.0    0 10.3 29 270   M    M   2        37 270
 2  83  43  63  -1   2   0 0.00  0.0    0  9.1 22 280   M    M   0        34 270
 3  90  51  71   7   0   6 0.00  0.0    0 11.5 30 250   M    M   0        42 230
 4  68  48  58  -5   7   0    T  0.0    0  9.7 21 350   M    M   3        30 350
 5  54  46  50 -13  15   0 0.07  0.0    0 13.0 23 160   M    M   9 1      29 200
 6  73  43  58  -4   7   0 0.00  0.0    0  7.3 20 200   M    M   2 128    28 190
 7  80  49  65   3   0   0    T  0.0    0  8.8 25 280   M    M   1 18     30 280
 8  80  53  67   5   0   2 0.00  0.0    0 11.5 25 220   M    M   2        35 220
 9  67  51  59  -2   6   0 0.06  0.0    0 10.8 22 340   M    M   8        28 340
10  67  46  57  -4   8   0    T  0.0    0 10.9 20 180   M    M   6 1      25 190
11  47  29  38 -22  27   0 0.25  0.7    0 10.6 22  20   M    M  10 12     29  30
12  47  29  38 -22  27   0    T  0.0    T 10.5 23 200   M    M   5 1      29 210
13  73  34  54  -6  11   0 0.00  0.0    0  7.6 22 280   M    M   0        32 300
14  84  42  63   4   2   0    T  0.0    0 11.2 37 250   M    M   1 3      48 260
15  70  40  55  -4  10   0 0.00  0.0    0 10.8 21 210   M    M   0        26 180
16  82  49  66   8   0   1    T  0.0    0 11.4 22 340   M    M   1        32 310
17  87  50  69  11   0   4    T  0.0    0  7.3 25  10   M    M   1        33 360
18  87  52  70  13   0   5 0.00  0.0    0  9.9 17 200   M    M   0        24 160
19  88  54  71  14   0   6 0.00  0.0    0 10.1 24 320   M    M   2 3      31 320
20  79  52  66  10   0   1 0.00  0.0    0  7.7 16  20   M    M   2        21  20
21  71  53  62   6   3   0 0.00  0.0    0 11.0 22 170   M    M   4        29 180
22  74  50  62   7   3   0 0.06  0.0    0 10.0 30 250   M    M   5 13     39 250
23  76  53  65  10   0   0 0.00  0.0    0 11.9 25 320   M    M   3        35 290
24  81  50  66  12   0   1 0.00  0.0    0  7.0 13 290   M    M   0        14 200
25  84  50  67  13   0   2 0.00  0.0    0 10.1 21 180   M    M   0        30 180
26  88  49  69  15   0   4 0.00  0.0    0  6.8 18 130   M    M   1        21 120
27  83  53  68  15   0   3 0.00  0.0    0  8.5 17 130   M    M   0        27 150
28  65  47  56   3   9   0 0.51  0.0    0 13.5 22 360   M    M   5 123    30 360
29  66  44  55   3  10   0 0.79  0.0    0 10.6 30 340   M    M   7 123    37 340
30  63  46  55   3  10   0 0.00  0.0    0 17.9 35 270   M    M   4        43 280
================================================================================
SM 2233 1400       162  35  1.74     0.7 307.3          M       84
================================================================================
AV 74.4 46.7                              10.2 FASTST   M    M   3    MAX(MPH)
                                 MISC ---->    37 250                 48  260
================================================================================
NOTES:
# LAST OF SEVERAL OCCURRENCES

COLUMN 17 PEAK WIND IN M.P.H.

PRELIMINARY LOCAL CLIMATOLOGICAL DATA (WS FORM: F-6) , PAGE 2

                                          STATION:  CHEYENNE WYOMING AIRPORT
                                          MONTH:    SEPTEMBER
                                          YEAR:     2014
                                          LATITUDE:   41  9 N
                                          LONGITUDE: 104 49 W

[TEMPERATURE DATA]      [PRECIPITATION DATA]       SYMBOLS USED IN COLUMN 16

AVERAGE MONTHLY: 60.6   TOTAL FOR MONTH:   1.74    1 = FOG OR MIST
DPTR FM NORMAL:   2.4   DPTR FM NORMAL:    0.26    2 = FOG REDUCING VISIBILITY
HIGHEST:    90 ON  3    GRTST 24HR  1.02 ON 28-29      TO 1/4 MILE OR LESS
LOWEST:     29 ON 12,11                            3 = THUNDER
                        SNOW, ICE PELLETS, HAIL    4 = ICE PELLETS
                        TOTAL MONTH:   0.7 INCH    5 = HAIL
                        GRTST 24HR   0.7 ON 11-11  6 = FREEZING RAIN OR DRIZZLE
                        GRTST DEPTH:   T ON 12     7 = DUSTSTORM OR SANDSTORM:
                                                       VSBY 1/2 MILE OR LESS
                                                   8 = SMOKE OR HAZE
[NO. OF DAYS WITH]      [WEATHER - DAYS WITH]      9 = BLOWING SNOW
                                                   X = TORNADO
MAX 32 OR BELOW:   0    0.01 INCH OR MORE:   6
MAX 90 OR ABOVE:   1    0.10 INCH OR MORE:   3
MIN 32 OR BELOW:   2    0.50 INCH OR MORE:   2
MIN  0 OR BELOW:   0    1.00 INCH OR MORE:   0

[HDD (BASE 65) ]
TOTAL THIS MO.   162    CLEAR  (SCALE 0-3)  20
DPTR FM NORMAL   -63    PTCLDY (SCALE 4-7)   8
TOTAL FM JUL 1   220    CLOUDY (SCALE 8-10)  2
DPTR FM NORMAL   -61

[CDD (BASE 65) ]
TOTAL THIS MO.    35
DPTR FM NORMAL    13    [PRESSURE DATA]
TOTAL FM JAN 1   301    HIGHEST SLP 30.55 ON 12
DPTR FM NORMAL   -47    LOWEST  SLP 29.59 ON 30

[REMARKS]

TIED RECORD HIGH TEMPERATURE OF 88 DEGREES ON THE 19TH...LAST SET IN 1935.
TIED RECORD HIGH TEMPERATURE OF 84 DEGREES ON THE 25TH...LAST SET IN 1946 AND
 PREVIOUSLY.
TIED RECORD HIGH TEMPERATURE OF 88 DEGREES ON THE 26TH...LAST SET IN 2010.
NEW RECORD WARMEST LOW TEMPERATURE OF 53 DEGREES SET ON THE 27TH. THE OLD
 RECORD WAS 52 DEGREES LAST SET IN 2001 AND PREVIOUSLY.
NEW RECORD DAILY PRECIPITATION AMOUNT OF 0.79 INCH SET ON THE 29TH. THE OLD
 RECORD WAS 0.47 INCH SET IN 1995.
#FINAL-09-14#
