000
CXUS56 KSGX 311545
CF6CZZ
PRELIMINARY LOCAL CLIMATOLOGICAL DATA (WS FORM: F-6)

                                          STATION:   CAMPO ASOS CA
                                          MONTH:     AUGUST
                                          YEAR:      2016
                                          LATITUDE:   32 37 N
                                          LONGITUDE: 116 28 W

  TEMPERATURE IN F:       :PCPN:    SNOW:  WIND      :SUNSHINE: SKY     :PK WND
================================================================================
1   2   3   4   5  6A  6B    7    8   9   10  11  12  13   14  15   16   17  18
                                     12Z  AVG MX 2MIN
DY MAX MIN AVG DEP HDD CDD  WTR  SNW DPTH SPD SPD DIR MIN PSBL S-S WX    SPD DR
================================================================================

 1  91  60  76   2   0  11 0.00  0.0    0  9.6 22 210   M    M   0        28 210
 2  94  60  77   3   0  12 0.00  0.0    0  7.6 23 210   M    M   0        29 210
 3  90  59  75   1   0  10 0.00  0.0    0  8.9 23 220   M    M   0        27 220
 4  91  54  73  -1   0   8 0.00  0.0    0  8.6 23 220   M    M   0        27 220
 5  91  55  73  -1   0   8 0.00  0.0    0  7.7 21 210   M    M   0        26 210
 6  93  51  72  -2   0   7 0.00  0.0    0  7.9 21 210   M    M   0        25 220
 7  93  53  73  -1   0   8 0.00  0.0    0  7.2 23 220   M    M   0        27 210
 8  90  51  71  -3   0   6 0.00  0.0    0  8.1 20 220   M    M   0        24 210
 9  89  42  66  -8   0   1 0.00  0.0    0  7.0 17 220   M    M   0        23 230
10  90  50  70  -4   0   5 0.00  0.0    0  6.8 17 220   M    M   0        21 220
11  87  54  71  -3   0   6 0.00  0.0    0  8.2 22 210   M    M   0        26 200
12  93  58  76   2   0  11 0.00  0.0    0  6.8 24 220   M    M   0        27 220
13  99  60  80   6   0  15 0.00  0.0    0  7.1 21 310   M    M   0        29 250
14 102  59  81   7   0  16 0.00  0.0    0  6.8 20 290   M    M   0        27 290
15 102  60  81   7   0  16 0.00  0.0    0  8.1 23 300   M    M   0        29 280
16 101  60  81   7   0  16 0.00  0.0    0  8.8 23 300   M    M   0        29 280
17 100  60  80   6   0  15 0.00  0.0    0  8.6 21 280   M    M   0        26 300
18  98  58  78   4   0  13 0.00  0.0    0  7.6 21 260   M    M   0        28 240
19  95  56  76   2   0  11 0.00  0.0    0  7.3 21 300   M    M   0        27 290
20  94  54  74   0   0   9 0.00  0.0    0  7.8 22 290   M    M   0        28 280
21  93  56  75   1   0  10 0.00  0.0    0  7.4 20 300   M    M   0        26 220
22  89  53  71  -3   0   6 0.00  0.0    0  7.3 22 240   M    M   0        29 230
23  91  52  72  -2   0   7 0.00  0.0    0  8.5 22 220   M    M   0        26 220
24  95  53  74   1   0   9 0.00  0.0    0  8.3 22 210   M    M   0        26 220
25  91  54  73   0   0   8 0.00  0.0    0  8.7 21 220   M    M   0        25 220
26  84  49  67  -6   0   2 0.00  0.0    0  8.6 22 220   M    M   0        26 210
27  85  45  65  -8   0   0 0.00  0.0    0  7.3 22 220   M    M   0        26 220
28  95  52  74   1   0   9 0.00  0.0    0  6.6 18  70   M    M   0        25  60
29  98  55  77   4   0  12 0.00  0.0    0  8.6 22  70   M    M   0        27  70
30 101  59  80   7   0  15 0.00  0.0    0  7.6 22 300   M    M   0        29 250
================================================================================
SM 2805 1642         0 282  0.00     0.0 235.4          M        0
================================================================================
AV 93.5 54.7                               7.8 FASTST   M    M   0    MAX(MPH)
                                 MISC ---->  # 24 220               # 29  210
================================================================================
NOTES:
# LAST OF SEVERAL OCCURRENCES

COLUMN 17 PEAK WIND IN M.P.H.

PRELIMINARY LOCAL CLIMATOLOGICAL DATA (WS FORM: F-6) , PAGE 2

                                          STATION:  CAMPO ASOS CA
                                          MONTH:    AUGUST
                                          YEAR:     2016
                                          LATITUDE:   32 37 N
                                          LONGITUDE: 116 28 W

[TEMPERATURE DATA]      [PRECIPITATION DATA]       SYMBOLS USED IN COLUMN 16

AVERAGE MONTHLY: 74.1   TOTAL FOR MONTH:   0.00    1 = FOG OR MIST
DPTR FM NORMAL:   0.3   DPTR FM NORMAL:   -0.68    2 = FOG REDUCING VISIBILITY
HIGHEST:   102 ON 15,14 GRTST 24HR  0.00 ON 30-30      TO 1/4 MILE OR LESS
LOWEST:     42 ON  9                               3 = THUNDER
                        SNOW, ICE PELLETS, HAIL    4 = ICE PELLETS
                        TOTAL MONTH:   0.0 INCH    5 = HAIL
                        GRTST 24HR     0.0         6 = FREEZING RAIN OR DRIZZLE
                        GRTST DEPTH:   0           7 = DUSTSTORM OR SANDSTORM:
                                                       VSBY 1/2 MILE OR LESS
                                                   8 = SMOKE OR HAZE
[NO. OF DAYS WITH]      [WEATHER - DAYS WITH]      9 = BLOWING SNOW
                                                   X = TORNADO
MAX 32 OR BELOW:   0    0.01 INCH OR MORE:   0
MAX 90 OR ABOVE:  25    0.10 INCH OR MORE:   0
MIN 32 OR BELOW:   0    0.50 INCH OR MORE:   0
MIN  0 OR BELOW:   0    1.00 INCH OR MORE:   0

[HDD (BASE 65) ]
TOTAL THIS MO.     0    CLEAR  (SCALE 0-3)  30
DPTR FM NORMAL     0    PTCLDY (SCALE 4-7)   0
TOTAL FM JUL 1     0    CLOUDY (SCALE 8-10)  0
DPTR FM NORMAL    -7

[CDD (BASE 65) ]
TOTAL THIS MO.   282
DPTR FM NORMAL    16    [PRESSURE DATA]
TOTAL FM JAN 1   806    HIGHEST SLP M ON M
DPTR FM NORMAL   168    LOWEST  SLP 29.71 ON M

[REMARKS]
