353
CXUS52 KMLB 280630
CF6DAB
PRELIMINARY LOCAL CLIMATOLOGICAL DATA (WS FORM: F-6)

                                          STATION:   DAYTONA BEACH
                                          MONTH:     AUGUST
                                          YEAR:      2016
                                          LATITUDE:   29 10 N
                                          LONGITUDE:  81  3 W

  TEMPERATURE IN F:       :PCPN:    SNOW:  WIND      :SUNSHINE: SKY     :PK WND
================================================================================
1   2   3   4   5  6A  6B    7    8   9   10  11  12  13   14  15   16   17  18
                                     12Z  AVG MX 2MIN
DY MAX MIN AVG DEP HDD CDD  WTR  SNW DPTH SPD SPD DIR MIN PSBL S-S WX    SPD DR
================================================================================

 1  94  73  84   2   0  19 0.00  0.0    0  4.9 15  80   M    M   5        24 110
 2  94  74  84   2   0  19 0.01  0.0    0  3.9 16 220   M    M   4 3      21  70
 3  93  75  84   2   0  19 0.00  0.0    0  5.3 14 100   M    M   5        19 100
 4  93  74  84   2   0  19 0.10  0.0    0  6.2 23 280   M    M   4 13     31 280
 5  96  74  85   3   0  20 0.00  0.0    0  6.4 29 240   M    M   4        35 240
 6  94  75  85   3   0  20    T  0.0    0  6.5 18 240   M    M   6        23 220
 7  91  75  83   1   0  18 0.05  0.0    0 10.4 26 240   M    M   5 13     34 240
 8  91  73  82   0   0  17 0.01  0.0    0  9.2 20 190   M    M   6        26 180
 9  94  73  84   2   0  19 0.29  0.0    0  6.9 18 250   M    M   6 13     23 250
10  91  72  82   0   0  17    T  0.0    0  3.7 17 200   M    M   6        22 190
11  93  73  83   1   0  18    T  0.0    0  4.0 15  90   M    M   5 13     22  90
12  91  73  82   0   0  17 0.60  0.0    0  4.3 14  70   M    M   4 1      21 110
13  91  74  83   1   0  18 0.00  0.0    0  5.7 15 100   M    M   3 13     21  80
14  91  78  85   3   0  20 0.02  0.0    0  4.9 14  90   M    M   6 13     18  70
15  92  78  85   3   0  20 0.00  0.0    0  6.0 15  80   M    M   4        19  80
16  92  77  85   3   0  20 0.04  0.0    0  5.9 17  70   M    M   4 8      23  70
17  91  76  84   2   0  19 0.00  0.0    0  4.8 15  70   M    M   3        20  70
18  91  75  83   1   0  18    T  0.0    0  3.9 14  70   M    M   3        21  70
19  93  74  84   3   0  19 0.00  0.0    0  3.8 13  90   M    M   5 3      19  70
20  96  74  85   4   0  20 0.00  0.0    0  4.5 13  80   M    M   6        18 100
21  96  73  85   4   0  20 0.00  0.0    0  4.4 13  60   M    M   5        15  80
22  96  74  85   4   0  20 0.00  0.0    0  4.2 14  60   M    M   2        18  60
23  95  77  86   5   0  21 0.00  0.0    0  8.1 20  60   M    M   3 1      25  70
24  92  80  86   5   0  21 0.02  0.0    0 14.4 22  40   M    M   6        29  40
25  93  80  87   6   0  22 0.00  0.0    0 13.6 26  40   M    M   5        31  30
26  91  77  84   3   0  19 0.15  0.0    0 11.1 23  60   M    M   5        28  40
27  91  76  84   3   0  19 0.00  0.0    0  8.7 16  50   M    M   5        23  60
================================================================================
SM 2506 2027         0 518  1.29     0.0 175.7          M      125
================================================================================
AV 92.8 75.1                               6.5 FASTST   M    M   5    MAX(MPH)
                                 MISC ---->  # 29 240               # 35  240
================================================================================
NOTES:
# LAST OF SEVERAL OCCURRENCES

COLUMN 17 PEAK WIND IN M.P.H.

PRELIMINARY LOCAL CLIMATOLOGICAL DATA (WS FORM: F-6) , PAGE 2

                                          STATION:  DAYTONA BEACH
                                          MONTH:    AUGUST
                                          YEAR:     2016
                                          LATITUDE:   29 10 N
                                          LONGITUDE:  81  3 W

[TEMPERATURE DATA]      [PRECIPITATION DATA]       SYMBOLS USED IN COLUMN 16

AVERAGE MONTHLY: 83.9   TOTAL FOR MONTH:   1.29    1 = FOG OR MIST
DPTR FM NORMAL:   2.3   DPTR FM NORMAL:   -4.25    2 = FOG REDUCING VISIBILITY
HIGHEST:    96 ON 22,21 GRTST 24HR  0.60 ON 12-12      TO 1/4 MILE OR LESS
LOWEST:     72 ON 10                               3 = THUNDER
                        SNOW, ICE PELLETS, HAIL    4 = ICE PELLETS
                        TOTAL MONTH:   0.0 INCH    5 = HAIL
                        GRTST 24HR     0.0         6 = FREEZING RAIN OR DRIZZLE
                        GRTST DEPTH:   0           7 = DUSTSTORM OR SANDSTORM:
                                                       VSBY 1/2 MILE OR LESS
                                                   8 = SMOKE OR HAZE
[NO. OF DAYS WITH]      [WEATHER - DAYS WITH]      9 = BLOWING SNOW
                                                   X = TORNADO
MAX 32 OR BELOW:   0    0.01 INCH OR MORE:  10
MAX 90 OR ABOVE:  27    0.10 INCH OR MORE:   4
MIN 32 OR BELOW:   0    0.50 INCH OR MORE:   1
MIN  0 OR BELOW:   0    1.00 INCH OR MORE:   0

[HDD (BASE 65) ]
TOTAL THIS MO.     0    CLEAR  (SCALE 0-3)   3
DPTR FM NORMAL     0    PTCLDY (SCALE 4-7)  24
TOTAL FM JUL 1     0    CLOUDY (SCALE 8-10)  0
DPTR FM NORMAL     0

[CDD (BASE 65) ]
TOTAL THIS MO.   518
DPTR FM NORMAL    69    [PRESSURE DATA]
TOTAL FM JAN 1  2394    HIGHEST SLP M ON M
DPTR FM NORMAL   382    LOWEST  SLP 29.88 ON  7

[REMARKS]
