000
CXUS55 KDVN 261100
CF6DBQ
PRELIMINARY LOCAL CLIMATOLOGICAL DATA (WS FORM: F-6)

                                          STATION:   DUBUQUE IA
                                          MONTH:     MARCH
                                          YEAR:      2017
                                          LATITUDE:   42 24 N
                                          LONGITUDE:  90 42 W

  TEMPERATURE IN F:       :PCPN:    SNOW:  WIND      :SUNSHINE: SKY     :PK WND
================================================================================
1   2   3   4   5  6A  6B    7    8   9   10  11  12  13   14  15   16   17  18
                                     12Z  AVG MX 2MIN
DY MAX MIN AVG DEP HDD CDD  WTR  SNW DPTH SPD SPD DIR MIN PSBL S-S WX    SPD DR
================================================================================

 1  44  30  37   8  28   0 0.07    T    0 16.1 31 320   M    M   9 128    38 320
 2  33  22  28  -1  37   0 0.00  0.0    0 13.5 24 310   M    M   4        30 310
 3  33  16  25  -5  40   0 0.00  0.0    0  7.6 14 100   M    M   3        17 320
 4  45  28  37   7  28   0 0.00  0.0    0 16.4 24 130   M    M   2        30 130
 5  63  32  48  17  17   0 0.00  0.0    0 14.9 28 190   M    M   7 1      33 190
 6  64  48  56  25   9   0 0.39  0.0    0 25.0 45 260   M    M   8 13     56 270
 7  53  33  43  12  22   0    T  0.0    0 20.3 40 260   M    M   2        51 270
 8  46  30  38   6  27   0 0.00  0.0    0 23.0 40 280   M    M   0        51 290
 9  39  28  34   2  31   0 0.00  0.0    0 10.7 21 340   M    M   7        26 330
10  29  19  24  -9  41   0 0.00  0.0    0 12.8 22 350   M    M   1        30 360
11  29  17  23 -10  42   0 0.00  0.0    0  9.1 14 340   M    M   7        18  10
12  31  14  23 -11  42   0 0.22  3.0    0  7.1 20 160   M    M   4 18     23 170
13  25  19  22 -12  43   0 0.10  1.5    4 14.6 21  50   M    M  10 18     28  40
14  22  10  16 -18  49   0 0.00  0.0    4 11.0 17  30   M    M   1        22  30
15  28   5  17 -18  48   0 0.00  0.0    3  6.5 16 280   M    M   0        20 320
16  37   8  23 -12  42   0    T  0.0    3  9.5 20 150   M    M   6        24 150
17  52  34  43   7  22   0    T  0.0    T 16.7 32 310   M    M   6 1      41 310
18  46  28  37   1  28   0 0.00  0.0    0 12.8 23 320   M    M   6        29 330
19  55  28  42   5  23   0 0.00  0.0    0 13.0 30 150   M    M   1 3      35 150
20  64  40  52  15  13   0    T  0.0    0  9.7 21  30   M    M   1 3      26  30
21  50  31  41   3  24   0 0.00  0.0    0 11.9 20  30   M    M   1        25 330
22  41  22  32  -6  33   0 0.00  0.0    0 10.3 20 150   M    M   2        24 150
23  42  31  37  -1  28   0    T  0.0    0 15.7 28 160   M    M   7 3      34 160
24  73  39  56  17   9   0 0.14  0.0    0 13.5 24 250   M    M   5 1      30 220
25  41  37  39   0  26   0 0.23  0.0    0 16.9 30  40   M    M  10 12     37  40
================================================================================
SM 1085  649       752   0  1.15     4.5 338.6          M      110
================================================================================
AV 43.4 26.0                              13.5 FASTST   M    M   4    MAX(MPH)
                                 MISC ---->  # 45 260               # 56  270
================================================================================
NOTES:
# LAST OF SEVERAL OCCURRENCES

COLUMN 17 PEAK WIND IN M.P.H.

PRELIMINARY LOCAL CLIMATOLOGICAL DATA (WS FORM: F-6) , PAGE 2

                                          STATION:  DUBUQUE IA
                                          MONTH:    MARCH
                                          YEAR:     2017
                                          LATITUDE:   42 24 N
                                          LONGITUDE:  90 42 W

[TEMPERATURE DATA]      [PRECIPITATION DATA]       SYMBOLS USED IN COLUMN 16

AVERAGE MONTHLY: 34.7   TOTAL FOR MONTH:   1.15    1 = FOG OR MIST
DPTR FM NORMAL:   0.6   DPTR FM NORMAL:   -0.69    2 = FOG REDUCING VISIBILITY
HIGHEST:    73 ON 24    GRTST 24HR  0.39 ON  6- 6      TO 1/4 MILE OR LESS
LOWEST:      5 ON 15                               3 = THUNDER
                        SNOW, ICE PELLETS, HAIL    4 = ICE PELLETS
                        TOTAL MONTH:   4.5 INCHES  5 = HAIL
                        GRTST 24HR   3.0 ON 12-12  6 = FREEZING RAIN OR DRIZZLE
                        GRTST DEPTH:   4 ON 14,13  7 = DUSTSTORM OR SANDSTORM:
                                                       VSBY 1/2 MILE OR LESS
                                                   8 = SMOKE OR HAZE
[NO. OF DAYS WITH]      [WEATHER - DAYS WITH]      9 = BLOWING SNOW
                                                   X = TORNADO
MAX 32 OR BELOW:   6    0.01 INCH OR MORE:   6
MAX 90 OR ABOVE:   0    0.10 INCH OR MORE:   5
MIN 32 OR BELOW:  19    0.50 INCH OR MORE:   0
MIN  0 OR BELOW:   0    1.00 INCH OR MORE:   0

[HDD (BASE 65) ]
TOTAL THIS MO.   752    CLEAR  (SCALE 0-3)  11
DPTR FM NORMAL   -21    PTCLDY (SCALE 4-7)  10
TOTAL FM JUL 1  5233    CLOUDY (SCALE 8-10)  4
DPTR FM NORMAL  -933

[CDD (BASE 65) ]
TOTAL THIS MO.     0
DPTR FM NORMAL     0    [PRESSURE DATA]
TOTAL FM JAN 1     0    HIGHEST SLP M ON M
DPTR FM NORMAL     0    LOWEST  SLP 29.39 ON  6

[REMARKS]
