000
CXUS55 KDVN 271100
CF6DBQ
PRELIMINARY LOCAL CLIMATOLOGICAL DATA (WS FORM: F-6)

                                          STATION:   DUBUQUE IA
                                          MONTH:     APRIL
                                          YEAR:      2017
                                          LATITUDE:   42 24 N
                                          LONGITUDE:  90 42 W

  TEMPERATURE IN F:       :PCPN:    SNOW:  WIND      :SUNSHINE: SKY     :PK WND
================================================================================
1   2   3   4   5  6A  6B    7    8   9   10  11  12  13   14  15   16   17  18
                                     12Z  AVG MX 2MIN
DY MAX MIN AVG DEP HDD CDD  WTR  SNW DPTH SPD SPD DIR MIN PSBL S-S WX    SPD DR
================================================================================

 1  58  30  44   2  21   0 0.00  0.0    0  1.9  9 240   M    M   0        10 240
 2  52  42  47   4  18   0 0.06  0.0    0  8.4 17 160   M    M  10 1      20 150
 3  56  45  51   8  14   0 0.25  0.0    0  9.1 16  50   M    M   9 12     22  80
 4  53  43  48   4  17   0 0.06  0.0    0  6.8 15  10   M    M   8 1      19  10
 5  46  35  41  -3  24   0 0.37    T    0 13.9 31  20   M    M  10 1      40  30
 6  52  36  44   0  21   0 0.00  0.0    0 17.7 25 330   M    M   2        35 320
 7  56  30  43  -2  22   0 0.00  0.0    0  7.8 17  20   M    M   0        23  10
 8  74  39  57  12   8   0 0.00  0.0    0 16.9 29 190   M    M   1        35 170
 9  76  56  66  20   0   1 0.00  0.0    0 17.0 28 200   M    M   4        35 200
10  67  44  56  10   9   0 0.26    T    0 12.7 28 230   M    M   6 138    35 230
11  52  36  44  -2  21   0 0.00  0.0    0 11.5 20 290   M    M   6        25 310
12  63  36  50   3  15   0 0.01  0.0    0  9.3 24 120   M    M   2        29 120
13  62  43  53   6  12   0 0.25  0.0    0 12.0 20  70   M    M   7 18     27 110
14  65  45  55   7  10   0 0.14  0.0    0 12.0 22 150   M    M   6 138    28 150
15  78  60  69  21   0   4 2.25  0.0    0 17.3 29 230   M    M   8 13     36 240
16  67  43  55   7  10   0 0.00  0.0    0 12.4 26 300   M    M   2 1      35 300
17  70  43  57   8   8   0 0.00  0.0    0  7.8 22 260   M    M   3        28 260
18  71  44  58   9   7   0 0.10  0.0    0 14.0 30 200   M    M   4 1      38 190
19  65  50  58   8   7   0    T  0.0    0 10.8 23 360   M    M   5 13     29 110
20  55  41  48  -2  17   0 0.01  0.0    0 16.2 28 290   M    M   8 13     35 300
21  58  35  47  -3  18   0 0.00  0.0    0 11.8 21  10   M    M   1        26  30
22  63  36  50  -1  15   0 0.00  0.0    0  5.4 13  60   M    M   0        19  40
23  71  37  54   3  11   0 0.00  0.0    0  5.9 14 230   M    M   0        20 250
24  73  45  59   7   6   0 0.00  0.0    0 13.9 28 150   M    M   0        34 160
25  74  49  62  10   3   0 0.01  0.0    0 12.3 24 160   M    M   3        29 150
26  62  41  52   0  13   0 0.16  0.0    0 12.0 22 250   M    M   9 1      24 250
================================================================================
SM 1639 1084       327   5  3.93    T    296.8          M      114
================================================================================
AV 63.0 41.7                              11.4 FASTST   M    M   4    MAX(MPH)
                                 MISC ---->  # 31  20               # 40   30
================================================================================
NOTES:
# LAST OF SEVERAL OCCURRENCES

COLUMN 17 PEAK WIND IN M.P.H.

PRELIMINARY LOCAL CLIMATOLOGICAL DATA (WS FORM: F-6) , PAGE 2

                                          STATION:  DUBUQUE IA
                                          MONTH:    APRIL
                                          YEAR:     2017
                                          LATITUDE:   42 24 N
                                          LONGITUDE:  90 42 W

[TEMPERATURE DATA]      [PRECIPITATION DATA]       SYMBOLS USED IN COLUMN 16

AVERAGE MONTHLY: 52.4   TOTAL FOR MONTH:   3.93    1 = FOG OR MIST
DPTR FM NORMAL:   5.0   DPTR FM NORMAL:    0.81    2 = FOG REDUCING VISIBILITY
HIGHEST:    78 ON 15    GRTST 24HR  2.25 ON 15-15      TO 1/4 MILE OR LESS
LOWEST:     30 ON  7, 1                            3 = THUNDER
                        SNOW, ICE PELLETS, HAIL    4 = ICE PELLETS
                        TOTAL MONTH:    T          5 = HAIL
                        GRTST 24HR    T  ON 10-10  6 = FREEZING RAIN OR DRIZZLE
                        GRTST DEPTH:   0           7 = DUSTSTORM OR SANDSTORM:
                                                       VSBY 1/2 MILE OR LESS
                                                   8 = SMOKE OR HAZE
[NO. OF DAYS WITH]      [WEATHER - DAYS WITH]      9 = BLOWING SNOW
                                                   X = TORNADO
MAX 32 OR BELOW:   0    0.01 INCH OR MORE:  13
MAX 90 OR ABOVE:   0    0.10 INCH OR MORE:   8
MIN 32 OR BELOW:   2    0.50 INCH OR MORE:   1
MIN  0 OR BELOW:   0    1.00 INCH OR MORE:   1

[HDD (BASE 65) ]
TOTAL THIS MO.   327    CLEAR  (SCALE 0-3)  11
DPTR FM NORMAL  -134    PTCLDY (SCALE 4-7)  10
TOTAL FM JUL 1  5697    CLOUDY (SCALE 8-10)  5
DPTR FM NORMAL -1075

[CDD (BASE 65) ]
TOTAL THIS MO.     5
DPTR FM NORMAL     5    [PRESSURE DATA]
TOTAL FM JAN 1     5    HIGHEST SLP M ON M
DPTR FM NORMAL     5    LOWEST  SLP 29.31 ON 26

[REMARKS]
