000
CXUS53 KDDC 241200
CF6DDC
PRELIMINARY LOCAL CLIMATOLOGICAL DATA (WS FORM: F-6)

                                          STATION:   DODGE CITY KS
                                          MONTH:     OCTOBER
                                          YEAR:      2014
                                          LATITUDE:   37 46 N
                                          LONGITUDE:  99 58 W

  TEMPERATURE IN F:       :PCPN:    SNOW:  WIND      :SUNSHINE: SKY     :PK WND
================================================================================
1   2   3   4   5  6A  6B    7    8   9   10  11  12  13   14  15   16   17  18
                                     12Z  AVG MX 2MIN
DY MAX MIN AVG DEP HDD CDD  WTR  SNW DPTH SPD SPD DIR MIN PSBL S-S WX    SPD DR
================================================================================

 1  82  52  67   5   0   2 0.00  0.0    0  7.4 15  30   M    M   0 18     19  20
 2  69  46  58  -4   7   0 0.01  0.0    0 16.9 31 330   M    M   5 18     41 320
 3  63  42  53  -9  12   0 0.00  0.0    0 14.9 37 360   M    M   2 8      46  10
 4  78  36  57  -4   8   0 0.00  0.0    0  7.5 20 260   M    M   0 8      24 320
 5  81  44  63   2   2   0 0.02  0.0    0  7.3 32  20   M    M   1 38     40  30
 6  83  51  67   7   0   2 0.00  0.0    0  9.8 22 250   M    M   1 8      29 240
 7  87  50  69   9   0   4 0.00  0.0    0  8.1 18  40   M    M   0        23  40
 8  84  55  70  10   0   5 0.00  0.0    0  9.8 18 140   M    M   1 8      25 110
 9  69  52  61   2   4   0 0.57  0.0    0 12.2 24  40   M    M   4 13     29  50
10  53  40  47 -12  18   0 1.30  0.0    0 17.5 29  10   M    M  10 1      36  10
11  63  38  51  -7  14   0 0.00  0.0    0  7.1 13 150   M    M   3 1      16 160
12  71  44  58   0   7   0 0.08  0.0    0 16.0 35 360   M    M   3 1      41 360
13  64  45  55  -3  10   0 0.14  0.0    0 24.2 44 350   M    M   4 1      55 360
14  70  40  55  -2  10   0 0.00  0.0    0  9.7 17 310   M    M   0        25 320
15  78  40  59   2   6   0 0.00  0.0    0 12.0 21 170   M    M   0 8      25 190
16  82  49  66   9   0   1 0.00  0.0    0 13.4 29  10   M    M   0        37 350
17  71  41  56   0   9   0 0.00  0.0    0  8.6 21  30   M    M   0        24  30
18  66  43  55  -1  10   0 0.00  0.0    0  7.8 13 170   M    M   0        16 170
19  78  48  63   8   2   0 0.00  0.0    0 12.3 28 210   M    M   2        38 200
20  78  48  63   8   2   0 0.00  0.0    0  9.4 15 100   M    M   3 12     20  80
21  81  52  67  12   0   2 0.00  0.0    0 10.6 21 190   M    M   3 128    25 180
22  71  53  62   8   3   0 0.02  0.0    0 15.4 28 170   M    M   3        33 170
23  76  55  66  12   0   1 0.00  0.0    0  6.8 15 200   M    M   5 18     17 190
================================================================================
SM 1698 1064       124  17  2.14     0.0 264.7          M       50
================================================================================
AV 73.8 46.3                              11.5 FASTST   M    M   2    MAX(MPH)
                                 MISC ---->  # 44 350               # 55  360
================================================================================
NOTES:
# LAST OF SEVERAL OCCURRENCES

COLUMN 17 PEAK WIND IN M.P.H.

PRELIMINARY LOCAL CLIMATOLOGICAL DATA (WS FORM: F-6) , PAGE 2

                                          STATION:  DODGE CITY KS
                                          MONTH:    OCTOBER
                                          YEAR:     2014
                                          LATITUDE:   37 46 N
                                          LONGITUDE:  99 58 W

[TEMPERATURE DATA]      [PRECIPITATION DATA]       SYMBOLS USED IN COLUMN 16

AVERAGE MONTHLY: 60.0   TOTAL FOR MONTH:   2.14    1 = FOG OR MIST
DPTR FM NORMAL:   2.0   DPTR FM NORMAL:    0.78    2 = FOG REDUCING VISIBILITY
HIGHEST:    87 ON  7    GRTST 24HR  1.81 ON  9-10      TO 1/4 MILE OR LESS
LOWEST:     36 ON  4                               3 = THUNDER
                        SNOW, ICE PELLETS, HAIL    4 = ICE PELLETS
                        TOTAL MONTH:   0.0 INCH    5 = HAIL
                        GRTST 24HR     0.0         6 = FREEZING RAIN OR DRIZZLE
                        GRTST DEPTH:   0           7 = DUSTSTORM OR SANDSTORM:
                                                       VSBY 1/2 MILE OR LESS
                                                   8 = SMOKE OR HAZE
[NO. OF DAYS WITH]      [WEATHER - DAYS WITH]      9 = BLOWING SNOW
                                                   X = TORNADO
MAX 32 OR BELOW:   0    0.01 INCH OR MORE:   7
MAX 90 OR ABOVE:   0    0.10 INCH OR MORE:   3
MIN 32 OR BELOW:   0    0.50 INCH OR MORE:   2
MIN  0 OR BELOW:   0    1.00 INCH OR MORE:   1

[HDD (BASE 65) ]
TOTAL THIS MO.   124    CLEAR  (SCALE 0-3)  18
DPTR FM NORMAL   -61    PTCLDY (SCALE 4-7)   4
TOTAL FM JUL 1   186    CLOUDY (SCALE 8-10)  1
DPTR FM NORMAL   -64

[CDD (BASE 65) ]
TOTAL THIS MO.    17
DPTR FM NORMAL   -10    [PRESSURE DATA]
TOTAL FM JAN 1  1456    HIGHEST SLP M ON M
DPTR FM NORMAL    -4    LOWEST  SLP 29.52 ON 12

[REMARKS]
