000
CXUS55 KALY 300800
CF6DDH
PRELIMINARY LOCAL CLIMATOLOGICAL DATA (WS FORM: F-6)

                                          STATION:   BENNINGTON VT
                                          MONTH:     AUGUST
                                          YEAR:      2014
                                          LATITUDE:   42 53 N
                                          LONGITUDE:  73 15 W

  TEMPERATURE IN F:       :PCPN:    SNOW:  WIND      :SUNSHINE: SKY     :PK WND
================================================================================
1   2   3   4   5  6A  6B    7    8   9   10  11  12  13   14  15   16   17  18
                                     12Z  AVG MX 2MIN
DY MAX MIN AVG DEP HDD CDD  WTR  SNW DPTH SPD SPD DIR MIN PSBL S-S WX    SPD DR
================================================================================

 1  82  54  68   0   0   3 0.04    M    M  1.9 10 190   M    M   2 12     15 190
 2  81  58  70   2   0   5 0.00    M    M  3.9 13 160   M    M   1 18     16 160
 3  79  55  67  -1   0   2 0.00    M    M  1.5 10 140   M    M   1 128    13 140
 4  80  59  70   2   0   5 0.01    M    M  1.5  8 280   M    M   6 1      12 280
 5  83  55  69   1   0   4 0.53    M    M  2.7 17 260   M    M   3 1238   27 250
 6  77  53  65  -3   0   0 0.07    M    M  3.4 12 320   M    M   5 12     16 300
 7  74  50  62  -6   3   0 0.03    M    M  2.5 15 330   M    M   2 13     20 310
 8  77  47  62  -6   3   0 0.00    M    M  1.7 10 320   M    M   2 128    16 330
 9  80  50  65  -3   0   0 0.00    M    M  1.6 12 310   M    M   2 1      15 310
10  82  50  66  -1   0   1 0.00    M    M  1.8  9 280   M    M   1 18     13 290
11  84  53  69   2   0   4 0.00    M    M  1.5 12 140   M    M   2 18     14 130
12  76  57  67   0   0   2    T    M    M  9.3 24 130   M    M   3        33 130
13  72  62  67   0   0   2 0.22    M    M  7.6 23 150   M    M   9 1      32 160
14  70  54  62  -5   3   0 0.04    M    M  5.0 15 280   M    M   6 1      23 260
15  62  47  55 -12  10   0    T    M    M  2.3 13 270   M    M   9 18     20 280
16  71  46  59  -8   6   0 0.02    M    M  2.6 12 250   M    M   3 18     15 190
17  74  50  62  -5   3   0 0.00    M    M  3.8 15 330   M    M   6        20 320
18  73  49  61  -5   4   0    T    M    M  3.1 10 320   M    M   4 1      16 340
19  77  44  61  -5   4   0 0.00    M    M  1.3  7 140   M    M   0 1      11 110
20  82  51  67   1   0   2 0.00    M    M  3.5  9 110   M    M   5        13 120
21  73  63  68   2   0   3 0.86    M    M  4.9 15 130   M    M  10 13     18 140
22  67  62  65  -1   0   0 0.01    M    M  4.3 12 120   M    M  10        14 130
23  74  53  64  -2   1   0 0.01    M    M  2.0 12 150   M    M   8 1      14 140
24  80  51  66   0   0   1 0.00    M    M  1.4  7 140   M    M   3 1      10 320
25  83  50  67   2   0   2 0.00    M    M  2.0  8 260   M    M   0 18     11 260
26  83  53  68   3   0   3 0.00    M    M  1.8  9 280   M    M   0 18     12 250
27  82  58  70   5   0   5 0.00    M    M  4.2 12 250   M    M   3 1      16 250
28  75  50  63  -2   2   0 0.00    M    M  4.4 16 310   M    M   6        23 330
29  76  47  62  -2   3   0 0.00  0.0    0  2.3  8  90   M    M   2 18     14 350
================================================================================
SM 2229 1531        42  44  1.84     0.0  89.8          M      114
================================================================================
AV 76.9 52.8                               3.1 FASTST   M    M   4    MAX(MPH)
                                 MISC ---->  # 24 130               # 33  130
================================================================================
NOTES:
# LAST OF SEVERAL OCCURRENCES

COLUMN 17 PEAK WIND IN M.P.H.

PRELIMINARY LOCAL CLIMATOLOGICAL DATA (WS FORM: F-6) , PAGE 2

                                          STATION:  BENNINGTON VT
                                          MONTH:    AUGUST
                                          YEAR:     2014
                                          LATITUDE:   42 53 N
                                          LONGITUDE:  73 15 W

[TEMPERATURE DATA]      [PRECIPITATION DATA]       SYMBOLS USED IN COLUMN 16

AVERAGE MONTHLY: 64.8   TOTAL FOR MONTH:   1.84    1 = FOG OR MIST
DPTR FM NORMAL:  -1.9   DPTR FM NORMAL:   -1.93    2 = FOG REDUCING VISIBILITY
HIGHEST:    84 ON 11    GRTST 24HR  0.86 ON 21-21      TO 1/4 MILE OR LESS
LOWEST:     44 ON 19                               3 = THUNDER
                        SNOW, ICE PELLETS, HAIL    4 = ICE PELLETS
                        TOTAL MONTH:   0.0 INCH    5 = HAIL
                        GRTST 24HR     0.0         6 = FREEZING RAIN OR DRIZZLE
                        GRTST DEPTH:   0           7 = DUSTSTORM OR SANDSTORM:
                                                       VSBY 1/2 MILE OR LESS
                                                   8 = SMOKE OR HAZE
[NO. OF DAYS WITH]      [WEATHER - DAYS WITH]      9 = BLOWING SNOW
                                                   X = TORNADO
MAX 32 OR BELOW:   0    0.01 INCH OR MORE:  11
MAX 90 OR ABOVE:   0    0.10 INCH OR MORE:   3
MIN 32 OR BELOW:   0    0.50 INCH OR MORE:   2
MIN  0 OR BELOW:   0    1.00 INCH OR MORE:   0

[HDD (BASE 65) ]
TOTAL THIS MO.    42    CLEAR  (SCALE 0-3)  15
DPTR FM NORMAL     4    PTCLDY (SCALE 4-7)  10
TOTAL FM JUL 1    53    CLOUDY (SCALE 8-10)  4
DPTR FM NORMAL    -9

[CDD (BASE 65) ]
TOTAL THIS MO.    44
DPTR FM NORMAL   -47    [PRESSURE DATA]
TOTAL FM JAN 1   246    HIGHEST SLP M ON M
DPTR FM NORMAL   -40    LOWEST  SLP 29.68 ON 13

[REMARKS]
