000
CXUS55 KALY 200800
CF6DDH
PRELIMINARY LOCAL CLIMATOLOGICAL DATA (WS FORM: F-6)

                                          STATION:   BENNINGTON VT
                                          MONTH:     APRIL
                                          YEAR:      2014
                                          LATITUDE:   42 53 N
                                          LONGITUDE:  73 15 W

  TEMPERATURE IN F:       :PCPN:    SNOW:  WIND      :SUNSHINE: SKY     :PK WND
================================================================================
1   2   3   4   5  6A  6B    7    8   9   10  11  12  13   14  15   16   17  18
                                     12Z  AVG MX 2MIN
DY MAX MIN AVG DEP HDD CDD  WTR  SNW DPTH SPD SPD DIR MIN PSBL S-S WX    SPD DR
================================================================================

 1  50  26  38  -2  27   0 0.00    M    M  3.5 13 120   M    M   0 8      21 130
 2  56  37  47   7  18   0 0.00    M    M  6.3 17 120   M    M   0        26 130
 3  49  26  38  -2  27   0 0.00    M    M  4.4 13 350   M    M   0        18 350
 4  49  35  42   1  23   0 0.19    M    M 10.3 25 140   M    M   8        35 160
 5  44  34  39  -2  26   0 0.02    M    M  9.7 25 290   M    M   9 1      38 300
 6  52  29  41  -1  24   0 0.00    M    M  6.3 15 270   M    M   2        22 280
 7  58  26  42   0  23   0    T    M    M  9.1 36 150   M    M   4        54 150
 8  63  39  51   8  14   0 0.03    M    M 12.0 38 140   M    M   9        49 140
 9  52  29  41  -2  24   0 0.00    M    M  6.5 21 280   M    M   4        32 270
10  64  24  44   0  21   0 0.00    M    M  9.5 28 190   M    M   1        35 200
11  64  36  50   6  15   0 0.06    M    M  5.3 16 250   M    M   9 12     25 210
12  65  32  49   5  16   0 0.00    M    M  4.8 18 280   M    M   3 12     27 280
13  75  45  60  15   5   0 0.08    M    M  9.2 24 160   M    M   3 3      34 170
14  76  61  69  24   0   4 0.00    M    M 14.3 29 180   M    M   1        41 180
15  66  28  47   1  18   0 0.61    M    M 15.5 31 190   M    M   8 1      48 200
16  38  22  30 -16  35   0 0.00    M    M  6.8 18 330   M    M   4        24 340
17  50  22  36 -10  29   0 0.00    M    M  6.3 15 120   M    M   0        22 130
18  51  25  38  -9  27   0 0.00    M    M  5.5 15 130   M    M   0        17 120
19  57  31  44  -3  21   0 0.00    M    M  6.9 17 330   M    M   4        25 350
================================================================================
SM 1079  607       393   4  0.99    M    152.2          M       69
================================================================================
AV 56.8 31.9                               8.0 FASTST   M    M   4    MAX(MPH)
                                 MISC ---->  # 38 140               # 54  150
================================================================================
NOTES:
# LAST OF SEVERAL OCCURRENCES

COLUMN 17 PEAK WIND IN M.P.H.

PRELIMINARY LOCAL CLIMATOLOGICAL DATA (WS FORM: F-6) , PAGE 2

                                          STATION:  BENNINGTON VT
                                          MONTH:    APRIL
                                          YEAR:     2014
                                          LATITUDE:   42 53 N
                                          LONGITUDE:  73 15 W

[TEMPERATURE DATA]      [PRECIPITATION DATA]       SYMBOLS USED IN COLUMN 16

AVERAGE MONTHLY: 44.4   TOTAL FOR MONTH:   0.99    1 = FOG OR MIST
DPTR FM NORMAL:   0.9   DPTR FM NORMAL:   -1.17    2 = FOG REDUCING VISIBILITY
HIGHEST:    76 ON 14    GRTST 24HR  0.61 ON 15-15      TO 1/4 MILE OR LESS
LOWEST:     22 ON 17,16                            3 = THUNDER
                        SNOW, ICE PELLETS, HAIL    4 = ICE PELLETS
                        TOTAL MONTH:    M          5 = HAIL
                        GRTST 24HR    M  ON   M    6 = FREEZING RAIN OR DRIZZLE
                        GRTST DEPTH:  M  ON   M    7 = DUSTSTORM OR SANDSTORM:
                                                       VSBY 1/2 MILE OR LESS
                                                   8 = SMOKE OR HAZE
[NO. OF DAYS WITH]      [WEATHER - DAYS WITH]      9 = BLOWING SNOW
                                                   X = TORNADO
MAX 32 OR BELOW:   0    0.01 INCH OR MORE:   6
MAX 90 OR ABOVE:   0    0.10 INCH OR MORE:   2
MIN 32 OR BELOW:  12    0.50 INCH OR MORE:   1
MIN  0 OR BELOW:   0    1.00 INCH OR MORE:   0

[HDD (BASE 65) ]
TOTAL THIS MO.   393    CLEAR  (SCALE 0-3)   9
DPTR FM NORMAL   -18    PTCLDY (SCALE 4-7)   6
TOTAL FM JUL 1  6799    CLOUDY (SCALE 8-10)  4
DPTR FM NORMAL   153

[CDD (BASE 65) ]
TOTAL THIS MO.     4
DPTR FM NORMAL     4    [PRESSURE DATA]
TOTAL FM JAN 1     4    HIGHEST SLP M ON M
DPTR FM NORMAL     4    LOWEST  SLP 29.31 ON  8

[REMARKS]
