000
CXUS55 KALY 240710
CF6DDH
PRELIMINARY LOCAL CLIMATOLOGICAL DATA (WS FORM: F-6)

                                          STATION:   BENNINGTON VT
                                          MONTH:     JUNE
                                          YEAR:      2017
                                          LATITUDE:   42 53 N
                                          LONGITUDE:  73 15 W

  TEMPERATURE IN F:       :PCPN:    SNOW:  WIND      :SUNSHINE: SKY     :PK WND
================================================================================
1   2   3   4   5  6A  6B    7    8   9   10  11  12  13   14  15   16   17  18
                                     12Z  AVG MX 2MIN
DY MAX MIN AVG DEP HDD CDD  WTR  SNW DPTH SPD SPD DIR MIN PSBL S-S WX    SPD DR
================================================================================

 1  70  44  57  -3   8   0    T    M    M  5.7 17 260   M    M   4 12     25 270
 2  67  39  53  -7  12   0 0.00    M    M  6.1 18 280   M    M   5        26 270
 3  68  40  54  -6  11   0 0.00    M    M  4.6 14 310   M    M   7        19 310
 4  67  42  55  -5  10   0 0.11    M    M  2.1  9  80   M    M   4 1      13  80
 5  62  54  58  -3   7   0 0.97    M    M  8.7 23 130   M    M  10 13     33 120
 6  55  47  51 -10  14   0 1.01    M    M  3.6 18 100   M    M   9 1      26  60
 7  74  47  61   0   4   0 0.01    M    M  3.5 10 290   M    M   4 1      14 320
 8  79  44  62   0   3   0 0.00    M    M  2.1 14 180   M    M   1 1      18 180
 9  75  52  64   2   1   0    T    M    M  5.3 16 270   M    M   2 3      23 280
10  81  50  66   4   0   1 0.00    M    M  3.5 12 210   M    M   2        17 220
11  87  59  73  10   0   8 0.00    M    M  5.1 17 230   M    M   2        26 230
12  90  62  76  13   0  11 0.00    M    M  3.4 13 310   M    M   1        20 310
13  86  62  74  11   0   9 0.02    M    M  5.2 14 330   M    M   5 13     20 320
14  76  50  63  -1   2   0 0.00    M    M  3.2 13 360   M    M   0 18     19  10
15  79  47  63  -1   2   0 0.01    M    M  4.9 15 130   M    M   4        21 120
16  65  59  62  -2   3   0 0.65    M    M  4.4 15 130   M    M  10 1      20 100
17  80  62  71   7   0   6 0.00    M    M  3.6 10 210   M    M   7        15 190
18  85  68  77  12   0  12 0.00    M    M  9.0 21 200   M    M   5        26 260
19  83  66  75  10   0  10 1.22    M    M  4.7 18 310   M    M   6 138    27 300
20  77  59  68   3   0   3 0.03    M    M  4.9 15 260   M    M   5 18     23 240
21  75  53  64  -1   1   0 0.01    M    M  6.0 16 280   M    M   4 1      25 280
22  79  49  64  -2   1   0 0.00    M    M  2.5 12 220   M    M   3 8      17 220
23  88  63  76  10   0  11 0.28  0.0    0  6.1 21 180   M    M   6 1      30 200
================================================================================
SM 1748 1218        79  71  4.32     0.0 108.2          M      106
================================================================================
AV 76.0 53.0                               4.7 FASTST   M    M   5    MAX(MPH)
                                 MISC ---->  # 23 130               # 33  120
================================================================================
NOTES:
# LAST OF SEVERAL OCCURRENCES

COLUMN 17 PEAK WIND IN M.P.H.

PRELIMINARY LOCAL CLIMATOLOGICAL DATA (WS FORM: F-6) , PAGE 2

                                          STATION:  BENNINGTON VT
                                          MONTH:    JUNE
                                          YEAR:     2017
                                          LATITUDE:   42 53 N
                                          LONGITUDE:  73 15 W

[TEMPERATURE DATA]      [PRECIPITATION DATA]       SYMBOLS USED IN COLUMN 16

AVERAGE MONTHLY: 64.5   TOTAL FOR MONTH:   4.32    1 = FOG OR MIST
DPTR FM NORMAL:   1.6   DPTR FM NORMAL:    1.07    2 = FOG REDUCING VISIBILITY
HIGHEST:    90 ON 12    GRTST 24HR  1.22 ON 19-19      TO 1/4 MILE OR LESS
LOWEST:     39 ON  2                               3 = THUNDER
                        SNOW, ICE PELLETS, HAIL    4 = ICE PELLETS
                        TOTAL MONTH:   0.0 INCH    5 = HAIL
                        GRTST 24HR     0.0         6 = FREEZING RAIN OR DRIZZLE
                        GRTST DEPTH:   0           7 = DUSTSTORM OR SANDSTORM:
                                                       VSBY 1/2 MILE OR LESS
                                                   8 = SMOKE OR HAZE
[NO. OF DAYS WITH]      [WEATHER - DAYS WITH]      9 = BLOWING SNOW
                                                   X = TORNADO
MAX 32 OR BELOW:   0    0.01 INCH OR MORE:  11
MAX 90 OR ABOVE:   1    0.10 INCH OR MORE:   6
MIN 32 OR BELOW:   0    0.50 INCH OR MORE:   4
MIN  0 OR BELOW:   0    1.00 INCH OR MORE:   2

[HDD (BASE 65) ]
TOTAL THIS MO.    79    CLEAR  (SCALE 0-3)   6
DPTR FM NORMAL    -9    PTCLDY (SCALE 4-7)  14
TOTAL FM JUL 1  6478    CLOUDY (SCALE 8-10)  3
DPTR FM NORMAL  -749

[CDD (BASE 65) ]
TOTAL THIS MO.    71
DPTR FM NORMAL    34    [PRESSURE DATA]
TOTAL FM JAN 1    86    HIGHEST SLP M ON M
DPTR FM NORMAL    35    LOWEST  SLP 29.53 ON 23

[REMARKS]
