373
CXUS53 KARX 291241
CF6DEH
PRELIMINARY LOCAL CLIMATOLOGICAL DATA (WS FORM: F-6)

                                          STATION:   DECORAH IA
                                          MONTH:     APRIL
                                          YEAR:      2017
                                          LATITUDE:   43 16 N
                                          LONGITUDE:  91 44 W

  TEMPERATURE IN F:       :PCPN:    SNOW:  WIND      :SUNSHINE: SKY     :PK WND
================================================================================
1   2   3   4   5  6A  6B    7    8   9   10  11  12  13   14  15   16   17  18
                                     12Z  AVG MX 2MIN
DY MAX MIN AVG DEP HDD CDD  WTR  SNW DPTH SPD SPD DIR MIN PSBL S-S WX    SPD DR
================================================================================

 1  59  32  46   M  19   0 0.00  0.0    0  2.0  6 200   M    M   0         M  M
 2  50  43  47   M  18   0 0.01  0.0    0  6.9 13 160   M    M   9 1      20 150
 3  46  45  46   M  19   0 0.77  0.0    0  6.4 10  20   M    M  10 1      14  10
 4  57  45  51   M  14   0 0.30  0.0    0  7.2 14  20   M    M   8 1      20 360
 5  48  43  46   M  19   0 0.00  0.0    0  8.5 15 340   M    M   3        20 350
 6  50  36  43   M  22   0 0.00  0.0    0 13.2 21 340   M    M   1        32 340
 7  55  32  44   M  21   0 0.00  0.0    0  3.9  8 170   M    M   1        14  99
 8  73  41  57   M   8   0 0.00  0.0    0 12.6 18 180   M    M   3        30 180
 9  75  55  65   M   0   0 0.00  0.0    0 10.3 16 180   M    M   9        29 190
10  66  37  52   M  13   0 0.00  0.0    0  9.7 14 350   M    M   9 1      20 210
11  48  36  42   M  23   0 0.00  0.0    0  8.1 15 320   M    M   8        23 320
12  63  37  50   M  15   0 0.29  0.0    0  8.0 13 160   M    M   6        21 160
13  55  43  49   M  16   0 0.12  0.0    0 10.7 17 110   M    M  10 1      25 110
14  61  46  54   M  11   0 1.96  0.0    0 10.0 14 110   M    M   7 13     21 130
15  70  57  64   M   1   0 0.17  0.0    0  9.0 15 220   M    M   6 13     24 210
16  64  50  57   M   8   0 0.00  0.0    0  9.4 16 320   M    M   2 1      29 310
17  66  46  56   M   9   0 0.00  0.0    0  4.5  9 330   M    M   4        20 310
18  66  45  56   M   9   0 0.03  0.0    0 11.2 18 210   M    M   4 8      31 210
19  57  46  52   M  13   0 1.13  0.0    0 10.9 18 100   M    M   7 1      31 130
20  52  43  48   M  17   0 0.14  0.0    0 11.8 18 110   M    M   9 1      27 280
21  57  36  47   M  18   0 0.00  0.0    0  7.9 17 350   M    M   0        24 350
22  64  39  52   M  13   0 0.00  0.0    0  4.0  8 330   M    M   0        12  99
23  70  45  58   M   7   0 0.00  0.0    0  5.7 12 310   M    M   1        18 310
24  72  48  60   M   5   0 0.00  0.0    0 11.1 21 180   M    M   2        33 180
25  68  54  61   M   4   0 0.00  0.0    0  8.2 13  80   M    M   6        18 140
26  59  39  49   M  16   0 0.04  0.0    0  6.9 12 320   M    M  10 1      20 300
27  39  34  37   M  28   0 0.00  0.0    0 10.6 16 320   M    M  10        24 290
28  46  28  37   M  28   0 0.04  0.0    0  5.1 10 360   M    M   5        17 310
================================================================================
SM 1656 1181       394   0  5.00     0.0 233.8          M      150
================================================================================
AV 59.1 42.2                               8.3 FASTST   M    M   5    MAX(MPH)
                                 MISC ---->  # 21 340               # 33  180
================================================================================
NOTES:
# LAST OF SEVERAL OCCURRENCES

COLUMN 17 PEAK WIND IN M.P.H.

PRELIMINARY LOCAL CLIMATOLOGICAL DATA (WS FORM: F-6) , PAGE 2

                                          STATION:  DECORAH IA
                                          MONTH:    APRIL
                                          YEAR:     2017
                                          LATITUDE:   43 16 N
                                          LONGITUDE:  91 44 W

[TEMPERATURE DATA]      [PRECIPITATION DATA]       SYMBOLS USED IN COLUMN 16

AVERAGE MONTHLY: 50.7   TOTAL FOR MONTH:   5.00    1 = FOG OR MIST
DPTR FM NORMAL:     M   DPTR FM NORMAL:       M    2 = FOG REDUCING VISIBILITY
HIGHEST:    75 ON  9    GRTST 24HR  1.96 ON 14-14      TO 1/4 MILE OR LESS
LOWEST:     28 ON 28                               3 = THUNDER
                        SNOW, ICE PELLETS, HAIL    4 = ICE PELLETS
                        TOTAL MONTH:   0.0 INCH    5 = HAIL
                        GRTST 24HR     0.0         6 = FREEZING RAIN OR DRIZZLE
                        GRTST DEPTH:   0           7 = DUSTSTORM OR SANDSTORM:
                                                       VSBY 1/2 MILE OR LESS
                                                   8 = SMOKE OR HAZE
[NO. OF DAYS WITH]      [WEATHER - DAYS WITH]      9 = BLOWING SNOW
                                                   X = TORNADO
MAX 32 OR BELOW:   0    0.01 INCH OR MORE:  12
MAX 90 OR ABOVE:   0    0.10 INCH OR MORE:   8
MIN 32 OR BELOW:   3    0.50 INCH OR MORE:   3
MIN  0 OR BELOW:   0    1.00 INCH OR MORE:   2

[HDD (BASE 65) ]
TOTAL THIS MO.   394    CLEAR  (SCALE 0-3)  10
DPTR FM NORMAL     M    PTCLDY (SCALE 4-7)  10
TOTAL FM JUL 1  6034    CLOUDY (SCALE 8-10)  8
DPTR FM NORMAL     M

[CDD (BASE 65) ]
TOTAL THIS MO.     0
DPTR FM NORMAL     M    [PRESSURE DATA]
TOTAL FM JAN 1     0    HIGHEST SLP M ON M
DPTR FM NORMAL     M    LOWEST  SLP M ON M

[REMARKS]
