000
CXUS54 KAMA 231015
CF6DHT
PRELIMINARY LOCAL CLIMATOLOGICAL DATA (WS FORM: F-6)

                                          STATION:   DALHART
                                          MONTH:     AUGUST
                                          YEAR:      2016
                                          LATITUDE:   36  1 N
                                          LONGITUDE: 102 33 W

  TEMPERATURE IN F:       :PCPN:    SNOW:  WIND      :SUNSHINE: SKY     :PK WND
================================================================================
1   2   3   4   5  6A  6B    7    8   9   10  11  12  13   14  15   16   17  18
                                     12Z  AVG MX 2MIN
DY MAX MIN AVG DEP HDD CDD  WTR  SNW DPTH SPD SPD DIR MIN PSBL S-S WX    SPD DR
================================================================================

 1 100  67  84   8   0  19 0.00  0.0    0 12.9 29 150   M    M   0 3      35 140
 2  98  66  82   6   0  17 0.32  0.0    0  9.7 44 190   M    M   1 3      61 180
 3  93  69  81   5   0  16    T  0.0    0 12.0 23 180   M    M   2 3      30 180
 4 100  68  84   8   0  19 0.41  0.0    0 13.4 29 170   M    M   3 13     36 170
 5  89  67  78   2   0  13 0.08  0.0    0  8.1 21 350   M    M   2 13     26 350
 6  94  65  80   4   0  15 0.00  0.0    0  8.2 25 270   M    M   2 8      31 260
 7  95  66  81   5   0  16 0.00  0.0    0  8.5 28 160   M    M   1        31 160
 8  97  64  81   5   0  16 0.74  0.0    0 10.9 24 340   M    M   1 38     35 170
 9  92  63  78   2   0  13 0.00  0.0    0 11.5 22 150   M    M   0        28 160
10  98  68  83   7   0  18 0.05  0.0    0 13.2 40 160   M    M   1 3      53 170
11  91  68  80   4   0  15 0.00  0.0    0  9.2 22 180   M    M   0        30 180
12  88  66  77   1   0  12 0.00  0.0    0 12.1 24 360   M    M   2        33 360
13  88  60  74  -2   0   9 0.00  0.0    0  7.5 25 290   M    M   0        29 290
14  85  56  71  -5   0   6 0.00  0.0    0  7.3 15 140   M    M   0        19 140
15  92  51  72  -4   0   7 0.00  0.0    0  9.4 20 190   M    M   0        29 170
16  95  54  75  -1   0  10 0.00  0.0    0 10.1 21 240   M    M   0        26 250
17  94  58  76   1   0  11 0.00  0.0    0  9.2 22 140   M    M   0 8      27 140
18  95  57  76   1   0  11 0.00  0.0    0  9.6 22 150   M    M   1        27 200
19  90  65  78   3   0  13 0.04  0.0    0 10.0 31 340   M    M   1 3      42 350
20  76  59  68  -7   0   3 0.53  0.0    0 13.7 32 360   M    M   4 138    42 340
21  84  59  72  -3   0   7 0.00  0.0    0 10.3 21 190   M    M   3 18     28 170
22  89  59  74  -1   0   9    T  0.0    0 18.0 30 190   M    M   2 3      38 180
================================================================================
SM 2023 1375         0 275  2.17     0.0 234.8          M       26
================================================================================
AV 92.0 62.5                              10.7 FASTST   M    M   1    MAX(MPH)
                                 MISC ---->  # 44 190               # 61  180
================================================================================
NOTES:
# LAST OF SEVERAL OCCURRENCES

COLUMN 17 PEAK WIND IN M.P.H.

PRELIMINARY LOCAL CLIMATOLOGICAL DATA (WS FORM: F-6) , PAGE 2

                                          STATION:  DALHART
                                          MONTH:    AUGUST
                                          YEAR:     2016
                                          LATITUDE:   36  1 N
                                          LONGITUDE: 102 33 W

[TEMPERATURE DATA]      [PRECIPITATION DATA]       SYMBOLS USED IN COLUMN 16

AVERAGE MONTHLY: 77.2   TOTAL FOR MONTH:   2.17    1 = FOG OR MIST
DPTR FM NORMAL:   1.5   DPTR FM NORMAL:   -0.03    2 = FOG REDUCING VISIBILITY
HIGHEST:   100 ON  4, 1 GRTST 24HR  0.74 ON  8- 8      TO 1/4 MILE OR LESS
LOWEST:     51 ON 15                               3 = THUNDER
                        SNOW, ICE PELLETS, HAIL    4 = ICE PELLETS
                        TOTAL MONTH:   0.0 INCH    5 = HAIL
                        GRTST 24HR     0.0         6 = FREEZING RAIN OR DRIZZLE
                        GRTST DEPTH:   0           7 = DUSTSTORM OR SANDSTORM:
                                                       VSBY 1/2 MILE OR LESS
                                                   8 = SMOKE OR HAZE
[NO. OF DAYS WITH]      [WEATHER - DAYS WITH]      9 = BLOWING SNOW
                                                   X = TORNADO
MAX 32 OR BELOW:   0    0.01 INCH OR MORE:   7
MAX 90 OR ABOVE:  15    0.10 INCH OR MORE:   4
MIN 32 OR BELOW:   0    0.50 INCH OR MORE:   2
MIN  0 OR BELOW:   0    1.00 INCH OR MORE:   0

[HDD (BASE 65) ]
TOTAL THIS MO.     0    CLEAR  (SCALE 0-3)  21
DPTR FM NORMAL     0    PTCLDY (SCALE 4-7)   1
TOTAL FM JUL 1     0    CLOUDY (SCALE 8-10)  0
DPTR FM NORMAL    -1

[CDD (BASE 65) ]
TOTAL THIS MO.   275
DPTR FM NORMAL    38    [PRESSURE DATA]
TOTAL FM JAN 1  1203    HIGHEST SLP M ON M
DPTR FM NORMAL   289    LOWEST  SLP 29.71 ON 19

[REMARKS]
