000
CXUS53 KBIS 190909
CF6DIK
PRELIMINARY LOCAL CLIMATOLOGICAL DATA (WS FORM: F-6)

                                          STATION:   DICKINSON ND
                                          MONTH:     FEBRUARY
                                          YEAR:      2017
                                          LATITUDE:   46 47 N
                                          LONGITUDE: 102 48 W

  TEMPERATURE IN F:       :PCPN:    SNOW:  WIND      :SUNSHINE: SKY     :PK WND
================================================================================
1   2   3   4   5  6A  6B    7    8   9   10  11  12  13   14  15   16   17  18
                                     12Z  AVG MX 2MIN
DY MAX MIN AVG DEP HDD CDD  WTR  SNW DPTH SPD SPD DIR MIN PSBL S-S WX    SPD DR
================================================================================

 1  13   6  10  -8  55   0    T    M    M 17.2 31 290   M    M   8 8      36 290
 2  10  -7   2 -16  63   0    T    M    M 10.4 24 310   M    M   2        29 300
 3  12  -6   3 -15  62   0 0.00    M    M 13.4 23 160   M    M   0        27 160
 4  13   4   9  -9  56   0 0.02    M    M 11.4 25 300   M    M   7 128    30 300
 5  15   0   8 -10  57   0    T    M    M 11.2 26 160   M    M   5 18     30 170
 6   8   2   5 -13  60   0    T    M    M 12.6 21  70   M    M   9 1      24  60
 7   4  -9  -2 -21  67   0 0.01    M    M  5.8 13  30   M    M   5 18     14  30
 8   4 -15  -5 -24  70   0 0.00    M    M 11.1 22 300   M    M   4 8      24 300
 9  41  -7  17  -2  48   0 0.00    M    M 18.3 30 180   M    M   3 18     33 160
10  41  33  37  18  28   0 0.00    M    M 14.8 25 250   M    M   3        28 240
11  39  23  31  11  34   0    T    M    M 18.6 37 290   M    M   2        44 320
12  35  20  28   8  37   0 0.00    M    M 14.1 20 270   M    M   0        22 270
13  38  25  32  12  33   0 0.00    M    M 16.5 25 290   M    M   0        31 300
14  40  19  30  10  35   0 0.00    M    M 10.0 16 280   M    M   0        20 280
15  45  27  36  16  29   0 0.00    M    M 12.3 21 260   M    M   0        26 240
16  50  34  42  21  23   0 0.00    M    M  9.6 16 240   M    M   0        19 230
17  51  28  40  19  25   0 0.00    M    M 13.8 28 280   M    M   0        33 270
18  48  26  37  16  28   0 0.00    M    M  8.4 21  80   M    M   3 1      25  80
================================================================================
SM  507  203       810   0  0.03    M    229.5          M       51
================================================================================
AV 28.2 11.3                              12.8 FASTST   M    M   3    MAX(MPH)
                                 MISC ---->  # 37 290               # 44  320
================================================================================
NOTES:
# LAST OF SEVERAL OCCURRENCES

COLUMN 17 PEAK WIND IN M.P.H.

PRELIMINARY LOCAL CLIMATOLOGICAL DATA (WS FORM: F-6) , PAGE 2

                                          STATION:  DICKINSON ND
                                          MONTH:    FEBRUARY
                                          YEAR:     2017
                                          LATITUDE:   46 47 N
                                          LONGITUDE: 102 48 W

[TEMPERATURE DATA]      [PRECIPITATION DATA]       SYMBOLS USED IN COLUMN 16

AVERAGE MONTHLY: 19.7   TOTAL FOR MONTH:   0.03    1 = FOG OR MIST
DPTR FM NORMAL:   0.4   DPTR FM NORMAL:   -0.14    2 = FOG REDUCING VISIBILITY
HIGHEST:    51 ON 17    GRTST 24HR  0.02 ON  4- 4      TO 1/4 MILE OR LESS
LOWEST:    -15 ON  8                               3 = THUNDER
                        SNOW, ICE PELLETS, HAIL    4 = ICE PELLETS
                        TOTAL MONTH:    M          5 = HAIL
                        GRTST 24HR    M  ON   M    6 = FREEZING RAIN OR DRIZZLE
                        GRTST DEPTH:  M  ON   M    7 = DUSTSTORM OR SANDSTORM:
                                                       VSBY 1/2 MILE OR LESS
                                                   8 = SMOKE OR HAZE
[NO. OF DAYS WITH]      [WEATHER - DAYS WITH]      9 = BLOWING SNOW
                                                   X = TORNADO
MAX 32 OR BELOW:   8    0.01 INCH OR MORE:   2
MAX 90 OR ABOVE:   0    0.10 INCH OR MORE:   0
MIN 32 OR BELOW:  16    0.50 INCH OR MORE:   0
MIN  0 OR BELOW:   6    1.00 INCH OR MORE:   0

[HDD (BASE 65) ]
TOTAL THIS MO.   810    CLEAR  (SCALE 0-3)  12
DPTR FM NORMAL   -13    PTCLDY (SCALE 4-7)   5
TOTAL FM JUL 1  5749    CLOUDY (SCALE 8-10)  1
DPTR FM NORMAL  -121

[CDD (BASE 65) ]
TOTAL THIS MO.     0
DPTR FM NORMAL     0    [PRESSURE DATA]
TOTAL FM JAN 1     0    HIGHEST SLP M ON M
DPTR FM NORMAL     0    LOWEST  SLP 29.40 ON 17

[REMARKS]
