000
CXUS53 KBIS 010736
CF6DIK
PRELIMINARY LOCAL CLIMATOLOGICAL DATA (WS FORM: F-6)

                                          STATION:   DICKINSON ND
                                          MONTH:     AUGUST
                                          YEAR:      2015
                                          LATITUDE:   46 47 N
                                          LONGITUDE: 102 48 W

  TEMPERATURE IN F:       :PCPN:    SNOW:  WIND      :SUNSHINE: SKY     :PK WND
================================================================================
1   2   3   4   5  6A  6B    7    8   9   10  11  12  13   14  15   16   17  18
                                     12Z  AVG MX 2MIN
DY MAX MIN AVG DEP HDD CDD  WTR  SNW DPTH SPD SPD DIR MIN PSBL S-S WX    SPD DR
================================================================================

 1  94  51  73   2   0   8 0.00    M    M  8.1 21 290   M    M   0        27 280
 2  82  50  66  -5   0   1 0.00    M    M  7.8 17  10   M    M   0        24 320
 3  83  47  65  -6   0   0 0.00    M    M  5.2 12  50   M    M   0        15  50
 4  86  52  69  -2   0   4    T    M    M 11.2 21 130   M    M   1        25 140
 5  87  59  73   2   0   8 0.01    M    M  6.8 14 200   M    M   1        17 290
 6  83  55  69  -1   0   4 0.13    M    M 10.2 25 290   M    M   4 1      31 290
 7  83  50  67  -3   0   2    T    M    M  9.7 22 270   M    M   1        28 280
 8  83  47  65  -5   0   0    T    M    M  5.2 18 190   M    M   2        23 200
 9  79  55  67  -3   0   2    T    M    M  4.1 24 350   M    M   5 3      31 350
10  86  50  68  -2   0   3 0.00    M    M  4.9 10 160   M    M   0        14 360
11  92  56  74   4   0   9 0.00    M    M 12.7 23 150   M    M   0        28 150
12 102  62  82  12   0  17 0.10    M    M  9.3 38 260   M    M   1 3      46 260
13  95  61  78   8   0  13 0.00    M    M  5.8 14 280   M    M   0        16 180
14  99  61  80  11   0  15 0.00    M    M 11.5 22 170   M    M   0        36 190
15  99  64  82  13   0  17 0.00    M    M 13.9 26 300   M    M   0 38     35 310
16  69  48  59 -10   6   0    T    M    M  8.1 18 320   M    M   8 3      23 310
17  71  45  58 -11   7   0 0.10    M    M  5.5 14 300   M    M   7 1      19 110
18  73  50  62  -6   3   0    T    M    M  8.0 16  30   M    M   6        19  20
19  74  45  60  -8   5   0 0.00    M    M  7.0 15 330   M    M   1        20  10
20  88  47  68   0   0   3 0.00    M    M  9.8 18 260   M    M   0        24 250
21  94  51  73   5   0   8 0.00    M    M  7.8 23 230   M    M   1 8      30 180
22  74  45  60  -7   5   0 0.42    M    M 24.7 41 280   M    M   6 138    51 280
23  69  38  54 -13  11   0 0.00    M    M 12.6 25 320   M    M   0        33 330
24  79  37  58  -9   7   0 0.00    M    M  7.5 13 150   M    M   0        15 150
25  83  48  66   0   0   1 0.00    M    M 15.0 29 160   M    M   0        35 170
26  86  49  68   2   0   3 0.00    M    M  8.1 15 160   M    M   0 1      18 160
27  88  59  74   8   0   9 0.00    M    M  8.1 14 100   M    M   1 12     16  90
28  91  55  73   8   0   8 0.00    M    M  6.5 14 180   M    M   1 8      16 180
29  99  55  77  12   0  12 0.00    M    M  8.4 20 200   M    M   3 8      24 210
30  94  62  78  14   0  13    T    M    M 10.4 18 330   M    M   0 8      24 320
31  79  53  66   2   0   1    T    M    M 10.7 21 280   M    M   0 3      34 290
================================================================================
SM 2644 1607        44 161  0.76    M    284.6          M       49
================================================================================
AV 85.3 51.8                               9.2 FASTST   M    M   2    MAX(MPH)
                                 MISC ---->  # 41 280               # 51  280
================================================================================
NOTES:
# LAST OF SEVERAL OCCURRENCES

COLUMN 17 PEAK WIND IN M.P.H.

PRELIMINARY LOCAL CLIMATOLOGICAL DATA (WS FORM: F-6) , PAGE 2

                                          STATION:  DICKINSON ND
                                          MONTH:    AUGUST
                                          YEAR:     2015
                                          LATITUDE:   46 47 N
                                          LONGITUDE: 102 48 W

[TEMPERATURE DATA]      [PRECIPITATION DATA]       SYMBOLS USED IN COLUMN 16

AVERAGE MONTHLY: 68.6   TOTAL FOR MONTH:   0.76    1 = FOG OR MIST
DPTR FM NORMAL:   0.2   DPTR FM NORMAL:   -0.78    2 = FOG REDUCING VISIBILITY
HIGHEST:   102 ON 12    GRTST 24HR  0.42 ON 22-22      TO 1/4 MILE OR LESS
LOWEST:     37 ON 24                               3 = THUNDER
                        SNOW, ICE PELLETS, HAIL    4 = ICE PELLETS
                        TOTAL MONTH:    M          5 = HAIL
                        GRTST 24HR    M  ON   M    6 = FREEZING RAIN OR DRIZZLE
                        GRTST DEPTH:  M  ON   M    7 = DUSTSTORM OR SANDSTORM:
                                                       VSBY 1/2 MILE OR LESS
                                                   8 = SMOKE OR HAZE
[NO. OF DAYS WITH]      [WEATHER - DAYS WITH]      9 = BLOWING SNOW
                                                   X = TORNADO
MAX 32 OR BELOW:   0    0.01 INCH OR MORE:   5
MAX 90 OR ABOVE:  10    0.10 INCH OR MORE:   4
MIN 32 OR BELOW:   0    0.50 INCH OR MORE:   0
MIN  0 OR BELOW:   0    1.00 INCH OR MORE:   0

[HDD (BASE 65) ]
TOTAL THIS MO.    44    CLEAR  (SCALE 0-3)  25
DPTR FM NORMAL    -8    PTCLDY (SCALE 4-7)   6
TOTAL FM JUL 1    58    CLOUDY (SCALE 8-10)  0
DPTR FM NORMAL   -28

[CDD (BASE 65) ]
TOTAL THIS MO.   161
DPTR FM NORMAL     4    [PRESSURE DATA]
TOTAL FM JAN 1   391    HIGHEST SLP M ON M
DPTR FM NORMAL     5    LOWEST  SLP 29.46 ON 22

[REMARKS]
#FINAL-08-15#
