000
CXUS54 KEPZ 221200
CF6DMN
PRELIMINARY LOCAL CLIMATOLOGICAL DATA (WS FORM: F-6)

                                          STATION:   DEMING
                                          MONTH:     MAY
                                          YEAR:      2015
                                          LATITUDE:   32 15 N
                                          LONGITUDE: 107 42 W

  TEMPERATURE IN F:       :PCPN:    SNOW:  WIND      :SUNSHINE: SKY     :PK WND
================================================================================
1   2   3   4   5  6A  6B    7    8   9   10  11  12  13   14  15   16   17  18
                                     12Z  AVG MX 2MIN
DY MAX MIN AVG DEP HDD CDD  WTR  SNW DPTH SPD SPD DIR MIN PSBL S-S WX    SPD DR
================================================================================

 1  89  46  68   3   0   3 0.00  0.0    0  6.0 16 220   M    M   0 8      21 220
 2  90  51  71   6   0   6    T  0.0    0  8.7 28 270   M    M   1        36 240
 3  83  51  67   1   0   2    T  0.0    0  6.5 28 220   M    M   2        42 210
 4  82  55  69   3   0   4 0.01  0.0    0  8.2 32 240   M    M   4        43 260
 5  76  46  61  -5   4   0 0.00  0.0    0 12.4 26 280   M    M   1        36 240
 6  81  46  64  -2   1   0 0.00  0.0    0  8.7 22 270   M    M   0        29 260
 7  81  49  65  -2   0   0 0.00  0.0    0  8.5 21 270   M    M   0        28 220
 8  82  46  64  -3   1   0 0.00  0.0    0 11.1 29 250   M    M   0        36 250
 9  71  46  59  -8   6   0 0.00  0.0    0 13.8 26 270   M    M   0        35 260
10  76  38  57 -11   8   0 0.00  0.0    0  8.5 23 270   M    M   0        30 240
11  81  40  61  -7   4   0 0.00  0.0    0  8.2 21  60   M    M   0        26  80
12  78  52  65  -3   0   0 0.15  0.0    0 11.3 23 140   M    M   3 3      29 140
13  78  49  64  -4   1   0 0.01    M    0  4.1 14 210   M    M   2        19 180
14  81  52  67  -2   0   2    T  0.0    0 11.9 32 270   M    M   2 3      43 270
15  79  53  66  -3   0   1 0.02  0.0    0 11.4 31 240   M    M   6 3      40 240
16  72  43  58 -11   7   0 0.00  0.0    0 13.9 30 290   M    M   1        38 260
17  80  47  64  -6   1   0 0.00  0.0    0  6.1 18 280   M    M   0        24 290
18  88  45  67  -3   0   2 0.00  0.0    0 10.0 22 260   M    M   1        31 190
19  82  50  66  -4   0   1 0.00  0.0    0  9.4 24 270   M    M   0        32 270
20  86  40  63  -7   2   0 0.00  0.0    0  5.2 16 180   M    M   0        22 150
21  82  53  68  -3   0   3 0.00  0.0    0  9.9 39 270   M    M   1 8      47 260
================================================================================
SM 1698  998        35  24  0.19     0.0 193.8          M       24
================================================================================
AV 80.9 47.5                               9.2 FASTST   M    M   1    MAX(MPH)
                                 MISC ---->  # 39 270               # 47  260
================================================================================
NOTES:
# LAST OF SEVERAL OCCURRENCES

COLUMN 17 PEAK WIND IN M.P.H.

PRELIMINARY LOCAL CLIMATOLOGICAL DATA (WS FORM: F-6) , PAGE 2

                                          STATION:  DEMING
                                          MONTH:    MAY
                                          YEAR:     2015
                                          LATITUDE:   32 15 N
                                          LONGITUDE: 107 42 W

[TEMPERATURE DATA]      [PRECIPITATION DATA]       SYMBOLS USED IN COLUMN 16

AVERAGE MONTHLY: 64.2   TOTAL FOR MONTH:   0.19    1 = FOG OR MIST
DPTR FM NORMAL:  -3.7   DPTR FM NORMAL:   -0.18    2 = FOG REDUCING VISIBILITY
HIGHEST:    90 ON  2    GRTST 24HR  0.16 ON 12-13      TO 1/4 MILE OR LESS
LOWEST:     38 ON 10                               3 = THUNDER
                        SNOW, ICE PELLETS, HAIL    4 = ICE PELLETS
                        TOTAL MONTH:   0.0 INCH    5 = HAIL
                        GRTST 24HR     0.0         6 = FREEZING RAIN OR DRIZZLE
                        GRTST DEPTH:   0           7 = DUSTSTORM OR SANDSTORM:
                                                       VSBY 1/2 MILE OR LESS
                                                   8 = SMOKE OR HAZE
[NO. OF DAYS WITH]      [WEATHER - DAYS WITH]      9 = BLOWING SNOW
                                                   X = TORNADO
MAX 32 OR BELOW:   0    0.01 INCH OR MORE:   4
MAX 90 OR ABOVE:   1    0.10 INCH OR MORE:   1
MIN 32 OR BELOW:   0    0.50 INCH OR MORE:   0
MIN  0 OR BELOW:   0    1.00 INCH OR MORE:   0

[HDD (BASE 65) ]
TOTAL THIS MO.    35    CLEAR  (SCALE 0-3)  18
DPTR FM NORMAL    14    PTCLDY (SCALE 4-7)   3
TOTAL FM JUL 1  2742    CLOUDY (SCALE 8-10)  0
DPTR FM NORMAL  -425

[CDD (BASE 65) ]
TOTAL THIS MO.    24
DPTR FM NORMAL   -56    [PRESSURE DATA]
TOTAL FM JAN 1    28    HIGHEST SLP M ON M
DPTR FM NORMAL   -70    LOWEST  SLP 29.53 ON  8

[REMARKS]
